{"id":3322,"date":"2020-11-06T11:53:35","date_gmt":"2020-11-06T10:53:35","guid":{"rendered":"https:\/\/dev.retina.ch\/?post_type=agenda&#038;p=3322"},"modified":"2021-04-21T15:14:37","modified_gmt":"2021-04-21T13:14:37","slug":"42e-assemblee-generale-de-retina-suisse","status":"publish","type":"agenda","link":"https:\/\/retina.ch\/fr\/agenda\/42e-assemblee-generale-de-retina-suisse\/","title":{"rendered":"42\u00e8me assembl\u00e9e g\u00e9n\u00e9rale de Retina Suisse"},"content":{"rendered":"\n<h2 class=\"wp-block-heading\">Programme :<\/h2>\n\n\n\n<p>Traduction simultan\u00e9e A\/F et F\/A<\/p>\n\n\n\n<p><strong>13.30 heures : Assembl\u00e9e g\u00e9n\u00e9rale, affaires statutaires<\/strong><\/p>\n\n\n\n<p><strong>14.30 heures : <strong>Bien voir et n\u00e9anmoins bien manger<\/strong><\/strong> &#8211; Dr. Denise Zysset, Inselspital Berne <a href=\"https:\/\/retina.ch\/agenda\/gut-sehen-und-trotzdem-fein-essen\/\" target=\"_blank\" rel=\"noreferrer noopener\">(enregistrement)<\/a><br>Quelle influence la flore intestinale a-t-elle sur notre sant\u00e9, et plus sp\u00e9cialement sur nos yeux&nbsp;? Pouvons-nous influencer positivement notre flore intestinale et pr\u00e9venir ce faisant des maladies de la r\u00e9tine ou la d\u00e9gradation de notre vue&nbsp;?<\/p>\n\n\n\n<p><strong>15.00 heures : <strong>Questions en lien avec l\u2018expos\u00e9<\/strong><\/strong><\/p>\n\n\n\n<p><strong>15.15 heures : <strong>Lumi\u00e8re et ombres dans la discussion sur les LED<\/strong><\/strong> &#8211; Fritz Buser, opticien en basse vision et planificateur d\u2019\u00e9clairage <a href=\"https:\/\/retina.ch\/agenda\/licht-und-schatten-in-der-diskussion-ueber-led\/\" target=\"_blank\" rel=\"noreferrer noopener\">(enregistrement)<\/a><br>Les lampes LED ont la r\u00e9putation d\u2019\u00eatre nocives pour les yeux. Cela est-il av\u00e9r\u00e9 et quels avantages les lampes LED pr\u00e9sentent-elles pour les personnes souffrant de d\u00e9g\u00e9n\u00e9rescences de la r\u00e9tine ?<\/p>\n\n\n\n<p><strong>15.45 heures : <strong>Questions en lien avec l\u2018expos\u00e9<\/strong><\/strong><\/p>\n\n\n\n<p><strong>16.00 heures <\/strong>:&nbsp;<strong>Allocution finale<\/strong> &#8211; Susanne Trudel, pr\u00e9sidente de Retina Suisse<\/p>\n\n\n\n<h2 class=\"wp-block-heading\">Documentation pour l&rsquo;AG :<\/h2>\n\n\n\n<ul class=\"wp-block-list\"><li><strong><a href=\"https:\/\/retina.ch\/wp-content\/uploads\/2021\/04\/bericht-abstimmungsresultate-gv-2021-f.pdf\" target=\"_blank\" rel=\"noreferrer noopener\">Rapport sur les r\u00e9sultats des votes de la 42<sup>\u00e8me<\/sup> AG 2021<\/a><\/strong><\/li><\/ul>\n\n\n\n<ul class=\"wp-block-list\"><li><a href=\"https:\/\/retina.ch\/wp-content\/uploads\/2021\/03\/210641-retina-rapp-ann-fra-rev00.pdf\" target=\"_blank\" rel=\"noreferrer noopener\">Rapport annuel 2020<\/a><\/li><li><a rel=\"noreferrer noopener\" href=\"https:\/\/retina.ch\/wp-content\/uploads\/2021\/03\/2-gv-programm-2021-f.pdf\" target=\"_blank\">Programme et propositions du comit\u00e9 \u00e0 l\u2019assembl\u00e9e g\u00e9n\u00e9rale 2021<\/a><\/li><li><a rel=\"noreferrer noopener\" href=\"https:\/\/retina.ch\/wp-content\/uploads\/2021\/03\/3-bericht-abstimmung-gv-2020-f.pdf\" target=\"_blank\">Rapport sur les r\u00e9sultats des votes de la 41\u00e8me AG 2020<\/a><\/li><li><a rel=\"noreferrer noopener\" href=\"https:\/\/retina.ch\/wp-content\/uploads\/2021\/03\/quest-ce-quun-webinaire.pdf\" target=\"_blank\">Qu\u2019est-ce qu\u2019un webinaire?<\/a><\/li><li><a rel=\"noreferrer noopener\" href=\"https:\/\/support.zoom.us\/hc\/de\/articles\/205683899-Hot-Keys-and-Keyboard-for-Zoom\" target=\"_blank\">Touches de raccourci et raccourcis clavier (Zoom)<\/a><\/li><\/ul>\n","protected":false},"excerpt":{"rendered":"<p>Nous nous r\u00e9jouissons de votre participation \u00e0 notre AG virtuelle 2021.<\/p>\n","protected":false},"featured_media":0,"template":"","meta":{"_acf_changed":false,"inline_featured_image":false,"_FSMCFIC_featured_image_caption":"","_FSMCFIC_featured_image_nocaption":"","_FSMCFIC_featured_image_hide":"","footnotes":"","_links_to":"","_links_to_target":""},"categories":[],"class_list":["post-3322","agenda","type-agenda","status-publish","hentry"],"acf":[],"yoast_head":"<!-- This site is optimized with the Yoast SEO plugin v27.1.1 - https:\/\/yoast.com\/product\/yoast-seo-wordpress\/ -->\n<title>42\u00e8me assembl\u00e9e g\u00e9n\u00e9rale de Retina Suisse &#8226; Retina Suisse<\/title>\n<meta name=\"robots\" content=\"index, follow, max-snippet:-1, max-image-preview:large, max-video-preview:-1\" \/>\n<link rel=\"canonical\" href=\"https:\/\/retina.ch\/fr\/agenda\/42e-assemblee-generale-de-retina-suisse\/\" \/>\n<meta property=\"og:locale\" content=\"fr_FR\" \/>\n<meta property=\"og:type\" content=\"article\" \/>\n<meta property=\"og:title\" content=\"42\u00e8me assembl\u00e9e g\u00e9n\u00e9rale de Retina Suisse &#8226; Retina Suisse\" \/>\n<meta property=\"og:description\" content=\"Nous nous r\u00e9jouissons de votre participation \u00e0 notre AG virtuelle 2021.\" \/>\n<meta property=\"og:url\" content=\"https:\/\/retina.ch\/fr\/agenda\/42e-assemblee-generale-de-retina-suisse\/\" \/>\n<meta property=\"og:site_name\" content=\"Retina Suisse\" \/>\n<meta property=\"article:publisher\" content=\"https:\/\/www.facebook.com\/retinasuisse\/\" \/>\n<meta property=\"article:modified_time\" content=\"2021-04-21T13:14:37+00:00\" \/>\n<meta name=\"twitter:card\" content=\"summary_large_image\" \/>\n<meta name=\"twitter:label1\" content=\"Dur\u00e9e de lecture estim\u00e9e\" \/>\n\t<meta name=\"twitter:data1\" content=\"1 minute\" \/>\n<script type=\"application\/ld+json\" class=\"yoast-schema-graph\">{\"@context\":\"https:\/\/schema.org\",\"@graph\":[{\"@type\":\"WebPage\",\"@id\":\"https:\/\/retina.ch\/fr\/agenda\/42e-assemblee-generale-de-retina-suisse\/\",\"url\":\"https:\/\/retina.ch\/fr\/agenda\/42e-assemblee-generale-de-retina-suisse\/\",\"name\":\"42\u00e8me assembl\u00e9e g\u00e9n\u00e9rale de Retina Suisse &#8226; Retina Suisse\",\"isPartOf\":{\"@id\":\"https:\/\/retina.ch\/fr\/#website\"},\"datePublished\":\"2020-11-06T10:53:35+00:00\",\"dateModified\":\"2021-04-21T13:14:37+00:00\",\"breadcrumb\":{\"@id\":\"https:\/\/retina.ch\/fr\/agenda\/42e-assemblee-generale-de-retina-suisse\/#breadcrumb\"},\"inLanguage\":\"fr-FR\",\"potentialAction\":[{\"@type\":\"ReadAction\",\"target\":[\"https:\/\/retina.ch\/fr\/agenda\/42e-assemblee-generale-de-retina-suisse\/\"]}]},{\"@type\":\"BreadcrumbList\",\"@id\":\"https:\/\/retina.ch\/fr\/agenda\/42e-assemblee-generale-de-retina-suisse\/#breadcrumb\",\"itemListElement\":[{\"@type\":\"ListItem\",\"position\":1,\"name\":\"Retina Suisse\",\"item\":\"https:\/\/retina.ch\/fr\/\"},{\"@type\":\"ListItem\",\"position\":2,\"name\":\"42\u00e8me assembl\u00e9e g\u00e9n\u00e9rale de Retina Suisse\"}]},{\"@type\":\"WebSite\",\"@id\":\"https:\/\/retina.ch\/fr\/#website\",\"url\":\"https:\/\/retina.ch\/fr\/\",\"name\":\"Retina Suisse\",\"description\":\"Retina Suisse ist die Vereinigung von Patientinnen und Patienten mit Retinitis pigmentosa (RP), Makuladegeneration, Usher-Syndrom und anderen Erkrankungen des Augenhintergrundes.\",\"publisher\":{\"@id\":\"https:\/\/retina.ch\/fr\/#organization\"},\"potentialAction\":[{\"@type\":\"SearchAction\",\"target\":{\"@type\":\"EntryPoint\",\"urlTemplate\":\"https:\/\/retina.ch\/fr\/?s={search_term_string}\"},\"query-input\":{\"@type\":\"PropertyValueSpecification\",\"valueRequired\":true,\"valueName\":\"search_term_string\"}}],\"inLanguage\":\"fr-FR\"},{\"@type\":\"Organization\",\"@id\":\"https:\/\/retina.ch\/fr\/#organization\",\"name\":\"Retina Suisse\",\"url\":\"https:\/\/retina.ch\/fr\/\",\"logo\":{\"@type\":\"ImageObject\",\"inLanguage\":\"fr-FR\",\"@id\":\"https:\/\/retina.ch\/fr\/#\/schema\/logo\/image\/\",\"url\":\"https:\/\/retina.ch\/wp-content\/uploads\/2020\/09\/retina-auge-typo.svg\",\"contentUrl\":\"https:\/\/retina.ch\/wp-content\/uploads\/2020\/09\/retina-auge-typo.svg\",\"width\":\"1024\",\"height\":\"1024\",\"caption\":\"Retina Suisse\"},\"image\":{\"@id\":\"https:\/\/retina.ch\/fr\/#\/schema\/logo\/image\/\"},\"sameAs\":[\"https:\/\/www.facebook.com\/retinasuisse\/\"]}]}<\/script>\n<!-- \/ Yoast SEO plugin. -->","yoast_head_json":{"title":"42\u00e8me assembl\u00e9e g\u00e9n\u00e9rale de Retina Suisse &#8226; Retina Suisse","robots":{"index":"index","follow":"follow","max-snippet":"max-snippet:-1","max-image-preview":"max-image-preview:large","max-video-preview":"max-video-preview:-1"},"canonical":"https:\/\/retina.ch\/fr\/agenda\/42e-assemblee-generale-de-retina-suisse\/","og_locale":"fr_FR","og_type":"article","og_title":"42\u00e8me assembl\u00e9e g\u00e9n\u00e9rale de Retina Suisse &#8226; Retina Suisse","og_description":"Nous nous r\u00e9jouissons de votre participation \u00e0 notre AG virtuelle 2021.","og_url":"https:\/\/retina.ch\/fr\/agenda\/42e-assemblee-generale-de-retina-suisse\/","og_site_name":"Retina Suisse","article_publisher":"https:\/\/www.facebook.com\/retinasuisse\/","article_modified_time":"2021-04-21T13:14:37+00:00","twitter_card":"summary_large_image","twitter_misc":{"Dur\u00e9e de lecture estim\u00e9e":"1 minute"},"schema":{"@context":"https:\/\/schema.org","@graph":[{"@type":"WebPage","@id":"https:\/\/retina.ch\/fr\/agenda\/42e-assemblee-generale-de-retina-suisse\/","url":"https:\/\/retina.ch\/fr\/agenda\/42e-assemblee-generale-de-retina-suisse\/","name":"42\u00e8me assembl\u00e9e g\u00e9n\u00e9rale de Retina Suisse &#8226; Retina Suisse","isPartOf":{"@id":"https:\/\/retina.ch\/fr\/#website"},"datePublished":"2020-11-06T10:53:35+00:00","dateModified":"2021-04-21T13:14:37+00:00","breadcrumb":{"@id":"https:\/\/retina.ch\/fr\/agenda\/42e-assemblee-generale-de-retina-suisse\/#breadcrumb"},"inLanguage":"fr-FR","potentialAction":[{"@type":"ReadAction","target":["https:\/\/retina.ch\/fr\/agenda\/42e-assemblee-generale-de-retina-suisse\/"]}]},{"@type":"BreadcrumbList","@id":"https:\/\/retina.ch\/fr\/agenda\/42e-assemblee-generale-de-retina-suisse\/#breadcrumb","itemListElement":[{"@type":"ListItem","position":1,"name":"Retina Suisse","item":"https:\/\/retina.ch\/fr\/"},{"@type":"ListItem","position":2,"name":"42\u00e8me assembl\u00e9e g\u00e9n\u00e9rale de Retina Suisse"}]},{"@type":"WebSite","@id":"https:\/\/retina.ch\/fr\/#website","url":"https:\/\/retina.ch\/fr\/","name":"Retina Suisse","description":"Retina Suisse ist die Vereinigung von Patientinnen und Patienten mit Retinitis pigmentosa (RP), Makuladegeneration, Usher-Syndrom und anderen Erkrankungen des Augenhintergrundes.","publisher":{"@id":"https:\/\/retina.ch\/fr\/#organization"},"potentialAction":[{"@type":"SearchAction","target":{"@type":"EntryPoint","urlTemplate":"https:\/\/retina.ch\/fr\/?s={search_term_string}"},"query-input":{"@type":"PropertyValueSpecification","valueRequired":true,"valueName":"search_term_string"}}],"inLanguage":"fr-FR"},{"@type":"Organization","@id":"https:\/\/retina.ch\/fr\/#organization","name":"Retina Suisse","url":"https:\/\/retina.ch\/fr\/","logo":{"@type":"ImageObject","inLanguage":"fr-FR","@id":"https:\/\/retina.ch\/fr\/#\/schema\/logo\/image\/","url":"https:\/\/retina.ch\/wp-content\/uploads\/2020\/09\/retina-auge-typo.svg","contentUrl":"https:\/\/retina.ch\/wp-content\/uploads\/2020\/09\/retina-auge-typo.svg","width":"1024","height":"1024","caption":"Retina Suisse"},"image":{"@id":"https:\/\/retina.ch\/fr\/#\/schema\/logo\/image\/"},"sameAs":["https:\/\/www.facebook.com\/retinasuisse\/"]}]}},"_links":{"self":[{"href":"https:\/\/retina.ch\/fr\/wp-json\/wp\/v2\/agenda\/3322","targetHints":{"allow":["GET"]}}],"collection":[{"href":"https:\/\/retina.ch\/fr\/wp-json\/wp\/v2\/agenda"}],"about":[{"href":"https:\/\/retina.ch\/fr\/wp-json\/wp\/v2\/types\/agenda"}],"version-history":[{"count":18,"href":"https:\/\/retina.ch\/fr\/wp-json\/wp\/v2\/agenda\/3322\/revisions"}],"predecessor-version":[{"id":6314,"href":"https:\/\/retina.ch\/fr\/wp-json\/wp\/v2\/agenda\/3322\/revisions\/6314"}],"wp:attachment":[{"href":"https:\/\/retina.ch\/fr\/wp-json\/wp\/v2\/media?parent=3322"}],"wp:term":[{"taxonomy":"category","embeddable":true,"href":"https:\/\/retina.ch\/fr\/wp-json\/wp\/v2\/categories?post=3322"}],"curies":[{"name":"wp","href":"https:\/\/api.w.org\/{rel}","templated":true}]}}

42ème assemblée générale de Retina Suisse

<h2 class="wp-block-heading">Programme :</h2>



<p>Traduction simultanée A/F et F/A</p>



<p><strong>13.30 heures : Assemblée générale, affaires statutaires</strong></p>



<p><strong>14.30 heures : <strong>Bien voir et néanmoins bien manger</strong></strong> &#8211; Dr. Denise Zysset, Inselspital Berne <a href="https://retina.ch/agenda/gut-sehen-und-trotzdem-fein-essen/" target="_blank" rel="noreferrer noopener">(enregistrement)</a><br>Quelle influence la flore intestinale a-t-elle sur notre santé, et plus spécialement sur nos yeux&nbsp;? Pouvons-nous influencer positivement notre flore intestinale et prévenir ce faisant des maladies de la rétine ou la dégradation de notre vue&nbsp;?</p>



<p><strong>15.00 heures : <strong>Questions en lien avec l‘exposé</strong></strong></p>



<p><strong>15.15 heures : <strong>Lumière et ombres dans la discussion sur les LED</strong></strong> &#8211; Fritz Buser, opticien en basse vision et planificateur d’éclairage <a href="https://retina.ch/agenda/licht-und-schatten-in-der-diskussion-ueber-led/" target="_blank" rel="noreferrer noopener">(enregistrement)</a><br>Les lampes LED ont la réputation d’être nocives pour les yeux. Cela est-il avéré et quels avantages les lampes LED présentent-elles pour les personnes souffrant de dégénérescences de la rétine ?</p>



<p><strong>15.45 heures : <strong>Questions en lien avec l‘exposé</strong></strong></p>



<p><strong>16.00 heures </strong>:&nbsp;<strong>Allocution finale</strong> &#8211; Susanne Trudel, présidente de Retina Suisse</p>



<h2 class="wp-block-heading">Documentation pour l&rsquo;AG :</h2>



<ul class="wp-block-list"><li><strong><a href="https://retina.ch/wp-content/uploads/2021/04/bericht-abstimmungsresultate-gv-2021-f.pdf" target="_blank" rel="noreferrer noopener">Rapport sur les résultats des votes de la 42<sup>ème</sup> AG 2021</a></strong></li></ul>



<ul class="wp-block-list"><li><a href="https://retina.ch/wp-content/uploads/2021/03/210641-retina-rapp-ann-fra-rev00.pdf" target="_blank" rel="noreferrer noopener">Rapport annuel 2020</a></li><li><a rel="noreferrer noopener" href="https://retina.ch/wp-content/uploads/2021/03/2-gv-programm-2021-f.pdf" target="_blank">Programme et propositions du comité à l’assemblée générale 2021</a></li><li><a rel="noreferrer noopener" href="https://retina.ch/wp-content/uploads/2021/03/3-bericht-abstimmung-gv-2020-f.pdf" target="_blank">Rapport sur les résultats des votes de la 41ème AG 2020</a></li><li><a rel="noreferrer noopener" href="https://retina.ch/wp-content/uploads/2021/03/quest-ce-quun-webinaire.pdf" target="_blank">Qu’est-ce qu’un webinaire?</a></li><li><a rel="noreferrer noopener" href="https://support.zoom.us/hc/de/articles/205683899-Hot-Keys-and-Keyboard-for-Zoom" target="_blank">Touches de raccourci et raccourcis clavier (Zoom)</a></li></ul>

<p>Nous nous réjouissons de votre participation à notre AG virtuelle 2021.</p>

<!-- This site is optimized with the Yoast SEO plugin v27.1.1 - https://yoast.com/product/yoast-seo-wordpress/ -->
<title>42ème assemblée générale de Retina Suisse &#8226; Retina Suisse</title>
<meta name="robots" content="index, follow, max-snippet:-1, max-image-preview:large, max-video-preview:-1" />
<link rel="canonical" href="https://retina.ch/fr/agenda/42e-assemblee-generale-de-retina-suisse/" />
<meta property="og:locale" content="fr_FR" />
<meta property="og:type" content="article" />
<meta property="og:title" content="42ème assemblée générale de Retina Suisse &#8226; Retina Suisse" />
<meta property="og:description" content="Nous nous réjouissons de votre participation à notre AG virtuelle 2021." />
<meta property="og:url" content="https://retina.ch/fr/agenda/42e-assemblee-generale-de-retina-suisse/" />
<meta property="og:site_name" content="Retina Suisse" />
<meta property="article:publisher" content="https://www.facebook.com/retinasuisse/" />
<meta property="article:modified_time" content="2021-04-21T13:14:37+00:00" />
<meta name="twitter:card" content="summary_large_image" />
<meta name="twitter:label1" content="Durée de lecture estimée" />
	<meta name="twitter:data1" content="1 minute" />
<script type="application/ld+json" class="yoast-schema-graph">{"@context":"https://schema.org","@graph":[{"@type":"WebPage","@id":"https://retina.ch/fr/agenda/42e-assemblee-generale-de-retina-suisse/","url":"https://retina.ch/fr/agenda/42e-assemblee-generale-de-retina-suisse/","name":"42ème assemblée générale de Retina Suisse &#8226; Retina Suisse","isPartOf":{"@id":"https://retina.ch/fr/#website"},"datePublished":"2020-11-06T10:53:35+00:00","dateModified":"2021-04-21T13:14:37+00:00","breadcrumb":{"@id":"https://retina.ch/fr/agenda/42e-assemblee-generale-de-retina-suisse/#breadcrumb"},"inLanguage":"fr-FR","potentialAction":[{"@type":"ReadAction","target":["https://retina.ch/fr/agenda/42e-assemblee-generale-de-retina-suisse/"]}]},{"@type":"BreadcrumbList","@id":"https://retina.ch/fr/agenda/42e-assemblee-generale-de-retina-suisse/#breadcrumb","itemListElement":[{"@type":"ListItem","position":1,"name":"Retina Suisse","item":"https://retina.ch/fr/"},{"@type":"ListItem","position":2,"name":"42ème assemblée générale de Retina Suisse"}]},{"@type":"WebSite","@id":"https://retina.ch/fr/#website","url":"https://retina.ch/fr/","name":"Retina Suisse","description":"Retina Suisse ist die Vereinigung von Patientinnen und Patienten mit Retinitis pigmentosa (RP), Makuladegeneration, Usher-Syndrom und anderen Erkrankungen des Augenhintergrundes.","publisher":{"@id":"https://retina.ch/fr/#organization"},"potentialAction":[{"@type":"SearchAction","target":{"@type":"EntryPoint","urlTemplate":"https://retina.ch/fr/?s={search_term_string}"},"query-input":{"@type":"PropertyValueSpecification","valueRequired":true,"valueName":"search_term_string"}}],"inLanguage":"fr-FR"},{"@type":"Organization","@id":"https://retina.ch/fr/#organization","name":"Retina Suisse","url":"https://retina.ch/fr/","logo":{"@type":"ImageObject","inLanguage":"fr-FR","@id":"https://retina.ch/fr/#/schema/logo/image/","url":"https://retina.ch/wp-content/uploads/2020/09/retina-auge-typo.svg","contentUrl":"https://retina.ch/wp-content/uploads/2020/09/retina-auge-typo.svg","width":"1024","height":"1024","caption":"Retina Suisse"},"image":{"@id":"https://retina.ch/fr/#/schema/logo/image/"},"sameAs":["https://www.facebook.com/retinasuisse/"]}]}</script>
<!-- / Yoast SEO plugin. -->

42ème assemblée générale de Retina Suisse &#8226; Retina Suisse

Nous nous réjouissons de votre participation à notre AG virtuelle 2021.
