{"id":18372,"date":"2024-08-01T11:29:40","date_gmt":"2024-08-01T09:29:40","guid":{"rendered":"https:\/\/retina.ch\/?post_type=aktuelles&#038;p=18372"},"modified":"2024-08-01T12:10:36","modified_gmt":"2024-08-01T10:10:36","slug":"vacances-dete","status":"publish","type":"aktuelles","link":"https:\/\/retina.ch\/fr\/actualites\/vacances-dete\/","title":{"rendered":"Pause estivale du 1er au 16 ao\u00fbt"},"content":{"rendered":"\n<p>Nous nous accordons une petite pause du 1er au 16 ao\u00fbt et ne sommes joignables que de mani\u00e8re limit\u00e9e pendant cette p\u00e9riode. Ne vous inqui\u00e9tez pas, vous pouvez toujours nous laisser un message sur le r\u00e9pondeur au 044 444 10 77 ou nous envoyer un e-mail \u00e0 info@retina.ch. Nous vous r\u00e9pondrons dans les plus brefs d\u00e9lais !<\/p>\n\n\n\n<p>Nous vous remercions de votre compr\u00e9hension et vous souhaitons une bonne p\u00e9riode estivale !<\/p>\n\n\n\n<p>Votre \u00e9quipe Retina Suisse<\/p>\n","protected":false},"excerpt":{"rendered":"<p>Nous nous accordons une petite pause du 1er au 16 ao\u00fbt et ne sommes joignables que de mani\u00e8re limit\u00e9e pendant cette p\u00e9riode. Ne vous inqui\u00e9tez pas, vous pouvez toujours nous laisser un message sur le r\u00e9pondeur au 044 444 10 77 ou nous envoyer un e-mail \u00e0 info@retina.ch. Nous vous r\u00e9pondrons dans les plus brefs &#8230;<\/p>\n","protected":false},"featured_media":18396,"template":"","meta":{"_acf_changed":false,"inline_featured_image":false,"_FSMCFIC_featured_image_caption":"","_FSMCFIC_featured_image_nocaption":"","_FSMCFIC_featured_image_hide":"","footnotes":"","_links_to":"","_links_to_target":""},"categories":[],"class_list":["post-18372","aktuelles","type-aktuelles","status-publish","has-post-thumbnail","hentry"],"acf":[],"yoast_head":"<!-- This site is optimized with the Yoast SEO plugin v27.1.1 - https:\/\/yoast.com\/product\/yoast-seo-wordpress\/ -->\n<title>Pause estivale du 1er au 16 ao\u00fbt &#8226; Retina Suisse<\/title>\n<meta name=\"robots\" content=\"index, follow, max-snippet:-1, max-image-preview:large, max-video-preview:-1\" \/>\n<link rel=\"canonical\" href=\"https:\/\/retina.ch\/fr\/actualites\/vacances-dete\/\" \/>\n<meta property=\"og:locale\" content=\"fr_FR\" \/>\n<meta property=\"og:type\" content=\"article\" \/>\n<meta property=\"og:title\" content=\"Pause estivale du 1er au 16 ao\u00fbt &#8226; Retina Suisse\" \/>\n<meta property=\"og:description\" content=\"Nous nous accordons une petite pause du 1er au 16 ao\u00fbt et ne sommes joignables que de mani\u00e8re limit\u00e9e pendant cette p\u00e9riode. Ne vous inqui\u00e9tez pas, vous pouvez toujours nous laisser un message sur le r\u00e9pondeur au 044 444 10 77 ou nous envoyer un e-mail \u00e0 info@retina.ch. Nous vous r\u00e9pondrons dans les plus brefs ...\" \/>\n<meta property=\"og:url\" content=\"https:\/\/retina.ch\/fr\/actualites\/vacances-dete\/\" \/>\n<meta property=\"og:site_name\" content=\"Retina Suisse\" \/>\n<meta property=\"article:publisher\" content=\"https:\/\/www.facebook.com\/retinasuisse\/\" \/>\n<meta property=\"article:modified_time\" content=\"2024-08-01T10:10:36+00:00\" \/>\n<meta property=\"og:image\" content=\"https:\/\/retina.ch\/wp-content\/uploads\/2024\/08\/pexels-kindelmedia-8093193-scaled.jpg\" \/>\n\t<meta property=\"og:image:width\" content=\"2560\" \/>\n\t<meta property=\"og:image:height\" content=\"1920\" \/>\n\t<meta property=\"og:image:type\" content=\"image\/jpeg\" \/>\n<meta name=\"twitter:card\" content=\"summary_large_image\" \/>\n<meta name=\"twitter:label1\" content=\"Dur\u00e9e de lecture estim\u00e9e\" \/>\n\t<meta name=\"twitter:data1\" content=\"1 minute\" \/>\n<script type=\"application\/ld+json\" class=\"yoast-schema-graph\">{\"@context\":\"https:\/\/schema.org\",\"@graph\":[{\"@type\":\"WebPage\",\"@id\":\"https:\/\/retina.ch\/fr\/actualites\/vacances-dete\/\",\"url\":\"https:\/\/retina.ch\/fr\/actualites\/vacances-dete\/\",\"name\":\"Pause estivale du 1er au 16 ao\u00fbt &#8226; Retina Suisse\",\"isPartOf\":{\"@id\":\"https:\/\/retina.ch\/fr\/#website\"},\"primaryImageOfPage\":{\"@id\":\"https:\/\/retina.ch\/fr\/actualites\/vacances-dete\/#primaryimage\"},\"image\":{\"@id\":\"https:\/\/retina.ch\/fr\/actualites\/vacances-dete\/#primaryimage\"},\"thumbnailUrl\":\"https:\/\/retina.ch\/wp-content\/uploads\/2024\/08\/pexels-kindelmedia-8093193-scaled.jpg\",\"datePublished\":\"2024-08-01T09:29:40+00:00\",\"dateModified\":\"2024-08-01T10:10:36+00:00\",\"breadcrumb\":{\"@id\":\"https:\/\/retina.ch\/fr\/actualites\/vacances-dete\/#breadcrumb\"},\"inLanguage\":\"fr-FR\",\"potentialAction\":[{\"@type\":\"ReadAction\",\"target\":[\"https:\/\/retina.ch\/fr\/actualites\/vacances-dete\/\"]}]},{\"@type\":\"ImageObject\",\"inLanguage\":\"fr-FR\",\"@id\":\"https:\/\/retina.ch\/fr\/actualites\/vacances-dete\/#primaryimage\",\"url\":\"https:\/\/retina.ch\/wp-content\/uploads\/2024\/08\/pexels-kindelmedia-8093193-scaled.jpg\",\"contentUrl\":\"https:\/\/retina.ch\/wp-content\/uploads\/2024\/08\/pexels-kindelmedia-8093193-scaled.jpg\",\"width\":2560,\"height\":1920,\"caption\":\"Sonnenhut und Sonnenbrille\"},{\"@type\":\"BreadcrumbList\",\"@id\":\"https:\/\/retina.ch\/fr\/actualites\/vacances-dete\/#breadcrumb\",\"itemListElement\":[{\"@type\":\"ListItem\",\"position\":1,\"name\":\"Retina Suisse\",\"item\":\"https:\/\/retina.ch\/fr\/\"},{\"@type\":\"ListItem\",\"position\":2,\"name\":\"Actualit\u00e9s\",\"item\":\"https:\/\/retina.ch\/fr\/actualites\/\"},{\"@type\":\"ListItem\",\"position\":3,\"name\":\"Pause estivale du 1er au 16 ao\u00fbt\"}]},{\"@type\":\"WebSite\",\"@id\":\"https:\/\/retina.ch\/fr\/#website\",\"url\":\"https:\/\/retina.ch\/fr\/\",\"name\":\"Retina Suisse\",\"description\":\"Retina Suisse ist die Vereinigung von Patientinnen und Patienten mit Retinitis pigmentosa (RP), Makuladegeneration, Usher-Syndrom und anderen Erkrankungen des Augenhintergrundes.\",\"publisher\":{\"@id\":\"https:\/\/retina.ch\/fr\/#organization\"},\"potentialAction\":[{\"@type\":\"SearchAction\",\"target\":{\"@type\":\"EntryPoint\",\"urlTemplate\":\"https:\/\/retina.ch\/fr\/?s={search_term_string}\"},\"query-input\":{\"@type\":\"PropertyValueSpecification\",\"valueRequired\":true,\"valueName\":\"search_term_string\"}}],\"inLanguage\":\"fr-FR\"},{\"@type\":\"Organization\",\"@id\":\"https:\/\/retina.ch\/fr\/#organization\",\"name\":\"Retina Suisse\",\"url\":\"https:\/\/retina.ch\/fr\/\",\"logo\":{\"@type\":\"ImageObject\",\"inLanguage\":\"fr-FR\",\"@id\":\"https:\/\/retina.ch\/fr\/#\/schema\/logo\/image\/\",\"url\":\"https:\/\/retina.ch\/wp-content\/uploads\/2020\/09\/retina-auge-typo.svg\",\"contentUrl\":\"https:\/\/retina.ch\/wp-content\/uploads\/2020\/09\/retina-auge-typo.svg\",\"width\":\"1024\",\"height\":\"1024\",\"caption\":\"Retina Suisse\"},\"image\":{\"@id\":\"https:\/\/retina.ch\/fr\/#\/schema\/logo\/image\/\"},\"sameAs\":[\"https:\/\/www.facebook.com\/retinasuisse\/\"]}]}<\/script>\n<!-- \/ Yoast SEO plugin. -->","yoast_head_json":{"title":"Pause estivale du 1er au 16 ao\u00fbt &#8226; Retina Suisse","robots":{"index":"index","follow":"follow","max-snippet":"max-snippet:-1","max-image-preview":"max-image-preview:large","max-video-preview":"max-video-preview:-1"},"canonical":"https:\/\/retina.ch\/fr\/actualites\/vacances-dete\/","og_locale":"fr_FR","og_type":"article","og_title":"Pause estivale du 1er au 16 ao\u00fbt &#8226; Retina Suisse","og_description":"Nous nous accordons une petite pause du 1er au 16 ao\u00fbt et ne sommes joignables que de mani\u00e8re limit\u00e9e pendant cette p\u00e9riode. Ne vous inqui\u00e9tez pas, vous pouvez toujours nous laisser un message sur le r\u00e9pondeur au 044 444 10 77 ou nous envoyer un e-mail \u00e0 info@retina.ch. Nous vous r\u00e9pondrons dans les plus brefs ...","og_url":"https:\/\/retina.ch\/fr\/actualites\/vacances-dete\/","og_site_name":"Retina Suisse","article_publisher":"https:\/\/www.facebook.com\/retinasuisse\/","article_modified_time":"2024-08-01T10:10:36+00:00","og_image":[{"width":2560,"height":1920,"url":"https:\/\/retina.ch\/wp-content\/uploads\/2024\/08\/pexels-kindelmedia-8093193-scaled.jpg","type":"image\/jpeg"}],"twitter_card":"summary_large_image","twitter_misc":{"Dur\u00e9e de lecture estim\u00e9e":"1 minute"},"schema":{"@context":"https:\/\/schema.org","@graph":[{"@type":"WebPage","@id":"https:\/\/retina.ch\/fr\/actualites\/vacances-dete\/","url":"https:\/\/retina.ch\/fr\/actualites\/vacances-dete\/","name":"Pause estivale du 1er au 16 ao\u00fbt &#8226; Retina Suisse","isPartOf":{"@id":"https:\/\/retina.ch\/fr\/#website"},"primaryImageOfPage":{"@id":"https:\/\/retina.ch\/fr\/actualites\/vacances-dete\/#primaryimage"},"image":{"@id":"https:\/\/retina.ch\/fr\/actualites\/vacances-dete\/#primaryimage"},"thumbnailUrl":"https:\/\/retina.ch\/wp-content\/uploads\/2024\/08\/pexels-kindelmedia-8093193-scaled.jpg","datePublished":"2024-08-01T09:29:40+00:00","dateModified":"2024-08-01T10:10:36+00:00","breadcrumb":{"@id":"https:\/\/retina.ch\/fr\/actualites\/vacances-dete\/#breadcrumb"},"inLanguage":"fr-FR","potentialAction":[{"@type":"ReadAction","target":["https:\/\/retina.ch\/fr\/actualites\/vacances-dete\/"]}]},{"@type":"ImageObject","inLanguage":"fr-FR","@id":"https:\/\/retina.ch\/fr\/actualites\/vacances-dete\/#primaryimage","url":"https:\/\/retina.ch\/wp-content\/uploads\/2024\/08\/pexels-kindelmedia-8093193-scaled.jpg","contentUrl":"https:\/\/retina.ch\/wp-content\/uploads\/2024\/08\/pexels-kindelmedia-8093193-scaled.jpg","width":2560,"height":1920,"caption":"Sonnenhut und Sonnenbrille"},{"@type":"BreadcrumbList","@id":"https:\/\/retina.ch\/fr\/actualites\/vacances-dete\/#breadcrumb","itemListElement":[{"@type":"ListItem","position":1,"name":"Retina Suisse","item":"https:\/\/retina.ch\/fr\/"},{"@type":"ListItem","position":2,"name":"Actualit\u00e9s","item":"https:\/\/retina.ch\/fr\/actualites\/"},{"@type":"ListItem","position":3,"name":"Pause estivale du 1er au 16 ao\u00fbt"}]},{"@type":"WebSite","@id":"https:\/\/retina.ch\/fr\/#website","url":"https:\/\/retina.ch\/fr\/","name":"Retina Suisse","description":"Retina Suisse ist die Vereinigung von Patientinnen und Patienten mit Retinitis pigmentosa (RP), Makuladegeneration, Usher-Syndrom und anderen Erkrankungen des Augenhintergrundes.","publisher":{"@id":"https:\/\/retina.ch\/fr\/#organization"},"potentialAction":[{"@type":"SearchAction","target":{"@type":"EntryPoint","urlTemplate":"https:\/\/retina.ch\/fr\/?s={search_term_string}"},"query-input":{"@type":"PropertyValueSpecification","valueRequired":true,"valueName":"search_term_string"}}],"inLanguage":"fr-FR"},{"@type":"Organization","@id":"https:\/\/retina.ch\/fr\/#organization","name":"Retina Suisse","url":"https:\/\/retina.ch\/fr\/","logo":{"@type":"ImageObject","inLanguage":"fr-FR","@id":"https:\/\/retina.ch\/fr\/#\/schema\/logo\/image\/","url":"https:\/\/retina.ch\/wp-content\/uploads\/2020\/09\/retina-auge-typo.svg","contentUrl":"https:\/\/retina.ch\/wp-content\/uploads\/2020\/09\/retina-auge-typo.svg","width":"1024","height":"1024","caption":"Retina Suisse"},"image":{"@id":"https:\/\/retina.ch\/fr\/#\/schema\/logo\/image\/"},"sameAs":["https:\/\/www.facebook.com\/retinasuisse\/"]}]}},"_links":{"self":[{"href":"https:\/\/retina.ch\/fr\/wp-json\/wp\/v2\/aktuelles\/18372","targetHints":{"allow":["GET"]}}],"collection":[{"href":"https:\/\/retina.ch\/fr\/wp-json\/wp\/v2\/aktuelles"}],"about":[{"href":"https:\/\/retina.ch\/fr\/wp-json\/wp\/v2\/types\/aktuelles"}],"version-history":[{"count":2,"href":"https:\/\/retina.ch\/fr\/wp-json\/wp\/v2\/aktuelles\/18372\/revisions"}],"predecessor-version":[{"id":18382,"href":"https:\/\/retina.ch\/fr\/wp-json\/wp\/v2\/aktuelles\/18372\/revisions\/18382"}],"wp:featuredmedia":[{"embeddable":true,"href":"https:\/\/retina.ch\/fr\/wp-json\/wp\/v2\/media\/18396"}],"wp:attachment":[{"href":"https:\/\/retina.ch\/fr\/wp-json\/wp\/v2\/media?parent=18372"}],"wp:term":[{"taxonomy":"category","embeddable":true,"href":"https:\/\/retina.ch\/fr\/wp-json\/wp\/v2\/categories?post=18372"}],"curies":[{"name":"wp","href":"https:\/\/api.w.org\/{rel}","templated":true}]}}

Pause estivale du 1er au 16 août

<p>Nous nous accordons une petite pause du 1er au 16 août et ne sommes joignables que de manière limitée pendant cette période. Ne vous inquiétez pas, vous pouvez toujours nous laisser un message sur le répondeur au 044 444 10 77 ou nous envoyer un e-mail à info@retina.ch. Nous vous répondrons dans les plus brefs délais !</p>



<p>Nous vous remercions de votre compréhension et vous souhaitons une bonne période estivale !</p>



<p>Votre équipe Retina Suisse</p>

<p>Nous nous accordons une petite pause du 1er au 16 août et ne sommes joignables que de manière limitée pendant cette période. Ne vous inquiétez pas, vous pouvez toujours nous laisser un message sur le répondeur au 044 444 10 77 ou nous envoyer un e-mail à info@retina.ch. Nous vous répondrons dans les plus brefs &#8230;</p>

<!-- This site is optimized with the Yoast SEO plugin v27.1.1 - https://yoast.com/product/yoast-seo-wordpress/ -->
<title>Pause estivale du 1er au 16 août &#8226; Retina Suisse</title>
<meta name="robots" content="index, follow, max-snippet:-1, max-image-preview:large, max-video-preview:-1" />
<link rel="canonical" href="https://retina.ch/fr/actualites/vacances-dete/" />
<meta property="og:locale" content="fr_FR" />
<meta property="og:type" content="article" />
<meta property="og:title" content="Pause estivale du 1er au 16 août &#8226; Retina Suisse" />
<meta property="og:description" content="Nous nous accordons une petite pause du 1er au 16 août et ne sommes joignables que de manière limitée pendant cette période. Ne vous inquiétez pas, vous pouvez toujours nous laisser un message sur le répondeur au 044 444 10 77 ou nous envoyer un e-mail à info@retina.ch. Nous vous répondrons dans les plus brefs ..." />
<meta property="og:url" content="https://retina.ch/fr/actualites/vacances-dete/" />
<meta property="og:site_name" content="Retina Suisse" />
<meta property="article:publisher" content="https://www.facebook.com/retinasuisse/" />
<meta property="article:modified_time" content="2024-08-01T10:10:36+00:00" />
<meta property="og:image" content="https://retina.ch/wp-content/uploads/2024/08/pexels-kindelmedia-8093193-scaled.jpg" />
	<meta property="og:image:width" content="2560" />
	<meta property="og:image:height" content="1920" />
	<meta property="og:image:type" content="image/jpeg" />
<meta name="twitter:card" content="summary_large_image" />
<meta name="twitter:label1" content="Durée de lecture estimée" />
	<meta name="twitter:data1" content="1 minute" />
<script type="application/ld+json" class="yoast-schema-graph">{"@context":"https://schema.org","@graph":[{"@type":"WebPage","@id":"https://retina.ch/fr/actualites/vacances-dete/","url":"https://retina.ch/fr/actualites/vacances-dete/","name":"Pause estivale du 1er au 16 août &#8226; Retina Suisse","isPartOf":{"@id":"https://retina.ch/fr/#website"},"primaryImageOfPage":{"@id":"https://retina.ch/fr/actualites/vacances-dete/#primaryimage"},"image":{"@id":"https://retina.ch/fr/actualites/vacances-dete/#primaryimage"},"thumbnailUrl":"https://retina.ch/wp-content/uploads/2024/08/pexels-kindelmedia-8093193-scaled.jpg","datePublished":"2024-08-01T09:29:40+00:00","dateModified":"2024-08-01T10:10:36+00:00","breadcrumb":{"@id":"https://retina.ch/fr/actualites/vacances-dete/#breadcrumb"},"inLanguage":"fr-FR","potentialAction":[{"@type":"ReadAction","target":["https://retina.ch/fr/actualites/vacances-dete/"]}]},{"@type":"ImageObject","inLanguage":"fr-FR","@id":"https://retina.ch/fr/actualites/vacances-dete/#primaryimage","url":"https://retina.ch/wp-content/uploads/2024/08/pexels-kindelmedia-8093193-scaled.jpg","contentUrl":"https://retina.ch/wp-content/uploads/2024/08/pexels-kindelmedia-8093193-scaled.jpg","width":2560,"height":1920,"caption":"Sonnenhut und Sonnenbrille"},{"@type":"BreadcrumbList","@id":"https://retina.ch/fr/actualites/vacances-dete/#breadcrumb","itemListElement":[{"@type":"ListItem","position":1,"name":"Retina Suisse","item":"https://retina.ch/fr/"},{"@type":"ListItem","position":2,"name":"Actualités","item":"https://retina.ch/fr/actualites/"},{"@type":"ListItem","position":3,"name":"Pause estivale du 1er au 16 août"}]},{"@type":"WebSite","@id":"https://retina.ch/fr/#website","url":"https://retina.ch/fr/","name":"Retina Suisse","description":"Retina Suisse ist die Vereinigung von Patientinnen und Patienten mit Retinitis pigmentosa (RP), Makuladegeneration, Usher-Syndrom und anderen Erkrankungen des Augenhintergrundes.","publisher":{"@id":"https://retina.ch/fr/#organization"},"potentialAction":[{"@type":"SearchAction","target":{"@type":"EntryPoint","urlTemplate":"https://retina.ch/fr/?s={search_term_string}"},"query-input":{"@type":"PropertyValueSpecification","valueRequired":true,"valueName":"search_term_string"}}],"inLanguage":"fr-FR"},{"@type":"Organization","@id":"https://retina.ch/fr/#organization","name":"Retina Suisse","url":"https://retina.ch/fr/","logo":{"@type":"ImageObject","inLanguage":"fr-FR","@id":"https://retina.ch/fr/#/schema/logo/image/","url":"https://retina.ch/wp-content/uploads/2020/09/retina-auge-typo.svg","contentUrl":"https://retina.ch/wp-content/uploads/2020/09/retina-auge-typo.svg","width":"1024","height":"1024","caption":"Retina Suisse"},"image":{"@id":"https://retina.ch/fr/#/schema/logo/image/"},"sameAs":["https://www.facebook.com/retinasuisse/"]}]}</script>
<!-- / Yoast SEO plugin. -->

Pause estivale du 1er au 16 août &#8226; Retina Suisse

Nous nous accordons une petite pause du 1er au 16 août et ne sommes joignables que de manière limitée pendant cette période. Ne vous inquiétez pas, vous pouvez toujours nous laisser un message sur le répondeur au 044 444 10 77 ou nous envoyer un e-mail à info@retina.ch. Nous vous répondrons dans les plus brefs ...

Actualités
