{"id":23724,"date":"2025-09-29T15:06:37","date_gmt":"2025-09-29T13:06:37","guid":{"rendered":"https:\/\/retina.ch\/?post_type=aktuelles&#038;p=23724"},"modified":"2025-09-29T15:08:08","modified_gmt":"2025-09-29T13:08:08","slug":"mal-entendre-et-mal-voir","status":"publish","type":"aktuelles","link":"https:\/\/retina.ch\/fr\/actualites\/mal-entendre-et-mal-voir\/","title":{"rendered":"Mal entendre et mal voir !"},"content":{"rendered":"\n<p><strong>Cette combinaison correspond probablement au syndrome d&rsquo;Usher.<\/strong><\/p>\n\n\n\n<p>\u00c0 l&rsquo;occasion de l\u2019Usher Syndrome Awareness Day 2025 du 15 septembre :<\/p>\n\n\n\n<p>Le syndrome d&rsquo;Usher est une maladie h\u00e9r\u00e9ditaire qui affecte l&rsquo;audition et la vue. Les personnes touch\u00e9es entendent mal, g\u00e9n\u00e9ralement d\u00e8s la naissance, et leur vue diminue \u00e9galement avec le temps en raison de la d\u00e9g\u00e9n\u00e9rescence de la r\u00e9tine.<\/p>\n\n\n\n<p>Environ 350 personnes atteintes du syndrome d&rsquo;Usher vivent en Suisse. On estime qu&rsquo;environ un enfant sur dix atteint d&rsquo;une d\u00e9ficience auditive cong\u00e9nitale s\u00e9v\u00e8re ou de surdit\u00e9 est atteint du syndrome d&rsquo;Usher.<\/p>\n\n\n\n<p>Des tests g\u00e9n\u00e9tiques permettent de d\u00e9terminer \u00e0 un stade pr\u00e9coce si la d\u00e9ficience auditive est isol\u00e9e (ce qui est le plus souvent le cas) ou si une d\u00e9ficience visuelle suppl\u00e9mentaire est \u00e0 pr\u00e9voir au cours du d\u00e9veloppement ult\u00e9rieur.<\/p>\n\n\n\n<p>Le syndrome d&rsquo;Usher est principalement d\u00fb \u00e0 une modification des cils (fines prolongations cellulaires). Les cils sont pr\u00e9sents sur presque toutes les cellules humaines. Ils jouent un r\u00f4le important dans la r\u00e9ception des signaux environnementaux. Dans le syndrome d&rsquo;Usher, les cils de l&rsquo;oreille interne et de la r\u00e9tine sont touch\u00e9s.<\/p>\n\n\n\n<p>Cliquez ici pour obtenir des informations g\u00e9n\u00e9rales sur le syndrome d&rsquo;Usher<\/p>\n\n\n\n<p>La seule option th\u00e9rapeutique efficace pourrait \u00eatre une future th\u00e9rapie g\u00e9nique. D&rsquo;une part, des chercheurs europ\u00e9ens travaillent \u00e0 la mise au point de m\u00e9thodes cliniques de diagnostic pr\u00e9coce afin que les patients puissent b\u00e9n\u00e9ficier de traitements modernes. D&rsquo;autre part, des recherches sont \u00e9galement men\u00e9es sur de nouvelles approches de th\u00e9rapie g\u00e9nique.<\/p>\n\n\n\n<p><a href=\"https:\/\/retina.ch\/fr\/degenerescences-retiniennes\/syndrome-dusher\/\">Cliquez ici pour obtenir des informations g\u00e9n\u00e9rales sur le syndrome d&rsquo;Usher<\/a><\/p>\n","protected":false},"excerpt":{"rendered":"<p>Cette combinaison correspond probablement au syndrome d&rsquo;Usher (\u00e0 l&rsquo;occasion de l\u2019Usher Syndrome Awareness Day 2025 du 15 septembre).<\/p>\n","protected":false},"featured_media":23703,"template":"","meta":{"_acf_changed":false,"inline_featured_image":false,"_FSMCFIC_featured_image_caption":"Un enfant se tient les mains aux oreilles pour mieux entendre.","_FSMCFIC_featured_image_nocaption":"1","_FSMCFIC_featured_image_hide":"","footnotes":"","_links_to":"","_links_to_target":""},"categories":[],"class_list":["post-23724","aktuelles","type-aktuelles","status-publish","has-post-thumbnail","hentry"],"acf":[],"yoast_head":"<!-- This site is optimized with the Yoast SEO plugin v27.1.1 - https:\/\/yoast.com\/product\/yoast-seo-wordpress\/ -->\n<title>Mal entendre et mal voir ! &#8226; Retina Suisse<\/title>\n<meta name=\"robots\" content=\"index, follow, max-snippet:-1, max-image-preview:large, max-video-preview:-1\" \/>\n<link rel=\"canonical\" href=\"https:\/\/retina.ch\/fr\/actualites\/mal-entendre-et-mal-voir\/\" \/>\n<meta property=\"og:locale\" content=\"fr_FR\" \/>\n<meta property=\"og:type\" content=\"article\" \/>\n<meta property=\"og:title\" content=\"Mal entendre et mal voir ! &#8226; Retina Suisse\" \/>\n<meta property=\"og:description\" content=\"Cette combinaison correspond probablement au syndrome d&#039;Usher (\u00e0 l&#039;occasion de l\u2019Usher Syndrome Awareness Day 2025 du 15 septembre).\" \/>\n<meta property=\"og:url\" content=\"https:\/\/retina.ch\/fr\/actualites\/mal-entendre-et-mal-voir\/\" \/>\n<meta property=\"og:site_name\" content=\"Retina Suisse\" \/>\n<meta property=\"article:publisher\" content=\"https:\/\/www.facebook.com\/retinasuisse\/\" \/>\n<meta property=\"article:modified_time\" content=\"2025-09-29T13:08:08+00:00\" \/>\n<meta property=\"og:image\" content=\"https:\/\/retina.ch\/wp-content\/uploads\/2025\/09\/Retina-Kind-Gehoer-Usher-Pixabay-gratis-1400x933.png\" \/>\n\t<meta property=\"og:image:width\" content=\"1400\" \/>\n\t<meta property=\"og:image:height\" content=\"933\" \/>\n\t<meta property=\"og:image:type\" content=\"image\/png\" \/>\n<meta name=\"twitter:card\" content=\"summary_large_image\" \/>\n<meta name=\"twitter:label1\" content=\"Dur\u00e9e de lecture estim\u00e9e\" \/>\n\t<meta name=\"twitter:data1\" content=\"2 minutes\" \/>\n<script type=\"application\/ld+json\" class=\"yoast-schema-graph\">{\"@context\":\"https:\/\/schema.org\",\"@graph\":[{\"@type\":\"WebPage\",\"@id\":\"https:\/\/retina.ch\/fr\/actualites\/mal-entendre-et-mal-voir\/\",\"url\":\"https:\/\/retina.ch\/fr\/actualites\/mal-entendre-et-mal-voir\/\",\"name\":\"Mal entendre et mal voir ! &#8226; Retina Suisse\",\"isPartOf\":{\"@id\":\"https:\/\/retina.ch\/fr\/#website\"},\"primaryImageOfPage\":{\"@id\":\"https:\/\/retina.ch\/fr\/actualites\/mal-entendre-et-mal-voir\/#primaryimage\"},\"image\":{\"@id\":\"https:\/\/retina.ch\/fr\/actualites\/mal-entendre-et-mal-voir\/#primaryimage\"},\"thumbnailUrl\":\"https:\/\/retina.ch\/wp-content\/uploads\/2025\/09\/Retina-Kind-Gehoer-Usher-Pixabay-gratis.png\",\"datePublished\":\"2025-09-29T13:06:37+00:00\",\"dateModified\":\"2025-09-29T13:08:08+00:00\",\"breadcrumb\":{\"@id\":\"https:\/\/retina.ch\/fr\/actualites\/mal-entendre-et-mal-voir\/#breadcrumb\"},\"inLanguage\":\"fr-FR\",\"potentialAction\":[{\"@type\":\"ReadAction\",\"target\":[\"https:\/\/retina.ch\/fr\/actualites\/mal-entendre-et-mal-voir\/\"]}]},{\"@type\":\"ImageObject\",\"inLanguage\":\"fr-FR\",\"@id\":\"https:\/\/retina.ch\/fr\/actualites\/mal-entendre-et-mal-voir\/#primaryimage\",\"url\":\"https:\/\/retina.ch\/wp-content\/uploads\/2025\/09\/Retina-Kind-Gehoer-Usher-Pixabay-gratis.png\",\"contentUrl\":\"https:\/\/retina.ch\/wp-content\/uploads\/2025\/09\/Retina-Kind-Gehoer-Usher-Pixabay-gratis.png\",\"width\":1920,\"height\":1280},{\"@type\":\"BreadcrumbList\",\"@id\":\"https:\/\/retina.ch\/fr\/actualites\/mal-entendre-et-mal-voir\/#breadcrumb\",\"itemListElement\":[{\"@type\":\"ListItem\",\"position\":1,\"name\":\"Retina Suisse\",\"item\":\"https:\/\/retina.ch\/fr\/\"},{\"@type\":\"ListItem\",\"position\":2,\"name\":\"Actualit\u00e9s\",\"item\":\"https:\/\/retina.ch\/fr\/actualites\/\"},{\"@type\":\"ListItem\",\"position\":3,\"name\":\"Mal entendre et mal voir !\"}]},{\"@type\":\"WebSite\",\"@id\":\"https:\/\/retina.ch\/fr\/#website\",\"url\":\"https:\/\/retina.ch\/fr\/\",\"name\":\"Retina Suisse\",\"description\":\"Retina Suisse ist die Vereinigung von Patientinnen und Patienten mit Retinitis pigmentosa (RP), Makuladegeneration, Usher-Syndrom und anderen Erkrankungen des Augenhintergrundes.\",\"publisher\":{\"@id\":\"https:\/\/retina.ch\/fr\/#organization\"},\"potentialAction\":[{\"@type\":\"SearchAction\",\"target\":{\"@type\":\"EntryPoint\",\"urlTemplate\":\"https:\/\/retina.ch\/fr\/?s={search_term_string}\"},\"query-input\":{\"@type\":\"PropertyValueSpecification\",\"valueRequired\":true,\"valueName\":\"search_term_string\"}}],\"inLanguage\":\"fr-FR\"},{\"@type\":\"Organization\",\"@id\":\"https:\/\/retina.ch\/fr\/#organization\",\"name\":\"Retina Suisse\",\"url\":\"https:\/\/retina.ch\/fr\/\",\"logo\":{\"@type\":\"ImageObject\",\"inLanguage\":\"fr-FR\",\"@id\":\"https:\/\/retina.ch\/fr\/#\/schema\/logo\/image\/\",\"url\":\"https:\/\/retina.ch\/wp-content\/uploads\/2020\/09\/retina-auge-typo.svg\",\"contentUrl\":\"https:\/\/retina.ch\/wp-content\/uploads\/2020\/09\/retina-auge-typo.svg\",\"width\":\"1024\",\"height\":\"1024\",\"caption\":\"Retina Suisse\"},\"image\":{\"@id\":\"https:\/\/retina.ch\/fr\/#\/schema\/logo\/image\/\"},\"sameAs\":[\"https:\/\/www.facebook.com\/retinasuisse\/\"]}]}<\/script>\n<!-- \/ Yoast SEO plugin. -->","yoast_head_json":{"title":"Mal entendre et mal voir ! &#8226; Retina Suisse","robots":{"index":"index","follow":"follow","max-snippet":"max-snippet:-1","max-image-preview":"max-image-preview:large","max-video-preview":"max-video-preview:-1"},"canonical":"https:\/\/retina.ch\/fr\/actualites\/mal-entendre-et-mal-voir\/","og_locale":"fr_FR","og_type":"article","og_title":"Mal entendre et mal voir ! &#8226; Retina Suisse","og_description":"Cette combinaison correspond probablement au syndrome d'Usher (\u00e0 l'occasion de l\u2019Usher Syndrome Awareness Day 2025 du 15 septembre).","og_url":"https:\/\/retina.ch\/fr\/actualites\/mal-entendre-et-mal-voir\/","og_site_name":"Retina Suisse","article_publisher":"https:\/\/www.facebook.com\/retinasuisse\/","article_modified_time":"2025-09-29T13:08:08+00:00","og_image":[{"width":1400,"height":933,"url":"https:\/\/retina.ch\/wp-content\/uploads\/2025\/09\/Retina-Kind-Gehoer-Usher-Pixabay-gratis-1400x933.png","type":"image\/png"}],"twitter_card":"summary_large_image","twitter_misc":{"Dur\u00e9e de lecture estim\u00e9e":"2 minutes"},"schema":{"@context":"https:\/\/schema.org","@graph":[{"@type":"WebPage","@id":"https:\/\/retina.ch\/fr\/actualites\/mal-entendre-et-mal-voir\/","url":"https:\/\/retina.ch\/fr\/actualites\/mal-entendre-et-mal-voir\/","name":"Mal entendre et mal voir ! &#8226; Retina Suisse","isPartOf":{"@id":"https:\/\/retina.ch\/fr\/#website"},"primaryImageOfPage":{"@id":"https:\/\/retina.ch\/fr\/actualites\/mal-entendre-et-mal-voir\/#primaryimage"},"image":{"@id":"https:\/\/retina.ch\/fr\/actualites\/mal-entendre-et-mal-voir\/#primaryimage"},"thumbnailUrl":"https:\/\/retina.ch\/wp-content\/uploads\/2025\/09\/Retina-Kind-Gehoer-Usher-Pixabay-gratis.png","datePublished":"2025-09-29T13:06:37+00:00","dateModified":"2025-09-29T13:08:08+00:00","breadcrumb":{"@id":"https:\/\/retina.ch\/fr\/actualites\/mal-entendre-et-mal-voir\/#breadcrumb"},"inLanguage":"fr-FR","potentialAction":[{"@type":"ReadAction","target":["https:\/\/retina.ch\/fr\/actualites\/mal-entendre-et-mal-voir\/"]}]},{"@type":"ImageObject","inLanguage":"fr-FR","@id":"https:\/\/retina.ch\/fr\/actualites\/mal-entendre-et-mal-voir\/#primaryimage","url":"https:\/\/retina.ch\/wp-content\/uploads\/2025\/09\/Retina-Kind-Gehoer-Usher-Pixabay-gratis.png","contentUrl":"https:\/\/retina.ch\/wp-content\/uploads\/2025\/09\/Retina-Kind-Gehoer-Usher-Pixabay-gratis.png","width":1920,"height":1280},{"@type":"BreadcrumbList","@id":"https:\/\/retina.ch\/fr\/actualites\/mal-entendre-et-mal-voir\/#breadcrumb","itemListElement":[{"@type":"ListItem","position":1,"name":"Retina Suisse","item":"https:\/\/retina.ch\/fr\/"},{"@type":"ListItem","position":2,"name":"Actualit\u00e9s","item":"https:\/\/retina.ch\/fr\/actualites\/"},{"@type":"ListItem","position":3,"name":"Mal entendre et mal voir !"}]},{"@type":"WebSite","@id":"https:\/\/retina.ch\/fr\/#website","url":"https:\/\/retina.ch\/fr\/","name":"Retina Suisse","description":"Retina Suisse ist die Vereinigung von Patientinnen und Patienten mit Retinitis pigmentosa (RP), Makuladegeneration, Usher-Syndrom und anderen Erkrankungen des Augenhintergrundes.","publisher":{"@id":"https:\/\/retina.ch\/fr\/#organization"},"potentialAction":[{"@type":"SearchAction","target":{"@type":"EntryPoint","urlTemplate":"https:\/\/retina.ch\/fr\/?s={search_term_string}"},"query-input":{"@type":"PropertyValueSpecification","valueRequired":true,"valueName":"search_term_string"}}],"inLanguage":"fr-FR"},{"@type":"Organization","@id":"https:\/\/retina.ch\/fr\/#organization","name":"Retina Suisse","url":"https:\/\/retina.ch\/fr\/","logo":{"@type":"ImageObject","inLanguage":"fr-FR","@id":"https:\/\/retina.ch\/fr\/#\/schema\/logo\/image\/","url":"https:\/\/retina.ch\/wp-content\/uploads\/2020\/09\/retina-auge-typo.svg","contentUrl":"https:\/\/retina.ch\/wp-content\/uploads\/2020\/09\/retina-auge-typo.svg","width":"1024","height":"1024","caption":"Retina Suisse"},"image":{"@id":"https:\/\/retina.ch\/fr\/#\/schema\/logo\/image\/"},"sameAs":["https:\/\/www.facebook.com\/retinasuisse\/"]}]}},"_links":{"self":[{"href":"https:\/\/retina.ch\/fr\/wp-json\/wp\/v2\/aktuelles\/23724","targetHints":{"allow":["GET"]}}],"collection":[{"href":"https:\/\/retina.ch\/fr\/wp-json\/wp\/v2\/aktuelles"}],"about":[{"href":"https:\/\/retina.ch\/fr\/wp-json\/wp\/v2\/types\/aktuelles"}],"version-history":[{"count":2,"href":"https:\/\/retina.ch\/fr\/wp-json\/wp\/v2\/aktuelles\/23724\/revisions"}],"predecessor-version":[{"id":23727,"href":"https:\/\/retina.ch\/fr\/wp-json\/wp\/v2\/aktuelles\/23724\/revisions\/23727"}],"wp:featuredmedia":[{"embeddable":true,"href":"https:\/\/retina.ch\/fr\/wp-json\/wp\/v2\/media\/23703"}],"wp:attachment":[{"href":"https:\/\/retina.ch\/fr\/wp-json\/wp\/v2\/media?parent=23724"}],"wp:term":[{"taxonomy":"category","embeddable":true,"href":"https:\/\/retina.ch\/fr\/wp-json\/wp\/v2\/categories?post=23724"}],"curies":[{"name":"wp","href":"https:\/\/api.w.org\/{rel}","templated":true}]}}

<p><strong>Cette combinaison correspond probablement au syndrome d&rsquo;Usher.</strong></p>



<p>À l&rsquo;occasion de l’Usher Syndrome Awareness Day 2025 du 15 septembre :</p>



<p>Le syndrome d&rsquo;Usher est une maladie héréditaire qui affecte l&rsquo;audition et la vue. Les personnes touchées entendent mal, généralement dès la naissance, et leur vue diminue également avec le temps en raison de la dégénérescence de la rétine.</p>



<p>Environ 350 personnes atteintes du syndrome d&rsquo;Usher vivent en Suisse. On estime qu&rsquo;environ un enfant sur dix atteint d&rsquo;une déficience auditive congénitale sévère ou de surdité est atteint du syndrome d&rsquo;Usher.</p>



<p>Des tests génétiques permettent de déterminer à un stade précoce si la déficience auditive est isolée (ce qui est le plus souvent le cas) ou si une déficience visuelle supplémentaire est à prévoir au cours du développement ultérieur.</p>



<p>Le syndrome d&rsquo;Usher est principalement dû à une modification des cils (fines prolongations cellulaires). Les cils sont présents sur presque toutes les cellules humaines. Ils jouent un rôle important dans la réception des signaux environnementaux. Dans le syndrome d&rsquo;Usher, les cils de l&rsquo;oreille interne et de la rétine sont touchés.</p>



<p>Cliquez ici pour obtenir des informations générales sur le syndrome d&rsquo;Usher</p>



<p>La seule option thérapeutique efficace pourrait être une future thérapie génique. D&rsquo;une part, des chercheurs européens travaillent à la mise au point de méthodes cliniques de diagnostic précoce afin que les patients puissent bénéficier de traitements modernes. D&rsquo;autre part, des recherches sont également menées sur de nouvelles approches de thérapie génique.</p>



<p><a href="https://retina.ch/fr/degenerescences-retiniennes/syndrome-dusher/">Cliquez ici pour obtenir des informations générales sur le syndrome d&rsquo;Usher</a></p>

<p>Cette combinaison correspond probablement au syndrome d&rsquo;Usher (à l&rsquo;occasion de l’Usher Syndrome Awareness Day 2025 du 15 septembre).</p>

<!-- This site is optimized with the Yoast SEO plugin v27.1.1 - https://yoast.com/product/yoast-seo-wordpress/ -->
<title>Mal entendre et mal voir ! &#8226; Retina Suisse</title>
<meta name="robots" content="index, follow, max-snippet:-1, max-image-preview:large, max-video-preview:-1" />
<link rel="canonical" href="https://retina.ch/fr/actualites/mal-entendre-et-mal-voir/" />
<meta property="og:locale" content="fr_FR" />
<meta property="og:type" content="article" />
<meta property="og:title" content="Mal entendre et mal voir ! &#8226; Retina Suisse" />
<meta property="og:description" content="Cette combinaison correspond probablement au syndrome d&#039;Usher (à l&#039;occasion de l’Usher Syndrome Awareness Day 2025 du 15 septembre)." />
<meta property="og:url" content="https://retina.ch/fr/actualites/mal-entendre-et-mal-voir/" />
<meta property="og:site_name" content="Retina Suisse" />
<meta property="article:publisher" content="https://www.facebook.com/retinasuisse/" />
<meta property="article:modified_time" content="2025-09-29T13:08:08+00:00" />
<meta property="og:image" content="https://retina.ch/wp-content/uploads/2025/09/Retina-Kind-Gehoer-Usher-Pixabay-gratis-1400x933.png" />
	<meta property="og:image:width" content="1400" />
	<meta property="og:image:height" content="933" />
	<meta property="og:image:type" content="image/png" />
<meta name="twitter:card" content="summary_large_image" />
<meta name="twitter:label1" content="Durée de lecture estimée" />
	<meta name="twitter:data1" content="2 minutes" />
<script type="application/ld+json" class="yoast-schema-graph">{"@context":"https://schema.org","@graph":[{"@type":"WebPage","@id":"https://retina.ch/fr/actualites/mal-entendre-et-mal-voir/","url":"https://retina.ch/fr/actualites/mal-entendre-et-mal-voir/","name":"Mal entendre et mal voir ! &#8226; Retina Suisse","isPartOf":{"@id":"https://retina.ch/fr/#website"},"primaryImageOfPage":{"@id":"https://retina.ch/fr/actualites/mal-entendre-et-mal-voir/#primaryimage"},"image":{"@id":"https://retina.ch/fr/actualites/mal-entendre-et-mal-voir/#primaryimage"},"thumbnailUrl":"https://retina.ch/wp-content/uploads/2025/09/Retina-Kind-Gehoer-Usher-Pixabay-gratis.png","datePublished":"2025-09-29T13:06:37+00:00","dateModified":"2025-09-29T13:08:08+00:00","breadcrumb":{"@id":"https://retina.ch/fr/actualites/mal-entendre-et-mal-voir/#breadcrumb"},"inLanguage":"fr-FR","potentialAction":[{"@type":"ReadAction","target":["https://retina.ch/fr/actualites/mal-entendre-et-mal-voir/"]}]},{"@type":"ImageObject","inLanguage":"fr-FR","@id":"https://retina.ch/fr/actualites/mal-entendre-et-mal-voir/#primaryimage","url":"https://retina.ch/wp-content/uploads/2025/09/Retina-Kind-Gehoer-Usher-Pixabay-gratis.png","contentUrl":"https://retina.ch/wp-content/uploads/2025/09/Retina-Kind-Gehoer-Usher-Pixabay-gratis.png","width":1920,"height":1280},{"@type":"BreadcrumbList","@id":"https://retina.ch/fr/actualites/mal-entendre-et-mal-voir/#breadcrumb","itemListElement":[{"@type":"ListItem","position":1,"name":"Retina Suisse","item":"https://retina.ch/fr/"},{"@type":"ListItem","position":2,"name":"Actualités","item":"https://retina.ch/fr/actualites/"},{"@type":"ListItem","position":3,"name":"Mal entendre et mal voir !"}]},{"@type":"WebSite","@id":"https://retina.ch/fr/#website","url":"https://retina.ch/fr/","name":"Retina Suisse","description":"Retina Suisse ist die Vereinigung von Patientinnen und Patienten mit Retinitis pigmentosa (RP), Makuladegeneration, Usher-Syndrom und anderen Erkrankungen des Augenhintergrundes.","publisher":{"@id":"https://retina.ch/fr/#organization"},"potentialAction":[{"@type":"SearchAction","target":{"@type":"EntryPoint","urlTemplate":"https://retina.ch/fr/?s={search_term_string}"},"query-input":{"@type":"PropertyValueSpecification","valueRequired":true,"valueName":"search_term_string"}}],"inLanguage":"fr-FR"},{"@type":"Organization","@id":"https://retina.ch/fr/#organization","name":"Retina Suisse","url":"https://retina.ch/fr/","logo":{"@type":"ImageObject","inLanguage":"fr-FR","@id":"https://retina.ch/fr/#/schema/logo/image/","url":"https://retina.ch/wp-content/uploads/2020/09/retina-auge-typo.svg","contentUrl":"https://retina.ch/wp-content/uploads/2020/09/retina-auge-typo.svg","width":"1024","height":"1024","caption":"Retina Suisse"},"image":{"@id":"https://retina.ch/fr/#/schema/logo/image/"},"sameAs":["https://www.facebook.com/retinasuisse/"]}]}</script>
<!-- / Yoast SEO plugin. -->

Cette combinaison correspond probablement au syndrome d'Usher (à l'occasion de l’Usher Syndrome Awareness Day 2025 du 15 septembre).

Actualités
