{"id":9737,"date":"2022-09-27T15:46:56","date_gmt":"2022-09-27T13:46:56","guid":{"rendered":"https:\/\/retina.ch\/?post_type=aktuelles&#038;p=9737"},"modified":"2024-03-20T16:18:23","modified_gmt":"2024-03-20T15:18:23","slug":"etude-dobservation-de-la-maladie-de-stargardt-recherche-de-participants","status":"publish","type":"aktuelles","link":"https:\/\/retina.ch\/fr\/actualites\/etude-dobservation-de-la-maladie-de-stargardt-recherche-de-participants\/","title":{"rendered":"Etude d\u2019observation de Stargardt : recherche de participants"},"content":{"rendered":"\n<p class=\"has-medium-font-size\"><strong><strong>La clinique ophtalmologique de l\u2019H\u00f4pital universitaire de B\u00e2le recherche actuellement des participants \u00e0 l\u2019\u00e9tude d\u2019\u00e9volution naturelle \u2018First Orbit\u2019 (Function and Imaging Assessments for G1961E-associated Stargardt Disease : Outcome Measure Ranking as Basis for Interventional Trials).<\/strong><\/strong><\/p>\n\n\n\n<div style=\"height:30px\" aria-hidden=\"true\" class=\"wp-block-spacer\"><\/div>\n\n\n\n<p><strong>But de l\u2019\u00e9tude<\/strong><br>En pr\u00e9paration d\u2019une future \u00e9tude th\u00e9rapeutique, l\u2019objectif actuel est de comparer syst\u00e9matiquement de nouveaux tests de la fonction visuelle ainsi que de nouvelles m\u00e9thodes d\u2019imagerie ophtalmologique pour observer l\u2019\u00e9volution naturelle de la maladie de Stargardt associ\u00e9e \u00e0 le G1961E variant.<\/p>\n\n\n\n<p>Dans le cadre de la recherche fondamentale, un traitement pour la maladie de Stargardt associ\u00e9e \u00e0 le G1961E variant est actuellement en cours de d\u00e9veloppement.<\/p>\n\n\n\n<p><strong>Conditions de participation<\/strong><br>Les patients suivants sont recherch\u00e9s comme participants :<\/p>\n\n\n\n<ul class=\"wp-block-list\">\n<li>Maladie de Stargardt avec au moins un variant G1961E\n<ul class=\"wp-block-list\">\n<li>Synonymes possibles sur votre r\u00e9sultat g\u00e9n\u00e9tique : G1961E, <em>ABCA4<\/em><sup>G1961E<\/sup>, p.Gly1961Glu, c.5882G&gt;A<\/li>\n<\/ul>\n<\/li>\n\n\n\n<li>Patients \u00e2g\u00e9s de plus de 18 ans<\/li>\n<\/ul>\n\n\n\n<p><strong>Temps n\u00e9cessaire<\/strong><br>Dur\u00e9e totale : 24 mois<br>L\u2019\u00e9tude comprend un examen d\u2019inclusion (mois 0), ainsi que des examens au mois 2 (examen de re-test), au mois 12 et au mois 24.<br>Les rendez-vous durent environ 3 \u00e0 4 heures (avec les pauses).<\/p>\n\n\n\n<p><strong>Risques<\/strong><br>Il n\u2019y a pas de risque pour la sant\u00e9.<\/p>\n\n\n\n<p><strong>Avantages<\/strong><br>Cette \u00e9tude peut fournir des informations importantes pour l\u2019\u00e9volution de la maladie. Gr\u00e2ce \u00e0 ces donn\u00e9es, il sera possible de d\u00e9montrer plus pr\u00e9cis\u00e9ment les \u00e9ventuels effets th\u00e9rapeutiques dans le cadre d\u2019\u00e9tudes th\u00e9rapeutiques futures. On peut donc s\u2019attendre \u00e0 ce que les patients souffrant de la maladie b\u00e9n\u00e9ficient \u00e0 l\u2019avenir des donn\u00e9es recueillies.<\/p>\n\n\n\n<p>L\u2019\u00e9tude comprend un examen ophtalmologique complet. Dans certaines circonstances, des modifications n\u00e9cessitant un traitement peuvent \u00eatre d\u00e9tect\u00e9es \u00e0 un stade pr\u00e9coce. Il est toutefois possible que vous ne tiriez aucun b\u00e9n\u00e9fice personnel de votre participation \u00e0 l\u2019\u00e9tude. Aucune compensation financi\u00e8re ne sera vers\u00e9e.<\/p>\n\n\n\n<p><strong>Contact et interlocuteur<\/strong><br>Nous vous prions de prendre contact par e-mail.<\/p>\n\n\n\n<p>Priv.-Doz. Dr. med. Maximilian Pfau<br><a href=\"mailto:Maximilian.Pfau@usb.ch\">Maximilian.Pfau@usb.ch<\/a><br>Tel. +41 79 525 92 47<br>H\u00f4pital universitaire de B\u00e2le, clinique ophtalmologique<br>Mittlere Strasse 91, CH-4031 B\u00e2le<\/p>\n\n\n\n<p><strong>Protection des donn\u00e9es<\/strong><br>Veuillez prendre note que vos donn\u00e9es seront enregistr\u00e9es si un contact t\u00e9l\u00e9phonique ou \u00e9crit est \u00e9tabli. Si vous n\u2019\u00eates pas int\u00e9ress\u00e9(e) par une participation \u00e0 l\u2019\u00e9tude, vos donn\u00e9es seront imm\u00e9diatement effac\u00e9es.<\/p>\n\n\n\n<p><\/p>\n\n\n\n<div style=\"height:30px\" aria-hidden=\"true\" class=\"wp-block-spacer\"><\/div>\n","protected":false},"excerpt":{"rendered":"<p>Les soci\u00e9t\u00e9s sp\u00e9cialis\u00e9es allemandes d\u00e9conseillent le \u00ab\u00a0traitement cubain\u00a0\u00bb en cas de r\u00e9tinite pigmentaire. De lourdes complications peuvent en d\u00e9couler.<\/p>\n","protected":false},"featured_media":0,"template":"","meta":{"_acf_changed":false,"inline_featured_image":false,"_FSMCFIC_featured_image_caption":"","_FSMCFIC_featured_image_nocaption":"","_FSMCFIC_featured_image_hide":"","footnotes":"","_links_to":"","_links_to_target":""},"categories":[149,105,70],"class_list":["post-9737","aktuelles","type-aktuelles","status-publish","hentry","category-communication-aux-medias","category-morbus-stargardt-fr","category-recherche"],"acf":[],"yoast_head":"<!-- This site is optimized with the Yoast SEO plugin v27.1.1 - https:\/\/yoast.com\/product\/yoast-seo-wordpress\/ -->\n<title>Etude d\u2019observation de Stargardt : recherche de participants &#8226; Retina Suisse<\/title>\n<meta name=\"description\" content=\"etude-d\u2019observation-de-la-maladie-de-Stargardt-recherche de participants\" \/>\n<meta name=\"robots\" content=\"index, follow, max-snippet:-1, max-image-preview:large, max-video-preview:-1\" \/>\n<link rel=\"canonical\" href=\"https:\/\/retina.ch\/fr\/actualites\/etude-dobservation-de-la-maladie-de-stargardt-recherche-de-participants\/\" \/>\n<meta property=\"og:locale\" content=\"fr_FR\" \/>\n<meta property=\"og:type\" content=\"article\" \/>\n<meta property=\"og:title\" content=\"Etude d\u2019observation de Stargardt : recherche de participants &#8226; Retina Suisse\" \/>\n<meta property=\"og:description\" content=\"etude-d\u2019observation-de-la-maladie-de-Stargardt-recherche de participants\" \/>\n<meta property=\"og:url\" content=\"https:\/\/retina.ch\/fr\/actualites\/etude-dobservation-de-la-maladie-de-stargardt-recherche-de-participants\/\" \/>\n<meta property=\"og:site_name\" content=\"Retina Suisse\" \/>\n<meta property=\"article:publisher\" content=\"https:\/\/www.facebook.com\/retinasuisse\/\" \/>\n<meta property=\"article:modified_time\" content=\"2024-03-20T15:18:23+00:00\" \/>\n<meta name=\"twitter:card\" content=\"summary_large_image\" \/>\n<meta name=\"twitter:label1\" content=\"Dur\u00e9e de lecture estim\u00e9e\" \/>\n\t<meta name=\"twitter:data1\" content=\"3 minutes\" \/>\n<script type=\"application\/ld+json\" class=\"yoast-schema-graph\">{\"@context\":\"https:\/\/schema.org\",\"@graph\":[{\"@type\":\"WebPage\",\"@id\":\"https:\/\/retina.ch\/fr\/actualites\/etude-dobservation-de-la-maladie-de-stargardt-recherche-de-participants\/\",\"url\":\"https:\/\/retina.ch\/fr\/actualites\/etude-dobservation-de-la-maladie-de-stargardt-recherche-de-participants\/\",\"name\":\"Etude d\u2019observation de Stargardt : recherche de participants &#8226; Retina Suisse\",\"isPartOf\":{\"@id\":\"https:\/\/retina.ch\/fr\/#website\"},\"datePublished\":\"2022-09-27T13:46:56+00:00\",\"dateModified\":\"2024-03-20T15:18:23+00:00\",\"description\":\"etude-d\u2019observation-de-la-maladie-de-Stargardt-recherche de participants\",\"breadcrumb\":{\"@id\":\"https:\/\/retina.ch\/fr\/actualites\/etude-dobservation-de-la-maladie-de-stargardt-recherche-de-participants\/#breadcrumb\"},\"inLanguage\":\"fr-FR\",\"potentialAction\":[{\"@type\":\"ReadAction\",\"target\":[\"https:\/\/retina.ch\/fr\/actualites\/etude-dobservation-de-la-maladie-de-stargardt-recherche-de-participants\/\"]}]},{\"@type\":\"BreadcrumbList\",\"@id\":\"https:\/\/retina.ch\/fr\/actualites\/etude-dobservation-de-la-maladie-de-stargardt-recherche-de-participants\/#breadcrumb\",\"itemListElement\":[{\"@type\":\"ListItem\",\"position\":1,\"name\":\"Retina Suisse\",\"item\":\"https:\/\/retina.ch\/fr\/\"},{\"@type\":\"ListItem\",\"position\":2,\"name\":\"Actualit\u00e9s\",\"item\":\"https:\/\/retina.ch\/fr\/actualites\/\"},{\"@type\":\"ListItem\",\"position\":3,\"name\":\"Etude d\u2019observation de Stargardt : recherche de participants\"}]},{\"@type\":\"WebSite\",\"@id\":\"https:\/\/retina.ch\/fr\/#website\",\"url\":\"https:\/\/retina.ch\/fr\/\",\"name\":\"Retina Suisse\",\"description\":\"Retina Suisse ist die Vereinigung von Patientinnen und Patienten mit Retinitis pigmentosa (RP), Makuladegeneration, Usher-Syndrom und anderen Erkrankungen des Augenhintergrundes.\",\"publisher\":{\"@id\":\"https:\/\/retina.ch\/fr\/#organization\"},\"potentialAction\":[{\"@type\":\"SearchAction\",\"target\":{\"@type\":\"EntryPoint\",\"urlTemplate\":\"https:\/\/retina.ch\/fr\/?s={search_term_string}\"},\"query-input\":{\"@type\":\"PropertyValueSpecification\",\"valueRequired\":true,\"valueName\":\"search_term_string\"}}],\"inLanguage\":\"fr-FR\"},{\"@type\":\"Organization\",\"@id\":\"https:\/\/retina.ch\/fr\/#organization\",\"name\":\"Retina Suisse\",\"url\":\"https:\/\/retina.ch\/fr\/\",\"logo\":{\"@type\":\"ImageObject\",\"inLanguage\":\"fr-FR\",\"@id\":\"https:\/\/retina.ch\/fr\/#\/schema\/logo\/image\/\",\"url\":\"https:\/\/retina.ch\/wp-content\/uploads\/2020\/09\/retina-auge-typo.svg\",\"contentUrl\":\"https:\/\/retina.ch\/wp-content\/uploads\/2020\/09\/retina-auge-typo.svg\",\"width\":\"1024\",\"height\":\"1024\",\"caption\":\"Retina Suisse\"},\"image\":{\"@id\":\"https:\/\/retina.ch\/fr\/#\/schema\/logo\/image\/\"},\"sameAs\":[\"https:\/\/www.facebook.com\/retinasuisse\/\"]}]}<\/script>\n<!-- \/ Yoast SEO plugin. -->","yoast_head_json":{"title":"Etude d\u2019observation de Stargardt : recherche de participants &#8226; Retina Suisse","description":"etude-d\u2019observation-de-la-maladie-de-Stargardt-recherche de participants","robots":{"index":"index","follow":"follow","max-snippet":"max-snippet:-1","max-image-preview":"max-image-preview:large","max-video-preview":"max-video-preview:-1"},"canonical":"https:\/\/retina.ch\/fr\/actualites\/etude-dobservation-de-la-maladie-de-stargardt-recherche-de-participants\/","og_locale":"fr_FR","og_type":"article","og_title":"Etude d\u2019observation de Stargardt : recherche de participants &#8226; Retina Suisse","og_description":"etude-d\u2019observation-de-la-maladie-de-Stargardt-recherche de participants","og_url":"https:\/\/retina.ch\/fr\/actualites\/etude-dobservation-de-la-maladie-de-stargardt-recherche-de-participants\/","og_site_name":"Retina Suisse","article_publisher":"https:\/\/www.facebook.com\/retinasuisse\/","article_modified_time":"2024-03-20T15:18:23+00:00","twitter_card":"summary_large_image","twitter_misc":{"Dur\u00e9e de lecture estim\u00e9e":"3 minutes"},"schema":{"@context":"https:\/\/schema.org","@graph":[{"@type":"WebPage","@id":"https:\/\/retina.ch\/fr\/actualites\/etude-dobservation-de-la-maladie-de-stargardt-recherche-de-participants\/","url":"https:\/\/retina.ch\/fr\/actualites\/etude-dobservation-de-la-maladie-de-stargardt-recherche-de-participants\/","name":"Etude d\u2019observation de Stargardt : recherche de participants &#8226; Retina Suisse","isPartOf":{"@id":"https:\/\/retina.ch\/fr\/#website"},"datePublished":"2022-09-27T13:46:56+00:00","dateModified":"2024-03-20T15:18:23+00:00","description":"etude-d\u2019observation-de-la-maladie-de-Stargardt-recherche de participants","breadcrumb":{"@id":"https:\/\/retina.ch\/fr\/actualites\/etude-dobservation-de-la-maladie-de-stargardt-recherche-de-participants\/#breadcrumb"},"inLanguage":"fr-FR","potentialAction":[{"@type":"ReadAction","target":["https:\/\/retina.ch\/fr\/actualites\/etude-dobservation-de-la-maladie-de-stargardt-recherche-de-participants\/"]}]},{"@type":"BreadcrumbList","@id":"https:\/\/retina.ch\/fr\/actualites\/etude-dobservation-de-la-maladie-de-stargardt-recherche-de-participants\/#breadcrumb","itemListElement":[{"@type":"ListItem","position":1,"name":"Retina Suisse","item":"https:\/\/retina.ch\/fr\/"},{"@type":"ListItem","position":2,"name":"Actualit\u00e9s","item":"https:\/\/retina.ch\/fr\/actualites\/"},{"@type":"ListItem","position":3,"name":"Etude d\u2019observation de Stargardt : recherche de participants"}]},{"@type":"WebSite","@id":"https:\/\/retina.ch\/fr\/#website","url":"https:\/\/retina.ch\/fr\/","name":"Retina Suisse","description":"Retina Suisse ist die Vereinigung von Patientinnen und Patienten mit Retinitis pigmentosa (RP), Makuladegeneration, Usher-Syndrom und anderen Erkrankungen des Augenhintergrundes.","publisher":{"@id":"https:\/\/retina.ch\/fr\/#organization"},"potentialAction":[{"@type":"SearchAction","target":{"@type":"EntryPoint","urlTemplate":"https:\/\/retina.ch\/fr\/?s={search_term_string}"},"query-input":{"@type":"PropertyValueSpecification","valueRequired":true,"valueName":"search_term_string"}}],"inLanguage":"fr-FR"},{"@type":"Organization","@id":"https:\/\/retina.ch\/fr\/#organization","name":"Retina Suisse","url":"https:\/\/retina.ch\/fr\/","logo":{"@type":"ImageObject","inLanguage":"fr-FR","@id":"https:\/\/retina.ch\/fr\/#\/schema\/logo\/image\/","url":"https:\/\/retina.ch\/wp-content\/uploads\/2020\/09\/retina-auge-typo.svg","contentUrl":"https:\/\/retina.ch\/wp-content\/uploads\/2020\/09\/retina-auge-typo.svg","width":"1024","height":"1024","caption":"Retina Suisse"},"image":{"@id":"https:\/\/retina.ch\/fr\/#\/schema\/logo\/image\/"},"sameAs":["https:\/\/www.facebook.com\/retinasuisse\/"]}]}},"_links":{"self":[{"href":"https:\/\/retina.ch\/fr\/wp-json\/wp\/v2\/aktuelles\/9737","targetHints":{"allow":["GET"]}}],"collection":[{"href":"https:\/\/retina.ch\/fr\/wp-json\/wp\/v2\/aktuelles"}],"about":[{"href":"https:\/\/retina.ch\/fr\/wp-json\/wp\/v2\/types\/aktuelles"}],"version-history":[{"count":17,"href":"https:\/\/retina.ch\/fr\/wp-json\/wp\/v2\/aktuelles\/9737\/revisions"}],"predecessor-version":[{"id":16235,"href":"https:\/\/retina.ch\/fr\/wp-json\/wp\/v2\/aktuelles\/9737\/revisions\/16235"}],"wp:attachment":[{"href":"https:\/\/retina.ch\/fr\/wp-json\/wp\/v2\/media?parent=9737"}],"wp:term":[{"taxonomy":"category","embeddable":true,"href":"https:\/\/retina.ch\/fr\/wp-json\/wp\/v2\/categories?post=9737"}],"curies":[{"name":"wp","href":"https:\/\/api.w.org\/{rel}","templated":true}]}}

<p class="has-medium-font-size"><strong><strong>La clinique ophtalmologique de l’Hôpital universitaire de Bâle recherche actuellement des participants à l’étude d’évolution naturelle ‘First Orbit’ (Function and Imaging Assessments for G1961E-associated Stargardt Disease : Outcome Measure Ranking as Basis for Interventional Trials).</strong></strong></p>



<div style="height:30px" aria-hidden="true" class="wp-block-spacer"></div>



<p><strong>But de l’étude</strong><br>En préparation d’une future étude thérapeutique, l’objectif actuel est de comparer systématiquement de nouveaux tests de la fonction visuelle ainsi que de nouvelles méthodes d’imagerie ophtalmologique pour observer l’évolution naturelle de la maladie de Stargardt associée à le G1961E variant.</p>



<p>Dans le cadre de la recherche fondamentale, un traitement pour la maladie de Stargardt associée à le G1961E variant est actuellement en cours de développement.</p>



<p><strong>Conditions de participation</strong><br>Les patients suivants sont recherchés comme participants :</p>



<ul class="wp-block-list">
<li>Maladie de Stargardt avec au moins un variant G1961E
<ul class="wp-block-list">
<li>Synonymes possibles sur votre résultat génétique : G1961E, <em>ABCA4</em><sup>G1961E</sup>, p.Gly1961Glu, c.5882G&gt;A</li>
</ul>
</li>



<li>Patients âgés de plus de 18 ans</li>
</ul>



<p><strong>Temps nécessaire</strong><br>Durée totale : 24 mois<br>L’étude comprend un examen d’inclusion (mois 0), ainsi que des examens au mois 2 (examen de re-test), au mois 12 et au mois 24.<br>Les rendez-vous durent environ 3 à 4 heures (avec les pauses).</p>



<p><strong>Risques</strong><br>Il n’y a pas de risque pour la santé.</p>



<p><strong>Avantages</strong><br>Cette étude peut fournir des informations importantes pour l’évolution de la maladie. Grâce à ces données, il sera possible de démontrer plus précisément les éventuels effets thérapeutiques dans le cadre d’études thérapeutiques futures. On peut donc s’attendre à ce que les patients souffrant de la maladie bénéficient à l’avenir des données recueillies.</p>



<p>L’étude comprend un examen ophtalmologique complet. Dans certaines circonstances, des modifications nécessitant un traitement peuvent être détectées à un stade précoce. Il est toutefois possible que vous ne tiriez aucun bénéfice personnel de votre participation à l’étude. Aucune compensation financière ne sera versée.</p>



<p><strong>Contact et interlocuteur</strong><br>Nous vous prions de prendre contact par e-mail.</p>



<p>Priv.-Doz. Dr. med. Maximilian Pfau<br><a href="mailto:Maximilian.Pfau@usb.ch">Maximilian.Pfau@usb.ch</a><br>Tel. +41 79 525 92 47<br>Hôpital universitaire de Bâle, clinique ophtalmologique<br>Mittlere Strasse 91, CH-4031 Bâle</p>



<p><strong>Protection des données</strong><br>Veuillez prendre note que vos données seront enregistrées si un contact téléphonique ou écrit est établi. Si vous n’êtes pas intéressé(e) par une participation à l’étude, vos données seront immédiatement effacées.</p>



<p></p>



<div style="height:30px" aria-hidden="true" class="wp-block-spacer"></div>

<p>Les sociétés spécialisées allemandes déconseillent le « traitement cubain » en cas de rétinite pigmentaire. De lourdes complications peuvent en découler.</p>

<!-- This site is optimized with the Yoast SEO plugin v27.1.1 - https://yoast.com/product/yoast-seo-wordpress/ -->
<title>Etude d’observation de Stargardt : recherche de participants &#8226; Retina Suisse</title>
<meta name="description" content="etude-d’observation-de-la-maladie-de-Stargardt-recherche de participants" />
<meta name="robots" content="index, follow, max-snippet:-1, max-image-preview:large, max-video-preview:-1" />
<link rel="canonical" href="https://retina.ch/fr/actualites/etude-dobservation-de-la-maladie-de-stargardt-recherche-de-participants/" />
<meta property="og:locale" content="fr_FR" />
<meta property="og:type" content="article" />
<meta property="og:title" content="Etude d’observation de Stargardt : recherche de participants &#8226; Retina Suisse" />
<meta property="og:description" content="etude-d’observation-de-la-maladie-de-Stargardt-recherche de participants" />
<meta property="og:url" content="https://retina.ch/fr/actualites/etude-dobservation-de-la-maladie-de-stargardt-recherche-de-participants/" />
<meta property="og:site_name" content="Retina Suisse" />
<meta property="article:publisher" content="https://www.facebook.com/retinasuisse/" />
<meta property="article:modified_time" content="2024-03-20T15:18:23+00:00" />
<meta name="twitter:card" content="summary_large_image" />
<meta name="twitter:label1" content="Durée de lecture estimée" />
	<meta name="twitter:data1" content="3 minutes" />
<script type="application/ld+json" class="yoast-schema-graph">{"@context":"https://schema.org","@graph":[{"@type":"WebPage","@id":"https://retina.ch/fr/actualites/etude-dobservation-de-la-maladie-de-stargardt-recherche-de-participants/","url":"https://retina.ch/fr/actualites/etude-dobservation-de-la-maladie-de-stargardt-recherche-de-participants/","name":"Etude d’observation de Stargardt : recherche de participants &#8226; Retina Suisse","isPartOf":{"@id":"https://retina.ch/fr/#website"},"datePublished":"2022-09-27T13:46:56+00:00","dateModified":"2024-03-20T15:18:23+00:00","description":"etude-d’observation-de-la-maladie-de-Stargardt-recherche de participants","breadcrumb":{"@id":"https://retina.ch/fr/actualites/etude-dobservation-de-la-maladie-de-stargardt-recherche-de-participants/#breadcrumb"},"inLanguage":"fr-FR","potentialAction":[{"@type":"ReadAction","target":["https://retina.ch/fr/actualites/etude-dobservation-de-la-maladie-de-stargardt-recherche-de-participants/"]}]},{"@type":"BreadcrumbList","@id":"https://retina.ch/fr/actualites/etude-dobservation-de-la-maladie-de-stargardt-recherche-de-participants/#breadcrumb","itemListElement":[{"@type":"ListItem","position":1,"name":"Retina Suisse","item":"https://retina.ch/fr/"},{"@type":"ListItem","position":2,"name":"Actualités","item":"https://retina.ch/fr/actualites/"},{"@type":"ListItem","position":3,"name":"Etude d’observation de Stargardt : recherche de participants"}]},{"@type":"WebSite","@id":"https://retina.ch/fr/#website","url":"https://retina.ch/fr/","name":"Retina Suisse","description":"Retina Suisse ist die Vereinigung von Patientinnen und Patienten mit Retinitis pigmentosa (RP), Makuladegeneration, Usher-Syndrom und anderen Erkrankungen des Augenhintergrundes.","publisher":{"@id":"https://retina.ch/fr/#organization"},"potentialAction":[{"@type":"SearchAction","target":{"@type":"EntryPoint","urlTemplate":"https://retina.ch/fr/?s={search_term_string}"},"query-input":{"@type":"PropertyValueSpecification","valueRequired":true,"valueName":"search_term_string"}}],"inLanguage":"fr-FR"},{"@type":"Organization","@id":"https://retina.ch/fr/#organization","name":"Retina Suisse","url":"https://retina.ch/fr/","logo":{"@type":"ImageObject","inLanguage":"fr-FR","@id":"https://retina.ch/fr/#/schema/logo/image/","url":"https://retina.ch/wp-content/uploads/2020/09/retina-auge-typo.svg","contentUrl":"https://retina.ch/wp-content/uploads/2020/09/retina-auge-typo.svg","width":"1024","height":"1024","caption":"Retina Suisse"},"image":{"@id":"https://retina.ch/fr/#/schema/logo/image/"},"sameAs":["https://www.facebook.com/retinasuisse/"]}]}</script>
<!-- / Yoast SEO plugin. -->

Actualités
