{"id":2647,"date":"2020-09-19T19:25:12","date_gmt":"2020-09-19T17:25:12","guid":{"rendered":"https:\/\/dev.retina.ch\/?page_id=2647"},"modified":"2026-04-02T08:55:40","modified_gmt":"2026-04-02T06:55:40","slug":"comite","status":"publish","type":"page","link":"https:\/\/retina.ch\/fr\/organisation\/comite\/","title":{"rendered":"Comit\u00e9"},"content":{"rendered":"\n<h2 class=\"wp-block-heading\">Pr\u00e9sident<\/h2>\n\n\n\n<p><strong>Laurent Del\u00e9traz<\/strong><br>1228 Plan-les-Ouates<br>E-Mail:&nbsp;<a href=\"mailto:laurent.deletraz@retina.ch\"><\/a><a href=\"mailto:laurent.deletraz@retina.ch\">laurent.deletraz@retina.ch<\/a><\/p>\n\n\n\n<div style=\"height:30px\" aria-hidden=\"true\" class=\"wp-block-spacer\"><\/div>\n\n\n\n<h2 class=\"wp-block-heading\">Vice-pr\u00e9sidente<\/h2>\n\n\n\n<p><strong>Brigitte H\u00fcbschi<\/strong><br>3098 Schliern b. K\u00f6niz<br>E-Mail:&nbsp;<a href=\"mailto:brigitte.huebschi@retina.ch\">brigitte.huebschi@retina.ch<\/a><\/p>\n\n\n\n<div style=\"height:30px\" aria-hidden=\"true\" class=\"wp-block-spacer\"><\/div>\n\n\n\n<h2 class=\"wp-block-heading\">Secr\u00e9taire<\/h2>\n\n\n\n<p><strong>Eveline Zimmermann<\/strong><br>8304 Wallisellen<br>E-Mail: <a href=\"mailto:eveline.zimmermann@retina.ch\">eveline.zimmermann@retina.ch<\/a><\/p>\n\n\n\n<div style=\"height:30px\" aria-hidden=\"true\" class=\"wp-block-spacer\"><\/div>\n\n\n\n<h2 class=\"wp-block-heading\">Tr\u00e9sorier<\/h2>\n\n\n\n<p><strong>Matthias B\u00fctikofer<\/strong><br>8050 Z\u00fcrich<br>E-Mail:&nbsp;<a href=\"mailto:matthias.buetikofer@gmx.ch\">matthias.buetikofer@gmx.ch<\/a><\/p>\n\n\n\n<div style=\"height:30px\" aria-hidden=\"true\" class=\"wp-block-spacer\"><\/div>\n\n\n\n<h2 class=\"wp-block-heading\">Membres<\/h2>\n\n\n\n<p><strong>Sibylla de Vries<\/strong><br>1296 Coppet<br>E-Mail: <a href=\"mailto:sibylla.de.vries@gmail.com\"><a href=\"mailto:sibylla.de.vries@retina.ch\">sibylla.de.vries@retina.ch<\/a><\/a><\/p>\n\n\n\n<p><strong>Claudia Genini<\/strong><br>3012 Bern<br>E-Mail: <a href=\"mailto:claudia.genini@retina.ch\">claudia.genini@retina.ch<\/a><\/p>\n\n\n\n<p><strong>Josephine Hayley-Barker<\/strong><br>8051 Z\u00fcrich<br>E-Mail: <a href=\"mailto:josephine.hayleybarker@retina.ch\">josephine.hayleybarker@retina.ch<\/a><\/p>\n\n\n\n<p><strong>Markus Imboden<\/strong><br>8708 M\u00e4nnedorf<br>E-Mail: <a href=\"E-Mail: markus.imboden@retina.ch\"><a href=\"mailto:markus.imboden@retina.ch\">markus.imboden@retina.ch<\/a><\/a><\/p>\n\n\n\n<p><strong>Rudolf K\u00fcchler<\/strong><br>6064 Kerns<br>E-Mail: <a href=\"mailto:k-g@bluewin.ch\">k-g@bluewin.ch<\/a><\/p>\n\n\n\n<p><strong>Jeannine Sutter<\/strong><br>4058 Basel<br>E-Mail:&nbsp;<a href=\"mailto:jeannine.sutter@retina.ch\">jeannine.sutter@retina.ch<\/a><\/p>\n\n\n\n<p><strong>Tamara Zoller<\/strong><br>6900 Lugano<br>E-Mail:&nbsp;<a href=\"mailto:p.prato@bluewin.ch\">p.prato@bluewin.ch<\/a><\/p>\n","protected":false},"excerpt":{"rendered":"<p>Pr\u00e9sident Laurent Del\u00e9traz1228 Plan-les-OuatesE-Mail:&nbsp;laurent.deletraz@retina.ch Vice-pr\u00e9sidente Brigitte H\u00fcbschi3098 Schliern b. K\u00f6nizE-Mail:&nbsp;brigitte.huebschi@retina.ch Secr\u00e9taire Eveline Zimmermann8304 WallisellenE-Mail: eveline.zimmermann@retina.ch Tr\u00e9sorier Matthias B\u00fctikofer8050 Z\u00fcrichE-Mail:&nbsp;matthias.buetikofer@gmx.ch Membres Sibylla de Vries1296 CoppetE-Mail: sibylla.de.vries@retina.ch Claudia Genini3012 BernE-Mail: claudia.genini@retina.ch Josephine Hayley-Barker8051 Z\u00fcrichE-Mail: josephine.hayleybarker@retina.ch Markus Imboden8708 M\u00e4nnedorfE-Mail: markus.imboden@retina.ch Rudolf K\u00fcchler6064 KernsE-Mail: k-g@bluewin.ch Jeannine Sutter4058 BaselE-Mail:&nbsp;jeannine.sutter@retina.ch Tamara Zoller6900 LuganoE-Mail:&nbsp;p.prato@bluewin.ch<\/p>\n","protected":false},"author":10,"featured_media":0,"parent":2632,"menu_order":25,"comment_status":"closed","ping_status":"closed","template":"","meta":{"_acf_changed":false,"inline_featured_image":false,"_FSMCFIC_featured_image_caption":"","_FSMCFIC_featured_image_nocaption":"","_FSMCFIC_featured_image_hide":"","footnotes":"","_links_to":"","_links_to_target":""},"class_list":["post-2647","page","type-page","status-publish","hentry"],"acf":[],"yoast_head":"<!-- This site is optimized with the Yoast SEO plugin v27.1.1 - https:\/\/yoast.com\/product\/yoast-seo-wordpress\/ -->\n<title>Comit\u00e9 &#8226; Retina Suisse<\/title>\n<meta name=\"description\" content=\"Comit\u00e9\" \/>\n<meta name=\"robots\" content=\"index, follow, max-snippet:-1, max-image-preview:large, max-video-preview:-1\" \/>\n<link rel=\"canonical\" href=\"https:\/\/retina.ch\/fr\/organisation\/comite\/\" \/>\n<meta property=\"og:locale\" content=\"fr_FR\" \/>\n<meta property=\"og:type\" content=\"article\" \/>\n<meta property=\"og:title\" content=\"Comit\u00e9 &#8226; Retina Suisse\" \/>\n<meta property=\"og:description\" content=\"Comit\u00e9\" \/>\n<meta property=\"og:url\" content=\"https:\/\/retina.ch\/fr\/organisation\/comite\/\" \/>\n<meta property=\"og:site_name\" content=\"Retina Suisse\" \/>\n<meta property=\"article:publisher\" content=\"https:\/\/www.facebook.com\/retinasuisse\/\" \/>\n<meta property=\"article:modified_time\" content=\"2026-04-02T06:55:40+00:00\" \/>\n<meta name=\"twitter:card\" content=\"summary_large_image\" \/>\n<meta name=\"twitter:label1\" content=\"Dur\u00e9e de lecture estim\u00e9e\" \/>\n\t<meta name=\"twitter:data1\" content=\"1 minute\" \/>\n<script type=\"application\/ld+json\" class=\"yoast-schema-graph\">{\"@context\":\"https:\/\/schema.org\",\"@graph\":[{\"@type\":\"WebPage\",\"@id\":\"https:\/\/retina.ch\/fr\/organisation\/comite\/\",\"url\":\"https:\/\/retina.ch\/fr\/organisation\/comite\/\",\"name\":\"Comit\u00e9 &#8226; Retina Suisse\",\"isPartOf\":{\"@id\":\"https:\/\/retina.ch\/fr\/#website\"},\"datePublished\":\"2020-09-19T17:25:12+00:00\",\"dateModified\":\"2026-04-02T06:55:40+00:00\",\"description\":\"Comit\u00e9\",\"breadcrumb\":{\"@id\":\"https:\/\/retina.ch\/fr\/organisation\/comite\/#breadcrumb\"},\"inLanguage\":\"fr-FR\",\"potentialAction\":[{\"@type\":\"ReadAction\",\"target\":[\"https:\/\/retina.ch\/fr\/organisation\/comite\/\"]}]},{\"@type\":\"BreadcrumbList\",\"@id\":\"https:\/\/retina.ch\/fr\/organisation\/comite\/#breadcrumb\",\"itemListElement\":[{\"@type\":\"ListItem\",\"position\":1,\"name\":\"Retina Suisse\",\"item\":\"https:\/\/retina.ch\/fr\/\"},{\"@type\":\"ListItem\",\"position\":2,\"name\":\"Organisation\",\"item\":\"https:\/\/retina.ch\/fr\/organisation\/\"},{\"@type\":\"ListItem\",\"position\":3,\"name\":\"Comit\u00e9\"}]},{\"@type\":\"WebSite\",\"@id\":\"https:\/\/retina.ch\/fr\/#website\",\"url\":\"https:\/\/retina.ch\/fr\/\",\"name\":\"Retina Suisse\",\"description\":\"Retina Suisse ist die Vereinigung von Patientinnen und Patienten mit Retinitis pigmentosa (RP), Makuladegeneration, Usher-Syndrom und anderen Erkrankungen des Augenhintergrundes.\",\"publisher\":{\"@id\":\"https:\/\/retina.ch\/fr\/#organization\"},\"potentialAction\":[{\"@type\":\"SearchAction\",\"target\":{\"@type\":\"EntryPoint\",\"urlTemplate\":\"https:\/\/retina.ch\/fr\/?s={search_term_string}\"},\"query-input\":{\"@type\":\"PropertyValueSpecification\",\"valueRequired\":true,\"valueName\":\"search_term_string\"}}],\"inLanguage\":\"fr-FR\"},{\"@type\":\"Organization\",\"@id\":\"https:\/\/retina.ch\/fr\/#organization\",\"name\":\"Retina Suisse\",\"url\":\"https:\/\/retina.ch\/fr\/\",\"logo\":{\"@type\":\"ImageObject\",\"inLanguage\":\"fr-FR\",\"@id\":\"https:\/\/retina.ch\/fr\/#\/schema\/logo\/image\/\",\"url\":\"https:\/\/retina.ch\/wp-content\/uploads\/2020\/09\/retina-auge-typo.svg\",\"contentUrl\":\"https:\/\/retina.ch\/wp-content\/uploads\/2020\/09\/retina-auge-typo.svg\",\"width\":\"1024\",\"height\":\"1024\",\"caption\":\"Retina Suisse\"},\"image\":{\"@id\":\"https:\/\/retina.ch\/fr\/#\/schema\/logo\/image\/\"},\"sameAs\":[\"https:\/\/www.facebook.com\/retinasuisse\/\"]}]}<\/script>\n<!-- \/ Yoast SEO plugin. -->","yoast_head_json":{"title":"Comit\u00e9 &#8226; Retina Suisse","description":"Comit\u00e9","robots":{"index":"index","follow":"follow","max-snippet":"max-snippet:-1","max-image-preview":"max-image-preview:large","max-video-preview":"max-video-preview:-1"},"canonical":"https:\/\/retina.ch\/fr\/organisation\/comite\/","og_locale":"fr_FR","og_type":"article","og_title":"Comit\u00e9 &#8226; Retina Suisse","og_description":"Comit\u00e9","og_url":"https:\/\/retina.ch\/fr\/organisation\/comite\/","og_site_name":"Retina Suisse","article_publisher":"https:\/\/www.facebook.com\/retinasuisse\/","article_modified_time":"2026-04-02T06:55:40+00:00","twitter_card":"summary_large_image","twitter_misc":{"Dur\u00e9e de lecture estim\u00e9e":"1 minute"},"schema":{"@context":"https:\/\/schema.org","@graph":[{"@type":"WebPage","@id":"https:\/\/retina.ch\/fr\/organisation\/comite\/","url":"https:\/\/retina.ch\/fr\/organisation\/comite\/","name":"Comit\u00e9 &#8226; Retina Suisse","isPartOf":{"@id":"https:\/\/retina.ch\/fr\/#website"},"datePublished":"2020-09-19T17:25:12+00:00","dateModified":"2026-04-02T06:55:40+00:00","description":"Comit\u00e9","breadcrumb":{"@id":"https:\/\/retina.ch\/fr\/organisation\/comite\/#breadcrumb"},"inLanguage":"fr-FR","potentialAction":[{"@type":"ReadAction","target":["https:\/\/retina.ch\/fr\/organisation\/comite\/"]}]},{"@type":"BreadcrumbList","@id":"https:\/\/retina.ch\/fr\/organisation\/comite\/#breadcrumb","itemListElement":[{"@type":"ListItem","position":1,"name":"Retina Suisse","item":"https:\/\/retina.ch\/fr\/"},{"@type":"ListItem","position":2,"name":"Organisation","item":"https:\/\/retina.ch\/fr\/organisation\/"},{"@type":"ListItem","position":3,"name":"Comit\u00e9"}]},{"@type":"WebSite","@id":"https:\/\/retina.ch\/fr\/#website","url":"https:\/\/retina.ch\/fr\/","name":"Retina Suisse","description":"Retina Suisse ist die Vereinigung von Patientinnen und Patienten mit Retinitis pigmentosa (RP), Makuladegeneration, Usher-Syndrom und anderen Erkrankungen des Augenhintergrundes.","publisher":{"@id":"https:\/\/retina.ch\/fr\/#organization"},"potentialAction":[{"@type":"SearchAction","target":{"@type":"EntryPoint","urlTemplate":"https:\/\/retina.ch\/fr\/?s={search_term_string}"},"query-input":{"@type":"PropertyValueSpecification","valueRequired":true,"valueName":"search_term_string"}}],"inLanguage":"fr-FR"},{"@type":"Organization","@id":"https:\/\/retina.ch\/fr\/#organization","name":"Retina Suisse","url":"https:\/\/retina.ch\/fr\/","logo":{"@type":"ImageObject","inLanguage":"fr-FR","@id":"https:\/\/retina.ch\/fr\/#\/schema\/logo\/image\/","url":"https:\/\/retina.ch\/wp-content\/uploads\/2020\/09\/retina-auge-typo.svg","contentUrl":"https:\/\/retina.ch\/wp-content\/uploads\/2020\/09\/retina-auge-typo.svg","width":"1024","height":"1024","caption":"Retina Suisse"},"image":{"@id":"https:\/\/retina.ch\/fr\/#\/schema\/logo\/image\/"},"sameAs":["https:\/\/www.facebook.com\/retinasuisse\/"]}]}},"_links":{"self":[{"href":"https:\/\/retina.ch\/fr\/wp-json\/wp\/v2\/pages\/2647","targetHints":{"allow":["GET"]}}],"collection":[{"href":"https:\/\/retina.ch\/fr\/wp-json\/wp\/v2\/pages"}],"about":[{"href":"https:\/\/retina.ch\/fr\/wp-json\/wp\/v2\/types\/page"}],"author":[{"embeddable":true,"href":"https:\/\/retina.ch\/fr\/wp-json\/wp\/v2\/users\/10"}],"replies":[{"embeddable":true,"href":"https:\/\/retina.ch\/fr\/wp-json\/wp\/v2\/comments?post=2647"}],"version-history":[{"count":12,"href":"https:\/\/retina.ch\/fr\/wp-json\/wp\/v2\/pages\/2647\/revisions"}],"predecessor-version":[{"id":26445,"href":"https:\/\/retina.ch\/fr\/wp-json\/wp\/v2\/pages\/2647\/revisions\/26445"}],"up":[{"embeddable":true,"href":"https:\/\/retina.ch\/fr\/wp-json\/wp\/v2\/pages\/2632"}],"wp:attachment":[{"href":"https:\/\/retina.ch\/fr\/wp-json\/wp\/v2\/media?parent=2647"}],"curies":[{"name":"wp","href":"https:\/\/api.w.org\/{rel}","templated":true}]}}

Comité

<h2 class="wp-block-heading">Président</h2>



<p><strong>Laurent Delétraz</strong><br>1228 Plan-les-Ouates<br>E-Mail:&nbsp;<a href="mailto:laurent.deletraz@retina.ch"></a><a href="mailto:laurent.deletraz@retina.ch">laurent.deletraz@retina.ch</a></p>



<div style="height:30px" aria-hidden="true" class="wp-block-spacer"></div>



<h2 class="wp-block-heading">Vice-présidente</h2>



<p><strong>Brigitte Hübschi</strong><br>3098 Schliern b. Köniz<br>E-Mail:&nbsp;<a href="mailto:brigitte.huebschi@retina.ch">brigitte.huebschi@retina.ch</a></p>



<div style="height:30px" aria-hidden="true" class="wp-block-spacer"></div>



<h2 class="wp-block-heading">Secrétaire</h2>



<p><strong>Eveline Zimmermann</strong><br>8304 Wallisellen<br>E-Mail: <a href="mailto:eveline.zimmermann@retina.ch">eveline.zimmermann@retina.ch</a></p>



<div style="height:30px" aria-hidden="true" class="wp-block-spacer"></div>



<h2 class="wp-block-heading">Trésorier</h2>



<p><strong>Matthias Bütikofer</strong><br>8050 Zürich<br>E-Mail:&nbsp;<a href="mailto:matthias.buetikofer@gmx.ch">matthias.buetikofer@gmx.ch</a></p>



<div style="height:30px" aria-hidden="true" class="wp-block-spacer"></div>



<h2 class="wp-block-heading">Membres</h2>



<p><strong>Sibylla de Vries</strong><br>1296 Coppet<br>E-Mail: <a href="mailto:sibylla.de.vries@gmail.com"><a href="mailto:sibylla.de.vries@retina.ch">sibylla.de.vries@retina.ch</a></a></p>



<p><strong>Claudia Genini</strong><br>3012 Bern<br>E-Mail: <a href="mailto:claudia.genini@retina.ch">claudia.genini@retina.ch</a></p>



<p><strong>Josephine Hayley-Barker</strong><br>8051 Zürich<br>E-Mail: <a href="mailto:josephine.hayleybarker@retina.ch">josephine.hayleybarker@retina.ch</a></p>



<p><strong>Markus Imboden</strong><br>8708 Männedorf<br>E-Mail: <a href="E-Mail: markus.imboden@retina.ch"><a href="mailto:markus.imboden@retina.ch">markus.imboden@retina.ch</a></a></p>



<p><strong>Rudolf Küchler</strong><br>6064 Kerns<br>E-Mail: <a href="mailto:k-g@bluewin.ch">k-g@bluewin.ch</a></p>



<p><strong>Jeannine Sutter</strong><br>4058 Basel<br>E-Mail:&nbsp;<a href="mailto:jeannine.sutter@retina.ch">jeannine.sutter@retina.ch</a></p>



<p><strong>Tamara Zoller</strong><br>6900 Lugano<br>E-Mail:&nbsp;<a href="mailto:p.prato@bluewin.ch">p.prato@bluewin.ch</a></p>

<p>Président Laurent Delétraz1228 Plan-les-OuatesE-Mail:&nbsp;laurent.deletraz@retina.ch Vice-présidente Brigitte Hübschi3098 Schliern b. KönizE-Mail:&nbsp;brigitte.huebschi@retina.ch Secrétaire Eveline Zimmermann8304 WallisellenE-Mail: eveline.zimmermann@retina.ch Trésorier Matthias Bütikofer8050 ZürichE-Mail:&nbsp;matthias.buetikofer@gmx.ch Membres Sibylla de Vries1296 CoppetE-Mail: sibylla.de.vries@retina.ch Claudia Genini3012 BernE-Mail: claudia.genini@retina.ch Josephine Hayley-Barker8051 ZürichE-Mail: josephine.hayleybarker@retina.ch Markus Imboden8708 MännedorfE-Mail: markus.imboden@retina.ch Rudolf Küchler6064 KernsE-Mail: k-g@bluewin.ch Jeannine Sutter4058 BaselE-Mail:&nbsp;jeannine.sutter@retina.ch Tamara Zoller6900 LuganoE-Mail:&nbsp;p.prato@bluewin.ch</p>

<!-- This site is optimized with the Yoast SEO plugin v27.1.1 - https://yoast.com/product/yoast-seo-wordpress/ -->
<title>Comité &#8226; Retina Suisse</title>
<meta name="description" content="Comité" />
<meta name="robots" content="index, follow, max-snippet:-1, max-image-preview:large, max-video-preview:-1" />
<link rel="canonical" href="https://retina.ch/fr/organisation/comite/" />
<meta property="og:locale" content="fr_FR" />
<meta property="og:type" content="article" />
<meta property="og:title" content="Comité &#8226; Retina Suisse" />
<meta property="og:description" content="Comité" />
<meta property="og:url" content="https://retina.ch/fr/organisation/comite/" />
<meta property="og:site_name" content="Retina Suisse" />
<meta property="article:publisher" content="https://www.facebook.com/retinasuisse/" />
<meta property="article:modified_time" content="2026-04-02T06:55:40+00:00" />
<meta name="twitter:card" content="summary_large_image" />
<meta name="twitter:label1" content="Durée de lecture estimée" />
	<meta name="twitter:data1" content="1 minute" />
<script type="application/ld+json" class="yoast-schema-graph">{"@context":"https://schema.org","@graph":[{"@type":"WebPage","@id":"https://retina.ch/fr/organisation/comite/","url":"https://retina.ch/fr/organisation/comite/","name":"Comité &#8226; Retina Suisse","isPartOf":{"@id":"https://retina.ch/fr/#website"},"datePublished":"2020-09-19T17:25:12+00:00","dateModified":"2026-04-02T06:55:40+00:00","description":"Comité","breadcrumb":{"@id":"https://retina.ch/fr/organisation/comite/#breadcrumb"},"inLanguage":"fr-FR","potentialAction":[{"@type":"ReadAction","target":["https://retina.ch/fr/organisation/comite/"]}]},{"@type":"BreadcrumbList","@id":"https://retina.ch/fr/organisation/comite/#breadcrumb","itemListElement":[{"@type":"ListItem","position":1,"name":"Retina Suisse","item":"https://retina.ch/fr/"},{"@type":"ListItem","position":2,"name":"Organisation","item":"https://retina.ch/fr/organisation/"},{"@type":"ListItem","position":3,"name":"Comité"}]},{"@type":"WebSite","@id":"https://retina.ch/fr/#website","url":"https://retina.ch/fr/","name":"Retina Suisse","description":"Retina Suisse ist die Vereinigung von Patientinnen und Patienten mit Retinitis pigmentosa (RP), Makuladegeneration, Usher-Syndrom und anderen Erkrankungen des Augenhintergrundes.","publisher":{"@id":"https://retina.ch/fr/#organization"},"potentialAction":[{"@type":"SearchAction","target":{"@type":"EntryPoint","urlTemplate":"https://retina.ch/fr/?s={search_term_string}"},"query-input":{"@type":"PropertyValueSpecification","valueRequired":true,"valueName":"search_term_string"}}],"inLanguage":"fr-FR"},{"@type":"Organization","@id":"https://retina.ch/fr/#organization","name":"Retina Suisse","url":"https://retina.ch/fr/","logo":{"@type":"ImageObject","inLanguage":"fr-FR","@id":"https://retina.ch/fr/#/schema/logo/image/","url":"https://retina.ch/wp-content/uploads/2020/09/retina-auge-typo.svg","contentUrl":"https://retina.ch/wp-content/uploads/2020/09/retina-auge-typo.svg","width":"1024","height":"1024","caption":"Retina Suisse"},"image":{"@id":"https://retina.ch/fr/#/schema/logo/image/"},"sameAs":["https://www.facebook.com/retinasuisse/"]}]}</script>
<!-- / Yoast SEO plugin. -->

Comité &#8226; Retina Suisse
