{"id":2846,"date":"2020-09-19T19:19:50","date_gmt":"2020-09-19T17:19:50","guid":{"rendered":"https:\/\/dev.retina.ch\/?page_id=2846"},"modified":"2023-03-14T14:46:54","modified_gmt":"2023-03-14T13:46:54","slug":"heredite","status":"publish","type":"page","link":"https:\/\/retina.ch\/fr\/degenerescences-retinienne-retina-suisse\/heredite\/","title":{"rendered":"H\u00e9r\u00e9dit\u00e9"},"content":{"rendered":"\t\t<div class=\"archive-flxbx\">\n\t\t\n<article id=\"post-3387\" class=\"post-3387 netzhauterkrankungen type-netzhauterkrankungen status-publish hentry category-heritage\">\n\n\t\t\n\t<div class=\"archive-icon\">\n\t<\/div>\n\t\n\t<a href=\"https:\/\/retina.ch\/fr\/degenerescences-retiniennes\/autosomique-dominante\/\">\n\t<div class=\"archive-date\">\n\t\t<!-- Date  -->\n\t\t<!-- Time  -->\t<\/div><!-- archive-date -->\n\n\t<header class=\"entry-header\">\n\t\t<h2 class=\"entry-title\">Autosomique dominante<\/h2>\t<\/header><!-- .entry-header -->\n\t<\/a>\n\t\n\t<div class=\"archive-details\">\n\t\t\t\n\t\t<!-- Place  -->\n\t\t\t\t\n\t<\/div>\n\n\t<div class=\"entry-content\">\n\t\n\t\t\n\t\t\n\t\t<p>L&rsquo;un des deux parents est affect\u00e9 de la maladie.<\/p>\n\t\t\n\t\t<a href=\"https:\/\/retina.ch\/fr\/degenerescences-retiniennes\/autosomique-dominante\/\" class=\"btn\">suite<\/a>\n\t\t\n\t<\/div><!-- .entry-content -->\n\t\n<\/article><!-- #post-3387 -->\n\n<article id=\"post-3385\" class=\"post-3385 netzhauterkrankungen type-netzhauterkrankungen status-publish hentry category-heritage\">\n\n\t\t\n\t<div class=\"archive-icon\">\n\t<\/div>\n\t\n\t<a href=\"https:\/\/retina.ch\/fr\/degenerescences-retiniennes\/autosomique-recessive\/\">\n\t<div class=\"archive-date\">\n\t\t<!-- Date  -->\n\t\t<!-- Time  -->\t<\/div><!-- archive-date -->\n\n\t<header class=\"entry-header\">\n\t\t<h2 class=\"entry-title\">Autosomique r\u00e9cessive<\/h2>\t<\/header><!-- .entry-header -->\n\t<\/a>\n\t\n\t<div class=\"archive-details\">\n\t\t\t\n\t\t<!-- Place  -->\n\t\t\t\t\n\t<\/div>\n\n\t<div class=\"entry-content\">\n\t\n\t\t\n\t\t\n\t\t<p>Le g\u00e8ne responsable de la maladie est transmis aussi bien par le p\u00e8re que par la m\u00e8re.<\/p>\n\t\t\n\t\t<a href=\"https:\/\/retina.ch\/fr\/degenerescences-retiniennes\/autosomique-recessive\/\" class=\"btn\">suite<\/a>\n\t\t\n\t<\/div><!-- .entry-content -->\n\t\n<\/article><!-- #post-3385 -->\n\n<article id=\"post-3389\" class=\"post-3389 netzhauterkrankungen type-netzhauterkrankungen status-publish hentry category-heritage\">\n\n\t\t\n\t<div class=\"archive-icon\">\n\t<\/div>\n\t\n\t<a href=\"https:\/\/retina.ch\/fr\/degenerescences-retiniennes\/x-linked\/\">\n\t<div class=\"archive-date\">\n\t\t<!-- Date  -->\n\t\t<!-- Time  -->\t<\/div><!-- archive-date -->\n\n\t<header class=\"entry-header\">\n\t\t<h2 class=\"entry-title\">H\u00e9r\u00e9dit\u00e9 li\u00e9e au chromosome X<\/h2>\t<\/header><!-- .entry-header -->\n\t<\/a>\n\t\n\t<div class=\"archive-details\">\n\t\t\t\n\t\t<!-- Place  -->\n\t\t\t\t\n\t<\/div>\n\n\t<div class=\"entry-content\">\n\t\n\t\t\n\t\t\n\t\t<p>La forme li\u00e9e au chromosome X: la m\u00e8re, dans la plupart des cas non atteinte elle-m\u00eame de la maladie, transmet le g\u00e8ne responsable.<\/p>\n\t\t\n\t\t<a href=\"https:\/\/retina.ch\/fr\/degenerescences-retiniennes\/x-linked\/\" class=\"btn\">suite<\/a>\n\t\t\n\t<\/div><!-- .entry-content -->\n\t\n<\/article><!-- #post-3389 -->\n\n<article id=\"post-3979\" class=\"post-3979 netzhauterkrankungen type-netzhauterkrankungen status-publish hentry category-heritage\">\n\n\t\t\n\t<div class=\"archive-icon\">\n\t<\/div>\n\t\n\t<a href=\"https:\/\/retina.ch\/fr\/degenerescences-retiniennes\/mitochondriale\/\">\n\t<div class=\"archive-date\">\n\t\t<!-- Date  -->\n\t\t<!-- Time  -->\t<\/div><!-- archive-date -->\n\n\t<header class=\"entry-header\">\n\t\t<h2 class=\"entry-title\">Mitochondriale<\/h2>\t<\/header><!-- .entry-header -->\n\t<\/a>\n\t\n\t<div class=\"archive-details\">\n\t\t\t\n\t\t<!-- Place  -->\n\t\t\t\t\n\t<\/div>\n\n\t<div class=\"entry-content\">\n\t\n\t\t\n\t\t\n\t\t<p>Cette page est en construction.<\/p>\n\t\t\n\t\t<a href=\"https:\/\/retina.ch\/fr\/degenerescences-retiniennes\/mitochondriale\/\" class=\"btn\">suite<\/a>\n\t\t\n\t<\/div><!-- .entry-content -->\n\t\n<\/article><!-- #post-3979 -->\n<div class=\"nav-links\"><\/div>        <\/div><!-- .flxbx -->\n        \n","protected":false},"excerpt":{"rendered":"","protected":false},"author":1,"featured_media":0,"parent":2818,"menu_order":30,"comment_status":"closed","ping_status":"closed","template":"","meta":{"_acf_changed":false,"inline_featured_image":false,"_FSMCFIC_featured_image_caption":"","_FSMCFIC_featured_image_nocaption":"","_FSMCFIC_featured_image_hide":"","footnotes":"","_links_to":"","_links_to_target":""},"class_list":["post-2846","page","type-page","status-publish","hentry"],"acf":[],"yoast_head":"<!-- This site is optimized with the Yoast SEO plugin v27.1.1 - https:\/\/yoast.com\/product\/yoast-seo-wordpress\/ -->\n<title>H\u00e9r\u00e9dit\u00e9 &#8226; Retina Suisse<\/title>\n<meta name=\"description\" content=\"H\u00e9r\u00e9dit\u00e9\" \/>\n<meta name=\"robots\" content=\"index, follow, max-snippet:-1, max-image-preview:large, max-video-preview:-1\" \/>\n<link rel=\"canonical\" href=\"https:\/\/retina.ch\/fr\/degenerescences-retinienne-retina-suisse\/heredite\/\" \/>\n<meta property=\"og:locale\" content=\"fr_FR\" \/>\n<meta property=\"og:type\" content=\"article\" \/>\n<meta property=\"og:title\" content=\"H\u00e9r\u00e9dit\u00e9 &#8226; Retina Suisse\" \/>\n<meta property=\"og:description\" content=\"H\u00e9r\u00e9dit\u00e9\" \/>\n<meta property=\"og:url\" content=\"https:\/\/retina.ch\/fr\/degenerescences-retinienne-retina-suisse\/heredite\/\" \/>\n<meta property=\"og:site_name\" content=\"Retina Suisse\" \/>\n<meta property=\"article:publisher\" content=\"https:\/\/www.facebook.com\/retinasuisse\/\" \/>\n<meta property=\"article:modified_time\" content=\"2023-03-14T13:46:54+00:00\" \/>\n<meta name=\"twitter:card\" content=\"summary_large_image\" \/>\n<meta name=\"twitter:label1\" content=\"Dur\u00e9e de lecture estim\u00e9e\" \/>\n\t<meta name=\"twitter:data1\" content=\"1 minute\" \/>\n<script type=\"application\/ld+json\" class=\"yoast-schema-graph\">{\"@context\":\"https:\/\/schema.org\",\"@graph\":[{\"@type\":\"WebPage\",\"@id\":\"https:\/\/retina.ch\/fr\/degenerescences-retinienne-retina-suisse\/heredite\/\",\"url\":\"https:\/\/retina.ch\/fr\/degenerescences-retinienne-retina-suisse\/heredite\/\",\"name\":\"H\u00e9r\u00e9dit\u00e9 &#8226; Retina Suisse\",\"isPartOf\":{\"@id\":\"https:\/\/retina.ch\/fr\/#website\"},\"datePublished\":\"2020-09-19T17:19:50+00:00\",\"dateModified\":\"2023-03-14T13:46:54+00:00\",\"description\":\"H\u00e9r\u00e9dit\u00e9\",\"breadcrumb\":{\"@id\":\"https:\/\/retina.ch\/fr\/degenerescences-retinienne-retina-suisse\/heredite\/#breadcrumb\"},\"inLanguage\":\"fr-FR\",\"potentialAction\":[{\"@type\":\"ReadAction\",\"target\":[\"https:\/\/retina.ch\/fr\/degenerescences-retinienne-retina-suisse\/heredite\/\"]}]},{\"@type\":\"BreadcrumbList\",\"@id\":\"https:\/\/retina.ch\/fr\/degenerescences-retinienne-retina-suisse\/heredite\/#breadcrumb\",\"itemListElement\":[{\"@type\":\"ListItem\",\"position\":1,\"name\":\"Retina Suisse\",\"item\":\"https:\/\/retina.ch\/fr\/\"},{\"@type\":\"ListItem\",\"position\":2,\"name\":\"Les d\u00e9g\u00e9n\u00e9rescences r\u00e9tiniennes\",\"item\":\"https:\/\/retina.ch\/fr\/degenerescences-retinienne-retina-suisse\/\"},{\"@type\":\"ListItem\",\"position\":3,\"name\":\"H\u00e9r\u00e9dit\u00e9\"}]},{\"@type\":\"WebSite\",\"@id\":\"https:\/\/retina.ch\/fr\/#website\",\"url\":\"https:\/\/retina.ch\/fr\/\",\"name\":\"Retina Suisse\",\"description\":\"Retina Suisse ist die Vereinigung von Patientinnen und Patienten mit Retinitis pigmentosa (RP), Makuladegeneration, Usher-Syndrom und anderen Erkrankungen des Augenhintergrundes.\",\"publisher\":{\"@id\":\"https:\/\/retina.ch\/fr\/#organization\"},\"potentialAction\":[{\"@type\":\"SearchAction\",\"target\":{\"@type\":\"EntryPoint\",\"urlTemplate\":\"https:\/\/retina.ch\/fr\/?s={search_term_string}\"},\"query-input\":{\"@type\":\"PropertyValueSpecification\",\"valueRequired\":true,\"valueName\":\"search_term_string\"}}],\"inLanguage\":\"fr-FR\"},{\"@type\":\"Organization\",\"@id\":\"https:\/\/retina.ch\/fr\/#organization\",\"name\":\"Retina Suisse\",\"url\":\"https:\/\/retina.ch\/fr\/\",\"logo\":{\"@type\":\"ImageObject\",\"inLanguage\":\"fr-FR\",\"@id\":\"https:\/\/retina.ch\/fr\/#\/schema\/logo\/image\/\",\"url\":\"https:\/\/retina.ch\/wp-content\/uploads\/2020\/09\/retina-auge-typo.svg\",\"contentUrl\":\"https:\/\/retina.ch\/wp-content\/uploads\/2020\/09\/retina-auge-typo.svg\",\"width\":\"1024\",\"height\":\"1024\",\"caption\":\"Retina Suisse\"},\"image\":{\"@id\":\"https:\/\/retina.ch\/fr\/#\/schema\/logo\/image\/\"},\"sameAs\":[\"https:\/\/www.facebook.com\/retinasuisse\/\"]}]}<\/script>\n<!-- \/ Yoast SEO plugin. -->","yoast_head_json":{"title":"H\u00e9r\u00e9dit\u00e9 &#8226; Retina Suisse","description":"H\u00e9r\u00e9dit\u00e9","robots":{"index":"index","follow":"follow","max-snippet":"max-snippet:-1","max-image-preview":"max-image-preview:large","max-video-preview":"max-video-preview:-1"},"canonical":"https:\/\/retina.ch\/fr\/degenerescences-retinienne-retina-suisse\/heredite\/","og_locale":"fr_FR","og_type":"article","og_title":"H\u00e9r\u00e9dit\u00e9 &#8226; Retina Suisse","og_description":"H\u00e9r\u00e9dit\u00e9","og_url":"https:\/\/retina.ch\/fr\/degenerescences-retinienne-retina-suisse\/heredite\/","og_site_name":"Retina Suisse","article_publisher":"https:\/\/www.facebook.com\/retinasuisse\/","article_modified_time":"2023-03-14T13:46:54+00:00","twitter_card":"summary_large_image","twitter_misc":{"Dur\u00e9e de lecture estim\u00e9e":"1 minute"},"schema":{"@context":"https:\/\/schema.org","@graph":[{"@type":"WebPage","@id":"https:\/\/retina.ch\/fr\/degenerescences-retinienne-retina-suisse\/heredite\/","url":"https:\/\/retina.ch\/fr\/degenerescences-retinienne-retina-suisse\/heredite\/","name":"H\u00e9r\u00e9dit\u00e9 &#8226; Retina Suisse","isPartOf":{"@id":"https:\/\/retina.ch\/fr\/#website"},"datePublished":"2020-09-19T17:19:50+00:00","dateModified":"2023-03-14T13:46:54+00:00","description":"H\u00e9r\u00e9dit\u00e9","breadcrumb":{"@id":"https:\/\/retina.ch\/fr\/degenerescences-retinienne-retina-suisse\/heredite\/#breadcrumb"},"inLanguage":"fr-FR","potentialAction":[{"@type":"ReadAction","target":["https:\/\/retina.ch\/fr\/degenerescences-retinienne-retina-suisse\/heredite\/"]}]},{"@type":"BreadcrumbList","@id":"https:\/\/retina.ch\/fr\/degenerescences-retinienne-retina-suisse\/heredite\/#breadcrumb","itemListElement":[{"@type":"ListItem","position":1,"name":"Retina Suisse","item":"https:\/\/retina.ch\/fr\/"},{"@type":"ListItem","position":2,"name":"Les d\u00e9g\u00e9n\u00e9rescences r\u00e9tiniennes","item":"https:\/\/retina.ch\/fr\/degenerescences-retinienne-retina-suisse\/"},{"@type":"ListItem","position":3,"name":"H\u00e9r\u00e9dit\u00e9"}]},{"@type":"WebSite","@id":"https:\/\/retina.ch\/fr\/#website","url":"https:\/\/retina.ch\/fr\/","name":"Retina Suisse","description":"Retina Suisse ist die Vereinigung von Patientinnen und Patienten mit Retinitis pigmentosa (RP), Makuladegeneration, Usher-Syndrom und anderen Erkrankungen des Augenhintergrundes.","publisher":{"@id":"https:\/\/retina.ch\/fr\/#organization"},"potentialAction":[{"@type":"SearchAction","target":{"@type":"EntryPoint","urlTemplate":"https:\/\/retina.ch\/fr\/?s={search_term_string}"},"query-input":{"@type":"PropertyValueSpecification","valueRequired":true,"valueName":"search_term_string"}}],"inLanguage":"fr-FR"},{"@type":"Organization","@id":"https:\/\/retina.ch\/fr\/#organization","name":"Retina Suisse","url":"https:\/\/retina.ch\/fr\/","logo":{"@type":"ImageObject","inLanguage":"fr-FR","@id":"https:\/\/retina.ch\/fr\/#\/schema\/logo\/image\/","url":"https:\/\/retina.ch\/wp-content\/uploads\/2020\/09\/retina-auge-typo.svg","contentUrl":"https:\/\/retina.ch\/wp-content\/uploads\/2020\/09\/retina-auge-typo.svg","width":"1024","height":"1024","caption":"Retina Suisse"},"image":{"@id":"https:\/\/retina.ch\/fr\/#\/schema\/logo\/image\/"},"sameAs":["https:\/\/www.facebook.com\/retinasuisse\/"]}]}},"_links":{"self":[{"href":"https:\/\/retina.ch\/fr\/wp-json\/wp\/v2\/pages\/2846","targetHints":{"allow":["GET"]}}],"collection":[{"href":"https:\/\/retina.ch\/fr\/wp-json\/wp\/v2\/pages"}],"about":[{"href":"https:\/\/retina.ch\/fr\/wp-json\/wp\/v2\/types\/page"}],"author":[{"embeddable":true,"href":"https:\/\/retina.ch\/fr\/wp-json\/wp\/v2\/users\/1"}],"replies":[{"embeddable":true,"href":"https:\/\/retina.ch\/fr\/wp-json\/wp\/v2\/comments?post=2846"}],"version-history":[{"count":1,"href":"https:\/\/retina.ch\/fr\/wp-json\/wp\/v2\/pages\/2846\/revisions"}],"predecessor-version":[{"id":10563,"href":"https:\/\/retina.ch\/fr\/wp-json\/wp\/v2\/pages\/2846\/revisions\/10563"}],"up":[{"embeddable":true,"href":"https:\/\/retina.ch\/fr\/wp-json\/wp\/v2\/pages\/2818"}],"wp:attachment":[{"href":"https:\/\/retina.ch\/fr\/wp-json\/wp\/v2\/media?parent=2846"}],"curies":[{"name":"wp","href":"https:\/\/api.w.org\/{rel}","templated":true}]}}

Hérédité

<div class="archive-flxbx">
		
<article id="post-3387" class="post-3387 netzhauterkrankungen type-netzhauterkrankungen status-publish hentry category-heritage">

		
	<div class="archive-icon">
	</div>
	
	<a href="https://retina.ch/fr/degenerescences-retiniennes/autosomique-dominante/">
	<div class="archive-date">
		<!-- Date  -->
		<!-- Time  -->	</div><!-- archive-date -->

	<header class="entry-header">
		<h2 class="entry-title">Autosomique dominante</h2>	</header><!-- .entry-header -->
	</a>
	
	<div class="archive-details">
			
		<!-- Place  -->
				
	</div>

	<div class="entry-content">
	
		
		
		<p>L&rsquo;un des deux parents est affecté de la maladie.</p>
		
		<a href="https://retina.ch/fr/degenerescences-retiniennes/autosomique-dominante/" class="btn">suite</a>
		
	</div><!-- .entry-content -->
	
</article><!-- #post-3387 -->

<article id="post-3385" class="post-3385 netzhauterkrankungen type-netzhauterkrankungen status-publish hentry category-heritage">

		
	<div class="archive-icon">
	</div>
	
	<a href="https://retina.ch/fr/degenerescences-retiniennes/autosomique-recessive/">
	<div class="archive-date">
		<!-- Date  -->
		<!-- Time  -->	</div><!-- archive-date -->

	<header class="entry-header">
		<h2 class="entry-title">Autosomique récessive</h2>	</header><!-- .entry-header -->
	</a>
	
	<div class="archive-details">
			
		<!-- Place  -->
				
	</div>

	<div class="entry-content">
	
		
		
		<p>Le gène responsable de la maladie est transmis aussi bien par le père que par la mère.</p>
		
		<a href="https://retina.ch/fr/degenerescences-retiniennes/autosomique-recessive/" class="btn">suite</a>
		
	</div><!-- .entry-content -->
	
</article><!-- #post-3385 -->

<article id="post-3389" class="post-3389 netzhauterkrankungen type-netzhauterkrankungen status-publish hentry category-heritage">

		
	<div class="archive-icon">
	</div>
	
	<a href="https://retina.ch/fr/degenerescences-retiniennes/x-linked/">
	<div class="archive-date">
		<!-- Date  -->
		<!-- Time  -->	</div><!-- archive-date -->

	<header class="entry-header">
		<h2 class="entry-title">Hérédité liée au chromosome X</h2>	</header><!-- .entry-header -->
	</a>
	
	<div class="archive-details">
			
		<!-- Place  -->
				
	</div>

	<div class="entry-content">
	
		
		
		<p>La forme liée au chromosome X: la mère, dans la plupart des cas non atteinte elle-même de la maladie, transmet le gène responsable.</p>
		
		<a href="https://retina.ch/fr/degenerescences-retiniennes/x-linked/" class="btn">suite</a>
		
	</div><!-- .entry-content -->
	
</article><!-- #post-3389 -->

<article id="post-3979" class="post-3979 netzhauterkrankungen type-netzhauterkrankungen status-publish hentry category-heritage">

		
	<div class="archive-icon">
	</div>
	
	<a href="https://retina.ch/fr/degenerescences-retiniennes/mitochondriale/">
	<div class="archive-date">
		<!-- Date  -->
		<!-- Time  -->	</div><!-- archive-date -->

	<header class="entry-header">
		<h2 class="entry-title">Mitochondriale</h2>	</header><!-- .entry-header -->
	</a>
	
	<div class="archive-details">
			
		<!-- Place  -->
				
	</div>

	<div class="entry-content">
	
		
		
		<p>Cette page est en construction.</p>
		
		<a href="https://retina.ch/fr/degenerescences-retiniennes/mitochondriale/" class="btn">suite</a>
		
	</div><!-- .entry-content -->
	
</article><!-- #post-3979 -->
<div class="nav-links"></div>        </div><!-- .flxbx -->

<!-- This site is optimized with the Yoast SEO plugin v27.1.1 - https://yoast.com/product/yoast-seo-wordpress/ -->
<title>Hérédité &#8226; Retina Suisse</title>
<meta name="description" content="Hérédité" />
<meta name="robots" content="index, follow, max-snippet:-1, max-image-preview:large, max-video-preview:-1" />
<link rel="canonical" href="https://retina.ch/fr/degenerescences-retinienne-retina-suisse/heredite/" />
<meta property="og:locale" content="fr_FR" />
<meta property="og:type" content="article" />
<meta property="og:title" content="Hérédité &#8226; Retina Suisse" />
<meta property="og:description" content="Hérédité" />
<meta property="og:url" content="https://retina.ch/fr/degenerescences-retinienne-retina-suisse/heredite/" />
<meta property="og:site_name" content="Retina Suisse" />
<meta property="article:publisher" content="https://www.facebook.com/retinasuisse/" />
<meta property="article:modified_time" content="2023-03-14T13:46:54+00:00" />
<meta name="twitter:card" content="summary_large_image" />
<meta name="twitter:label1" content="Durée de lecture estimée" />
	<meta name="twitter:data1" content="1 minute" />
<script type="application/ld+json" class="yoast-schema-graph">{"@context":"https://schema.org","@graph":[{"@type":"WebPage","@id":"https://retina.ch/fr/degenerescences-retinienne-retina-suisse/heredite/","url":"https://retina.ch/fr/degenerescences-retinienne-retina-suisse/heredite/","name":"Hérédité &#8226; Retina Suisse","isPartOf":{"@id":"https://retina.ch/fr/#website"},"datePublished":"2020-09-19T17:19:50+00:00","dateModified":"2023-03-14T13:46:54+00:00","description":"Hérédité","breadcrumb":{"@id":"https://retina.ch/fr/degenerescences-retinienne-retina-suisse/heredite/#breadcrumb"},"inLanguage":"fr-FR","potentialAction":[{"@type":"ReadAction","target":["https://retina.ch/fr/degenerescences-retinienne-retina-suisse/heredite/"]}]},{"@type":"BreadcrumbList","@id":"https://retina.ch/fr/degenerescences-retinienne-retina-suisse/heredite/#breadcrumb","itemListElement":[{"@type":"ListItem","position":1,"name":"Retina Suisse","item":"https://retina.ch/fr/"},{"@type":"ListItem","position":2,"name":"Les dégénérescences rétiniennes","item":"https://retina.ch/fr/degenerescences-retinienne-retina-suisse/"},{"@type":"ListItem","position":3,"name":"Hérédité"}]},{"@type":"WebSite","@id":"https://retina.ch/fr/#website","url":"https://retina.ch/fr/","name":"Retina Suisse","description":"Retina Suisse ist die Vereinigung von Patientinnen und Patienten mit Retinitis pigmentosa (RP), Makuladegeneration, Usher-Syndrom und anderen Erkrankungen des Augenhintergrundes.","publisher":{"@id":"https://retina.ch/fr/#organization"},"potentialAction":[{"@type":"SearchAction","target":{"@type":"EntryPoint","urlTemplate":"https://retina.ch/fr/?s={search_term_string}"},"query-input":{"@type":"PropertyValueSpecification","valueRequired":true,"valueName":"search_term_string"}}],"inLanguage":"fr-FR"},{"@type":"Organization","@id":"https://retina.ch/fr/#organization","name":"Retina Suisse","url":"https://retina.ch/fr/","logo":{"@type":"ImageObject","inLanguage":"fr-FR","@id":"https://retina.ch/fr/#/schema/logo/image/","url":"https://retina.ch/wp-content/uploads/2020/09/retina-auge-typo.svg","contentUrl":"https://retina.ch/wp-content/uploads/2020/09/retina-auge-typo.svg","width":"1024","height":"1024","caption":"Retina Suisse"},"image":{"@id":"https://retina.ch/fr/#/schema/logo/image/"},"sameAs":["https://www.facebook.com/retinasuisse/"]}]}</script>
<!-- / Yoast SEO plugin. -->

Hérédité &#8226; Retina Suisse

Les dégénérescences rétiniennes
