{"id":20815,"date":"2025-01-10T15:38:57","date_gmt":"2025-01-10T14:38:57","guid":{"rendered":"https:\/\/retina.ch\/?post_type=ratgeber&#038;p=20815"},"modified":"2025-02-27T05:08:37","modified_gmt":"2025-02-27T04:08:37","slug":"que-doivent-declarer-les-personnes-malvoyantes-et-aveugles","status":"publish","type":"ratgeber","link":"https:\/\/retina.ch\/fr\/conseils\/que-doivent-declarer-les-personnes-malvoyantes-et-aveugles\/","title":{"rendered":"Que doivent d\u00e9clarer les personnes malvoyantes et aveugles ?"},"content":{"rendered":"\n<p>Chaque ann\u00e9e, c\u2019est la m\u00eame rengaine : il faut remplir sa d\u00e9claration d\u2019imp\u00f4ts. Nous vous pr\u00e9sentons une liste, \u00e9labor\u00e9e par la F\u00e9d\u00e9ration suisse des aveugles et malvoyants \u2013 une liste de toutes les d\u00e9ductions que seules les personnes en situation de handicap peuvent faire valoir.<\/p>\n\n\n\n<p><a href=\"https:\/\/sbv-fsa.ch\/fr\/impots\/\">D\u00e9ductions fiscales pour les malvoyants selon la FSA : lisez la suite ici<\/a><\/p>\n","protected":false},"excerpt":{"rendered":"<p>Chaque ann\u00e9e, c\u2019est la m\u00eame rengaine : il faut remplir sa d\u00e9claration d\u2019imp\u00f4ts. Nous vous pr\u00e9sentons une liste, \u00e9labor\u00e9e par la F\u00e9d\u00e9ration suisse des aveugles et malvoyants \u2013 une liste de toutes les d\u00e9ductions que seules les personnes en situation de handicap peuvent faire valoir.<\/p>\n","protected":false},"featured_media":20622,"template":"","meta":{"_acf_changed":false,"inline_featured_image":false,"_FSMCFIC_featured_image_caption":"","_FSMCFIC_featured_image_nocaption":"","_FSMCFIC_featured_image_hide":"","footnotes":"","_links_to":"","_links_to_target":""},"categories":[140],"class_list":["post-20815","ratgeber","type-ratgeber","status-publish","has-post-thumbnail","hentry","category-conseils"],"acf":[],"yoast_head":"<!-- This site is optimized with the Yoast SEO plugin v27.1.1 - https:\/\/yoast.com\/product\/yoast-seo-wordpress\/ -->\n<title>Que doivent d\u00e9clarer les personnes malvoyantes et aveugles ? &#8226; Retina Suisse<\/title>\n<meta name=\"robots\" content=\"index, follow, max-snippet:-1, max-image-preview:large, max-video-preview:-1\" \/>\n<link rel=\"canonical\" href=\"https:\/\/retina.ch\/fr\/conseils\/que-doivent-declarer-les-personnes-malvoyantes-et-aveugles\/\" \/>\n<meta property=\"og:locale\" content=\"fr_FR\" \/>\n<meta property=\"og:type\" content=\"article\" \/>\n<meta property=\"og:title\" content=\"Que doivent d\u00e9clarer les personnes malvoyantes et aveugles ? &#8226; Retina Suisse\" \/>\n<meta property=\"og:description\" content=\"Chaque ann\u00e9e, c\u2019est la m\u00eame rengaine : il faut remplir sa d\u00e9claration d\u2019imp\u00f4ts. Nous vous pr\u00e9sentons une liste, \u00e9labor\u00e9e par la F\u00e9d\u00e9ration suisse des aveugles et malvoyants \u2013 une liste de toutes les d\u00e9ductions que seules les personnes en situation de handicap peuvent faire valoir.\" \/>\n<meta property=\"og:url\" content=\"https:\/\/retina.ch\/fr\/conseils\/que-doivent-declarer-les-personnes-malvoyantes-et-aveugles\/\" \/>\n<meta property=\"og:site_name\" content=\"Retina Suisse\" \/>\n<meta property=\"article:publisher\" content=\"https:\/\/www.facebook.com\/retinasuisse\/\" \/>\n<meta property=\"article:modified_time\" content=\"2025-02-27T04:08:37+00:00\" \/>\n<meta property=\"og:image\" content=\"https:\/\/retina.ch\/wp-content\/uploads\/2025\/01\/sbv-bild-frau-mit-brille-und-steuererklaerunug.jpg\" \/>\n\t<meta property=\"og:image:width\" content=\"944\" \/>\n\t<meta property=\"og:image:height\" content=\"872\" \/>\n\t<meta property=\"og:image:type\" content=\"image\/jpeg\" \/>\n<meta name=\"twitter:card\" content=\"summary_large_image\" \/>\n<meta name=\"twitter:label1\" content=\"Dur\u00e9e de lecture estim\u00e9e\" \/>\n\t<meta name=\"twitter:data1\" content=\"1 minute\" \/>\n<script type=\"application\/ld+json\" class=\"yoast-schema-graph\">{\"@context\":\"https:\/\/schema.org\",\"@graph\":[{\"@type\":\"WebPage\",\"@id\":\"https:\/\/retina.ch\/fr\/conseils\/que-doivent-declarer-les-personnes-malvoyantes-et-aveugles\/\",\"url\":\"https:\/\/retina.ch\/fr\/conseils\/que-doivent-declarer-les-personnes-malvoyantes-et-aveugles\/\",\"name\":\"Que doivent d\u00e9clarer les personnes malvoyantes et aveugles ? &#8226; Retina Suisse\",\"isPartOf\":{\"@id\":\"https:\/\/retina.ch\/fr\/#website\"},\"primaryImageOfPage\":{\"@id\":\"https:\/\/retina.ch\/fr\/conseils\/que-doivent-declarer-les-personnes-malvoyantes-et-aveugles\/#primaryimage\"},\"image\":{\"@id\":\"https:\/\/retina.ch\/fr\/conseils\/que-doivent-declarer-les-personnes-malvoyantes-et-aveugles\/#primaryimage\"},\"thumbnailUrl\":\"https:\/\/retina.ch\/wp-content\/uploads\/2025\/01\/sbv-bild-frau-mit-brille-und-steuererklaerunug.jpg\",\"datePublished\":\"2025-01-10T14:38:57+00:00\",\"dateModified\":\"2025-02-27T04:08:37+00:00\",\"breadcrumb\":{\"@id\":\"https:\/\/retina.ch\/fr\/conseils\/que-doivent-declarer-les-personnes-malvoyantes-et-aveugles\/#breadcrumb\"},\"inLanguage\":\"fr-FR\",\"potentialAction\":[{\"@type\":\"ReadAction\",\"target\":[\"https:\/\/retina.ch\/fr\/conseils\/que-doivent-declarer-les-personnes-malvoyantes-et-aveugles\/\"]}]},{\"@type\":\"ImageObject\",\"inLanguage\":\"fr-FR\",\"@id\":\"https:\/\/retina.ch\/fr\/conseils\/que-doivent-declarer-les-personnes-malvoyantes-et-aveugles\/#primaryimage\",\"url\":\"https:\/\/retina.ch\/wp-content\/uploads\/2025\/01\/sbv-bild-frau-mit-brille-und-steuererklaerunug.jpg\",\"contentUrl\":\"https:\/\/retina.ch\/wp-content\/uploads\/2025\/01\/sbv-bild-frau-mit-brille-und-steuererklaerunug.jpg\",\"width\":944,\"height\":872},{\"@type\":\"BreadcrumbList\",\"@id\":\"https:\/\/retina.ch\/fr\/conseils\/que-doivent-declarer-les-personnes-malvoyantes-et-aveugles\/#breadcrumb\",\"itemListElement\":[{\"@type\":\"ListItem\",\"position\":1,\"name\":\"Retina Suisse\",\"item\":\"https:\/\/retina.ch\/fr\/\"},{\"@type\":\"ListItem\",\"position\":2,\"name\":\"Que doivent d\u00e9clarer les personnes malvoyantes et aveugles ?\"}]},{\"@type\":\"WebSite\",\"@id\":\"https:\/\/retina.ch\/fr\/#website\",\"url\":\"https:\/\/retina.ch\/fr\/\",\"name\":\"Retina Suisse\",\"description\":\"Retina Suisse ist die Vereinigung von Patientinnen und Patienten mit Retinitis pigmentosa (RP), Makuladegeneration, Usher-Syndrom und anderen Erkrankungen des Augenhintergrundes.\",\"publisher\":{\"@id\":\"https:\/\/retina.ch\/fr\/#organization\"},\"potentialAction\":[{\"@type\":\"SearchAction\",\"target\":{\"@type\":\"EntryPoint\",\"urlTemplate\":\"https:\/\/retina.ch\/fr\/?s={search_term_string}\"},\"query-input\":{\"@type\":\"PropertyValueSpecification\",\"valueRequired\":true,\"valueName\":\"search_term_string\"}}],\"inLanguage\":\"fr-FR\"},{\"@type\":\"Organization\",\"@id\":\"https:\/\/retina.ch\/fr\/#organization\",\"name\":\"Retina Suisse\",\"url\":\"https:\/\/retina.ch\/fr\/\",\"logo\":{\"@type\":\"ImageObject\",\"inLanguage\":\"fr-FR\",\"@id\":\"https:\/\/retina.ch\/fr\/#\/schema\/logo\/image\/\",\"url\":\"https:\/\/retina.ch\/wp-content\/uploads\/2020\/09\/retina-auge-typo.svg\",\"contentUrl\":\"https:\/\/retina.ch\/wp-content\/uploads\/2020\/09\/retina-auge-typo.svg\",\"width\":\"1024\",\"height\":\"1024\",\"caption\":\"Retina Suisse\"},\"image\":{\"@id\":\"https:\/\/retina.ch\/fr\/#\/schema\/logo\/image\/\"},\"sameAs\":[\"https:\/\/www.facebook.com\/retinasuisse\/\"]}]}<\/script>\n<!-- \/ Yoast SEO plugin. -->","yoast_head_json":{"title":"Que doivent d\u00e9clarer les personnes malvoyantes et aveugles ? &#8226; Retina Suisse","robots":{"index":"index","follow":"follow","max-snippet":"max-snippet:-1","max-image-preview":"max-image-preview:large","max-video-preview":"max-video-preview:-1"},"canonical":"https:\/\/retina.ch\/fr\/conseils\/que-doivent-declarer-les-personnes-malvoyantes-et-aveugles\/","og_locale":"fr_FR","og_type":"article","og_title":"Que doivent d\u00e9clarer les personnes malvoyantes et aveugles ? &#8226; Retina Suisse","og_description":"Chaque ann\u00e9e, c\u2019est la m\u00eame rengaine : il faut remplir sa d\u00e9claration d\u2019imp\u00f4ts. Nous vous pr\u00e9sentons une liste, \u00e9labor\u00e9e par la F\u00e9d\u00e9ration suisse des aveugles et malvoyants \u2013 une liste de toutes les d\u00e9ductions que seules les personnes en situation de handicap peuvent faire valoir.","og_url":"https:\/\/retina.ch\/fr\/conseils\/que-doivent-declarer-les-personnes-malvoyantes-et-aveugles\/","og_site_name":"Retina Suisse","article_publisher":"https:\/\/www.facebook.com\/retinasuisse\/","article_modified_time":"2025-02-27T04:08:37+00:00","og_image":[{"width":944,"height":872,"url":"https:\/\/retina.ch\/wp-content\/uploads\/2025\/01\/sbv-bild-frau-mit-brille-und-steuererklaerunug.jpg","type":"image\/jpeg"}],"twitter_card":"summary_large_image","twitter_misc":{"Dur\u00e9e de lecture estim\u00e9e":"1 minute"},"schema":{"@context":"https:\/\/schema.org","@graph":[{"@type":"WebPage","@id":"https:\/\/retina.ch\/fr\/conseils\/que-doivent-declarer-les-personnes-malvoyantes-et-aveugles\/","url":"https:\/\/retina.ch\/fr\/conseils\/que-doivent-declarer-les-personnes-malvoyantes-et-aveugles\/","name":"Que doivent d\u00e9clarer les personnes malvoyantes et aveugles ? &#8226; Retina Suisse","isPartOf":{"@id":"https:\/\/retina.ch\/fr\/#website"},"primaryImageOfPage":{"@id":"https:\/\/retina.ch\/fr\/conseils\/que-doivent-declarer-les-personnes-malvoyantes-et-aveugles\/#primaryimage"},"image":{"@id":"https:\/\/retina.ch\/fr\/conseils\/que-doivent-declarer-les-personnes-malvoyantes-et-aveugles\/#primaryimage"},"thumbnailUrl":"https:\/\/retina.ch\/wp-content\/uploads\/2025\/01\/sbv-bild-frau-mit-brille-und-steuererklaerunug.jpg","datePublished":"2025-01-10T14:38:57+00:00","dateModified":"2025-02-27T04:08:37+00:00","breadcrumb":{"@id":"https:\/\/retina.ch\/fr\/conseils\/que-doivent-declarer-les-personnes-malvoyantes-et-aveugles\/#breadcrumb"},"inLanguage":"fr-FR","potentialAction":[{"@type":"ReadAction","target":["https:\/\/retina.ch\/fr\/conseils\/que-doivent-declarer-les-personnes-malvoyantes-et-aveugles\/"]}]},{"@type":"ImageObject","inLanguage":"fr-FR","@id":"https:\/\/retina.ch\/fr\/conseils\/que-doivent-declarer-les-personnes-malvoyantes-et-aveugles\/#primaryimage","url":"https:\/\/retina.ch\/wp-content\/uploads\/2025\/01\/sbv-bild-frau-mit-brille-und-steuererklaerunug.jpg","contentUrl":"https:\/\/retina.ch\/wp-content\/uploads\/2025\/01\/sbv-bild-frau-mit-brille-und-steuererklaerunug.jpg","width":944,"height":872},{"@type":"BreadcrumbList","@id":"https:\/\/retina.ch\/fr\/conseils\/que-doivent-declarer-les-personnes-malvoyantes-et-aveugles\/#breadcrumb","itemListElement":[{"@type":"ListItem","position":1,"name":"Retina Suisse","item":"https:\/\/retina.ch\/fr\/"},{"@type":"ListItem","position":2,"name":"Que doivent d\u00e9clarer les personnes malvoyantes et aveugles ?"}]},{"@type":"WebSite","@id":"https:\/\/retina.ch\/fr\/#website","url":"https:\/\/retina.ch\/fr\/","name":"Retina Suisse","description":"Retina Suisse ist die Vereinigung von Patientinnen und Patienten mit Retinitis pigmentosa (RP), Makuladegeneration, Usher-Syndrom und anderen Erkrankungen des Augenhintergrundes.","publisher":{"@id":"https:\/\/retina.ch\/fr\/#organization"},"potentialAction":[{"@type":"SearchAction","target":{"@type":"EntryPoint","urlTemplate":"https:\/\/retina.ch\/fr\/?s={search_term_string}"},"query-input":{"@type":"PropertyValueSpecification","valueRequired":true,"valueName":"search_term_string"}}],"inLanguage":"fr-FR"},{"@type":"Organization","@id":"https:\/\/retina.ch\/fr\/#organization","name":"Retina Suisse","url":"https:\/\/retina.ch\/fr\/","logo":{"@type":"ImageObject","inLanguage":"fr-FR","@id":"https:\/\/retina.ch\/fr\/#\/schema\/logo\/image\/","url":"https:\/\/retina.ch\/wp-content\/uploads\/2020\/09\/retina-auge-typo.svg","contentUrl":"https:\/\/retina.ch\/wp-content\/uploads\/2020\/09\/retina-auge-typo.svg","width":"1024","height":"1024","caption":"Retina Suisse"},"image":{"@id":"https:\/\/retina.ch\/fr\/#\/schema\/logo\/image\/"},"sameAs":["https:\/\/www.facebook.com\/retinasuisse\/"]}]}},"_links":{"self":[{"href":"https:\/\/retina.ch\/fr\/wp-json\/wp\/v2\/ratgeber\/20815","targetHints":{"allow":["GET"]}}],"collection":[{"href":"https:\/\/retina.ch\/fr\/wp-json\/wp\/v2\/ratgeber"}],"about":[{"href":"https:\/\/retina.ch\/fr\/wp-json\/wp\/v2\/types\/ratgeber"}],"version-history":[{"count":1,"href":"https:\/\/retina.ch\/fr\/wp-json\/wp\/v2\/ratgeber\/20815\/revisions"}],"predecessor-version":[{"id":20816,"href":"https:\/\/retina.ch\/fr\/wp-json\/wp\/v2\/ratgeber\/20815\/revisions\/20816"}],"wp:featuredmedia":[{"embeddable":true,"href":"https:\/\/retina.ch\/fr\/wp-json\/wp\/v2\/media\/20622"}],"wp:attachment":[{"href":"https:\/\/retina.ch\/fr\/wp-json\/wp\/v2\/media?parent=20815"}],"wp:term":[{"taxonomy":"category","embeddable":true,"href":"https:\/\/retina.ch\/fr\/wp-json\/wp\/v2\/categories?post=20815"}],"curies":[{"name":"wp","href":"https:\/\/api.w.org\/{rel}","templated":true}]}}

Que doivent déclarer les personnes malvoyantes et aveugles ?

<p>Chaque année, c’est la même rengaine : il faut remplir sa déclaration d’impôts. Nous vous présentons une liste, élaborée par la Fédération suisse des aveugles et malvoyants – une liste de toutes les déductions que seules les personnes en situation de handicap peuvent faire valoir.</p>



<p><a href="https://sbv-fsa.ch/fr/impots/">Déductions fiscales pour les malvoyants selon la FSA : lisez la suite ici</a></p>

<p>Chaque année, c’est la même rengaine : il faut remplir sa déclaration d’impôts. Nous vous présentons une liste, élaborée par la Fédération suisse des aveugles et malvoyants – une liste de toutes les déductions que seules les personnes en situation de handicap peuvent faire valoir.</p>

<!-- This site is optimized with the Yoast SEO plugin v27.1.1 - https://yoast.com/product/yoast-seo-wordpress/ -->
<title>Que doivent déclarer les personnes malvoyantes et aveugles ? &#8226; Retina Suisse</title>
<meta name="robots" content="index, follow, max-snippet:-1, max-image-preview:large, max-video-preview:-1" />
<link rel="canonical" href="https://retina.ch/fr/conseils/que-doivent-declarer-les-personnes-malvoyantes-et-aveugles/" />
<meta property="og:locale" content="fr_FR" />
<meta property="og:type" content="article" />
<meta property="og:title" content="Que doivent déclarer les personnes malvoyantes et aveugles ? &#8226; Retina Suisse" />
<meta property="og:description" content="Chaque année, c’est la même rengaine : il faut remplir sa déclaration d’impôts. Nous vous présentons une liste, élaborée par la Fédération suisse des aveugles et malvoyants – une liste de toutes les déductions que seules les personnes en situation de handicap peuvent faire valoir." />
<meta property="og:url" content="https://retina.ch/fr/conseils/que-doivent-declarer-les-personnes-malvoyantes-et-aveugles/" />
<meta property="og:site_name" content="Retina Suisse" />
<meta property="article:publisher" content="https://www.facebook.com/retinasuisse/" />
<meta property="article:modified_time" content="2025-02-27T04:08:37+00:00" />
<meta property="og:image" content="https://retina.ch/wp-content/uploads/2025/01/sbv-bild-frau-mit-brille-und-steuererklaerunug.jpg" />
	<meta property="og:image:width" content="944" />
	<meta property="og:image:height" content="872" />
	<meta property="og:image:type" content="image/jpeg" />
<meta name="twitter:card" content="summary_large_image" />
<meta name="twitter:label1" content="Durée de lecture estimée" />
	<meta name="twitter:data1" content="1 minute" />
<script type="application/ld+json" class="yoast-schema-graph">{"@context":"https://schema.org","@graph":[{"@type":"WebPage","@id":"https://retina.ch/fr/conseils/que-doivent-declarer-les-personnes-malvoyantes-et-aveugles/","url":"https://retina.ch/fr/conseils/que-doivent-declarer-les-personnes-malvoyantes-et-aveugles/","name":"Que doivent déclarer les personnes malvoyantes et aveugles ? &#8226; Retina Suisse","isPartOf":{"@id":"https://retina.ch/fr/#website"},"primaryImageOfPage":{"@id":"https://retina.ch/fr/conseils/que-doivent-declarer-les-personnes-malvoyantes-et-aveugles/#primaryimage"},"image":{"@id":"https://retina.ch/fr/conseils/que-doivent-declarer-les-personnes-malvoyantes-et-aveugles/#primaryimage"},"thumbnailUrl":"https://retina.ch/wp-content/uploads/2025/01/sbv-bild-frau-mit-brille-und-steuererklaerunug.jpg","datePublished":"2025-01-10T14:38:57+00:00","dateModified":"2025-02-27T04:08:37+00:00","breadcrumb":{"@id":"https://retina.ch/fr/conseils/que-doivent-declarer-les-personnes-malvoyantes-et-aveugles/#breadcrumb"},"inLanguage":"fr-FR","potentialAction":[{"@type":"ReadAction","target":["https://retina.ch/fr/conseils/que-doivent-declarer-les-personnes-malvoyantes-et-aveugles/"]}]},{"@type":"ImageObject","inLanguage":"fr-FR","@id":"https://retina.ch/fr/conseils/que-doivent-declarer-les-personnes-malvoyantes-et-aveugles/#primaryimage","url":"https://retina.ch/wp-content/uploads/2025/01/sbv-bild-frau-mit-brille-und-steuererklaerunug.jpg","contentUrl":"https://retina.ch/wp-content/uploads/2025/01/sbv-bild-frau-mit-brille-und-steuererklaerunug.jpg","width":944,"height":872},{"@type":"BreadcrumbList","@id":"https://retina.ch/fr/conseils/que-doivent-declarer-les-personnes-malvoyantes-et-aveugles/#breadcrumb","itemListElement":[{"@type":"ListItem","position":1,"name":"Retina Suisse","item":"https://retina.ch/fr/"},{"@type":"ListItem","position":2,"name":"Que doivent déclarer les personnes malvoyantes et aveugles ?"}]},{"@type":"WebSite","@id":"https://retina.ch/fr/#website","url":"https://retina.ch/fr/","name":"Retina Suisse","description":"Retina Suisse ist die Vereinigung von Patientinnen und Patienten mit Retinitis pigmentosa (RP), Makuladegeneration, Usher-Syndrom und anderen Erkrankungen des Augenhintergrundes.","publisher":{"@id":"https://retina.ch/fr/#organization"},"potentialAction":[{"@type":"SearchAction","target":{"@type":"EntryPoint","urlTemplate":"https://retina.ch/fr/?s={search_term_string}"},"query-input":{"@type":"PropertyValueSpecification","valueRequired":true,"valueName":"search_term_string"}}],"inLanguage":"fr-FR"},{"@type":"Organization","@id":"https://retina.ch/fr/#organization","name":"Retina Suisse","url":"https://retina.ch/fr/","logo":{"@type":"ImageObject","inLanguage":"fr-FR","@id":"https://retina.ch/fr/#/schema/logo/image/","url":"https://retina.ch/wp-content/uploads/2020/09/retina-auge-typo.svg","contentUrl":"https://retina.ch/wp-content/uploads/2020/09/retina-auge-typo.svg","width":"1024","height":"1024","caption":"Retina Suisse"},"image":{"@id":"https://retina.ch/fr/#/schema/logo/image/"},"sameAs":["https://www.facebook.com/retinasuisse/"]}]}</script>
<!-- / Yoast SEO plugin. -->

Que doivent déclarer les personnes malvoyantes et aveugles ? &#8226; Retina Suisse

Chaque année, c’est la même rengaine : il faut remplir sa déclaration d’impôts. Nous vous présentons une liste, élaborée par la Fédération suisse des aveugles et malvoyants – une liste de toutes les déductions que seules les personnes en situation de handicap peuvent faire valoir.
