{"version":"1.0","provider_name":"Retina Suisse","provider_url":"https:\/\/retina.ch\/it\/","title":"Degenerazione maculare legata all\u2018et\u00e0: cause e cure &#8226; Retina Suisse","type":"rich","width":600,"height":338,"html":"<blockquote class=\"wp-embedded-content\" data-secret=\"2ksTpJT8Xi\"><a href=\"https:\/\/retina.ch\/it\/agenda\/degenerazione-maculare-legata-alleta-cause-e-cure\/\">Degenerazione maculare legata all\u2018et\u00e0: cause e cure<\/a><\/blockquote><iframe sandbox=\"allow-scripts\" security=\"restricted\" src=\"https:\/\/retina.ch\/it\/agenda\/degenerazione-maculare-legata-alleta-cause-e-cure\/embed\/#?secret=2ksTpJT8Xi\" width=\"600\" height=\"338\" title=\"&#8220;Degenerazione maculare legata all\u2018et\u00e0: cause e cure&#8221; &#8212; Retina Suisse\" data-secret=\"2ksTpJT8Xi\" frameborder=\"0\" marginwidth=\"0\" marginheight=\"0\" scrolling=\"no\" class=\"wp-embedded-content\"><\/iframe><script>\n\/*! This file is auto-generated *\/\n!function(d,l){\"use strict\";l.querySelector&&d.addEventListener&&\"undefined\"!=typeof URL&&(d.wp=d.wp||{},d.wp.receiveEmbedMessage||(d.wp.receiveEmbedMessage=function(e){var t=e.data;if((t||t.secret||t.message||t.value)&&!\/[^a-zA-Z0-9]\/.test(t.secret)){for(var s,r,n,a=l.querySelectorAll('iframe[data-secret=\"'+t.secret+'\"]'),o=l.querySelectorAll('blockquote[data-secret=\"'+t.secret+'\"]'),c=new RegExp(\"^https?:$\",\"i\"),i=0;i<o.length;i++)o[i].style.display=\"none\";for(i=0;i<a.length;i++)s=a[i],e.source===s.contentWindow&&(s.removeAttribute(\"style\"),\"height\"===t.message?(1e3<(r=parseInt(t.value,10))?r=1e3:~~r<200&&(r=200),s.height=r):\"link\"===t.message&&(r=new URL(s.getAttribute(\"src\")),n=new URL(t.value),c.test(n.protocol))&&n.host===r.host&&l.activeElement===s&&(d.top.location.href=t.value))}},d.addEventListener(\"message\",d.wp.receiveEmbedMessage,!1),l.addEventListener(\"DOMContentLoaded\",function(){for(var e,t,s=l.querySelectorAll(\"iframe.wp-embedded-content\"),r=0;r<s.length;r++)(t=(e=s[r]).getAttribute(\"data-secret\"))||(t=Math.random().toString(36).substring(2,12),e.src+=\"#?secret=\"+t,e.setAttribute(\"data-secret\",t)),e.contentWindow.postMessage({message:\"ready\",secret:t},\"*\")},!1)))}(window,document);\n\/\/# sourceURL=https:\/\/retina.ch\/wp-includes\/js\/wp-embed.min.js\n<\/script>\n","description":"La degenerazione maculare legata all\u2019et\u00e0 (AMD) \u00e8 una malattia della retina, che compromette la capacit\u00e0 di vedere nitido. Nel mondo occidentale \u00e8 la maggiore causa di grave menomazione visiva delle persone sopra i 50 anni. Le terapie oggi disponibili per la sua forma umida sono spesso efficaci, a condizione che si intervenga tempestivamente appena si presentano dei sintomi."}

Degenerazione maculare legata all‘età: cause e cure &#8226; Retina Suisse

<blockquote class="wp-embedded-content" data-secret="2ksTpJT8Xi"><a href="https://retina.ch/it/agenda/degenerazione-maculare-legata-alleta-cause-e-cure/">Degenerazione maculare legata all‘età: cause e cure</a></blockquote><iframe sandbox="allow-scripts" security="restricted" src="https://retina.ch/it/agenda/degenerazione-maculare-legata-alleta-cause-e-cure/embed/#?secret=2ksTpJT8Xi" width="600" height="338" title="&#8220;Degenerazione maculare legata all‘età: cause e cure&#8221; &#8212; Retina Suisse" data-secret="2ksTpJT8Xi" frameborder="0" marginwidth="0" marginheight="0" scrolling="no" class="wp-embedded-content"></iframe><script>
/*! This file is auto-generated */
!function(d,l){"use strict";l.querySelector&&d.addEventListener&&"undefined"!=typeof URL&&(d.wp=d.wp||{},d.wp.receiveEmbedMessage||(d.wp.receiveEmbedMessage=function(e){var t=e.data;if((t||t.secret||t.message||t.value)&&!/[^a-zA-Z0-9]/.test(t.secret)){for(var s,r,n,a=l.querySelectorAll('iframe[data-secret="'+t.secret+'"]'),o=l.querySelectorAll('blockquote[data-secret="'+t.secret+'"]'),c=new RegExp("^https?:$","i"),i=0;i<o.length;i++)o[i].style.display="none";for(i=0;i<a.length;i++)s=a[i],e.source===s.contentWindow&&(s.removeAttribute("style"),"height"===t.message?(1e3<(r=parseInt(t.value,10))?r=1e3:~~r<200&&(r=200),s.height=r):"link"===t.message&&(r=new URL(s.getAttribute("src")),n=new URL(t.value),c.test(n.protocol))&&n.host===r.host&&l.activeElement===s&&(d.top.location.href=t.value))}},d.addEventListener("message",d.wp.receiveEmbedMessage,!1),l.addEventListener("DOMContentLoaded",function(){for(var e,t,s=l.querySelectorAll("iframe.wp-embedded-content"),r=0;r<s.length;r++)(t=(e=s[r]).getAttribute("data-secret"))||(t=Math.random().toString(36).substring(2,12),e.src+="#?secret="+t,e.setAttribute("data-secret",t)),e.contentWindow.postMessage({message:"ready",secret:t},"*")},!1)))}(window,document);
//# sourceURL=https://retina.ch/wp-includes/js/wp-embed.min.js
</script>

La degenerazione maculare legata all’età (AMD) è una malattia della retina, che compromette la capacità di vedere nitido. Nel mondo occidentale è la maggiore causa di grave menomazione visiva delle persone sopra i 50 anni. Le terapie oggi disponibili per la sua forma umida sono spesso efficaci, a condizione che si intervenga tempestivamente appena si presentano dei sintomi.
