{"id":4940,"date":"2020-11-06T12:03:58","date_gmt":"2020-11-06T11:03:58","guid":{"rendered":"https:\/\/dev.retina.ch\/?post_type=agenda&#038;p=4940"},"modified":"2021-02-15T10:22:21","modified_gmt":"2021-02-15T09:22:21","slug":"21st-retina-international-world-congress-in-reykjavik-island","status":"publish","type":"agenda","link":"https:\/\/retina.ch\/it\/agenda\/21st-retina-international-world-congress-in-reykjavik-island\/","title":{"rendered":"21st Retina International World Congress in Reykjavik, Island"},"content":{"rendered":"\n<p>L&#8217;importante congresso mondiale di Retina International, il 21esimo, si terr\u00e0 a Reykjavik, la capitale pi\u00f9 settentrionale del mondo. Chi desiderasse informarsi sui pi\u00f9 recenti riconoscimenti della ricerca sulle malattie retiniche, ma anche godere il fascino di un Paese molto speciale e avvicinarsi alla cultura del popolo islandese, pu\u00f2 cliccare <a href=\"https:\/\/riwc2022.is\/\">sul sito web del congresso<\/a> (in inglese).<\/p>\n\n\n\n<p><\/p>\n","protected":false},"excerpt":{"rendered":"<p>L&#8217;importante congresso mondiale di Retina International, il 21esimo, si terr\u00e0 a Reykjavik, la capitale pi\u00f9 settentrionale del mondo.<\/p>\n","protected":false},"featured_media":0,"template":"","meta":{"_acf_changed":false,"inline_featured_image":false,"_FSMCFIC_featured_image_caption":"","_FSMCFIC_featured_image_nocaption":"","_FSMCFIC_featured_image_hide":"","footnotes":"","_links_to":"","_links_to_target":""},"categories":[],"class_list":["post-4940","agenda","type-agenda","status-publish","hentry"],"acf":[],"yoast_head":"<!-- This site is optimized with the Yoast SEO plugin v27.1.1 - https:\/\/yoast.com\/product\/yoast-seo-wordpress\/ -->\n<title>21st Retina International World Congress in Reykjavik, Island &#8226; Retina Suisse<\/title>\n<meta name=\"robots\" content=\"index, follow, max-snippet:-1, max-image-preview:large, max-video-preview:-1\" \/>\n<link rel=\"canonical\" href=\"https:\/\/retina.ch\/it\/agenda\/21st-retina-international-world-congress-in-reykjavik-island\/\" \/>\n<meta property=\"og:locale\" content=\"it_IT\" \/>\n<meta property=\"og:type\" content=\"article\" \/>\n<meta property=\"og:title\" content=\"21st Retina International World Congress in Reykjavik, Island &#8226; Retina Suisse\" \/>\n<meta property=\"og:description\" content=\"L&#039;importante congresso mondiale di Retina International, il 21esimo, si terr\u00e0 a Reykjavik, la capitale pi\u00f9 settentrionale del mondo.\" \/>\n<meta property=\"og:url\" content=\"https:\/\/retina.ch\/it\/agenda\/21st-retina-international-world-congress-in-reykjavik-island\/\" \/>\n<meta property=\"og:site_name\" content=\"Retina Suisse\" \/>\n<meta property=\"article:publisher\" content=\"https:\/\/www.facebook.com\/retinasuisse\/\" \/>\n<meta property=\"article:modified_time\" content=\"2021-02-15T09:22:21+00:00\" \/>\n<meta name=\"twitter:card\" content=\"summary_large_image\" \/>\n<script type=\"application\/ld+json\" class=\"yoast-schema-graph\">{\"@context\":\"https:\/\/schema.org\",\"@graph\":[{\"@type\":\"WebPage\",\"@id\":\"https:\/\/retina.ch\/it\/agenda\/21st-retina-international-world-congress-in-reykjavik-island\/\",\"url\":\"https:\/\/retina.ch\/it\/agenda\/21st-retina-international-world-congress-in-reykjavik-island\/\",\"name\":\"21st Retina International World Congress in Reykjavik, Island &#8226; Retina Suisse\",\"isPartOf\":{\"@id\":\"https:\/\/retina.ch\/it\/#website\"},\"datePublished\":\"2020-11-06T11:03:58+00:00\",\"dateModified\":\"2021-02-15T09:22:21+00:00\",\"breadcrumb\":{\"@id\":\"https:\/\/retina.ch\/it\/agenda\/21st-retina-international-world-congress-in-reykjavik-island\/#breadcrumb\"},\"inLanguage\":\"it-IT\",\"potentialAction\":[{\"@type\":\"ReadAction\",\"target\":[\"https:\/\/retina.ch\/it\/agenda\/21st-retina-international-world-congress-in-reykjavik-island\/\"]}]},{\"@type\":\"BreadcrumbList\",\"@id\":\"https:\/\/retina.ch\/it\/agenda\/21st-retina-international-world-congress-in-reykjavik-island\/#breadcrumb\",\"itemListElement\":[{\"@type\":\"ListItem\",\"position\":1,\"name\":\"Retina Suisse\",\"item\":\"https:\/\/retina.ch\/it\/\"},{\"@type\":\"ListItem\",\"position\":2,\"name\":\"21st Retina International World Congress in Reykjavik, Island\"}]},{\"@type\":\"WebSite\",\"@id\":\"https:\/\/retina.ch\/it\/#website\",\"url\":\"https:\/\/retina.ch\/it\/\",\"name\":\"Retina Suisse\",\"description\":\"Retina Suisse ist die Vereinigung von Patientinnen und Patienten mit Retinitis pigmentosa (RP), Makuladegeneration, Usher-Syndrom und anderen Erkrankungen des Augenhintergrundes.\",\"publisher\":{\"@id\":\"https:\/\/retina.ch\/it\/#organization\"},\"potentialAction\":[{\"@type\":\"SearchAction\",\"target\":{\"@type\":\"EntryPoint\",\"urlTemplate\":\"https:\/\/retina.ch\/it\/?s={search_term_string}\"},\"query-input\":{\"@type\":\"PropertyValueSpecification\",\"valueRequired\":true,\"valueName\":\"search_term_string\"}}],\"inLanguage\":\"it-IT\"},{\"@type\":\"Organization\",\"@id\":\"https:\/\/retina.ch\/it\/#organization\",\"name\":\"Retina Suisse\",\"url\":\"https:\/\/retina.ch\/it\/\",\"logo\":{\"@type\":\"ImageObject\",\"inLanguage\":\"it-IT\",\"@id\":\"https:\/\/retina.ch\/it\/#\/schema\/logo\/image\/\",\"url\":\"https:\/\/retina.ch\/wp-content\/uploads\/2020\/09\/retina-auge-typo.svg\",\"contentUrl\":\"https:\/\/retina.ch\/wp-content\/uploads\/2020\/09\/retina-auge-typo.svg\",\"width\":\"1024\",\"height\":\"1024\",\"caption\":\"Retina Suisse\"},\"image\":{\"@id\":\"https:\/\/retina.ch\/it\/#\/schema\/logo\/image\/\"},\"sameAs\":[\"https:\/\/www.facebook.com\/retinasuisse\/\"]}]}<\/script>\n<!-- \/ Yoast SEO plugin. -->","yoast_head_json":{"title":"21st Retina International World Congress in Reykjavik, Island &#8226; Retina Suisse","robots":{"index":"index","follow":"follow","max-snippet":"max-snippet:-1","max-image-preview":"max-image-preview:large","max-video-preview":"max-video-preview:-1"},"canonical":"https:\/\/retina.ch\/it\/agenda\/21st-retina-international-world-congress-in-reykjavik-island\/","og_locale":"it_IT","og_type":"article","og_title":"21st Retina International World Congress in Reykjavik, Island &#8226; Retina Suisse","og_description":"L'importante congresso mondiale di Retina International, il 21esimo, si terr\u00e0 a Reykjavik, la capitale pi\u00f9 settentrionale del mondo.","og_url":"https:\/\/retina.ch\/it\/agenda\/21st-retina-international-world-congress-in-reykjavik-island\/","og_site_name":"Retina Suisse","article_publisher":"https:\/\/www.facebook.com\/retinasuisse\/","article_modified_time":"2021-02-15T09:22:21+00:00","twitter_card":"summary_large_image","schema":{"@context":"https:\/\/schema.org","@graph":[{"@type":"WebPage","@id":"https:\/\/retina.ch\/it\/agenda\/21st-retina-international-world-congress-in-reykjavik-island\/","url":"https:\/\/retina.ch\/it\/agenda\/21st-retina-international-world-congress-in-reykjavik-island\/","name":"21st Retina International World Congress in Reykjavik, Island &#8226; Retina Suisse","isPartOf":{"@id":"https:\/\/retina.ch\/it\/#website"},"datePublished":"2020-11-06T11:03:58+00:00","dateModified":"2021-02-15T09:22:21+00:00","breadcrumb":{"@id":"https:\/\/retina.ch\/it\/agenda\/21st-retina-international-world-congress-in-reykjavik-island\/#breadcrumb"},"inLanguage":"it-IT","potentialAction":[{"@type":"ReadAction","target":["https:\/\/retina.ch\/it\/agenda\/21st-retina-international-world-congress-in-reykjavik-island\/"]}]},{"@type":"BreadcrumbList","@id":"https:\/\/retina.ch\/it\/agenda\/21st-retina-international-world-congress-in-reykjavik-island\/#breadcrumb","itemListElement":[{"@type":"ListItem","position":1,"name":"Retina Suisse","item":"https:\/\/retina.ch\/it\/"},{"@type":"ListItem","position":2,"name":"21st Retina International World Congress in Reykjavik, Island"}]},{"@type":"WebSite","@id":"https:\/\/retina.ch\/it\/#website","url":"https:\/\/retina.ch\/it\/","name":"Retina Suisse","description":"Retina Suisse ist die Vereinigung von Patientinnen und Patienten mit Retinitis pigmentosa (RP), Makuladegeneration, Usher-Syndrom und anderen Erkrankungen des Augenhintergrundes.","publisher":{"@id":"https:\/\/retina.ch\/it\/#organization"},"potentialAction":[{"@type":"SearchAction","target":{"@type":"EntryPoint","urlTemplate":"https:\/\/retina.ch\/it\/?s={search_term_string}"},"query-input":{"@type":"PropertyValueSpecification","valueRequired":true,"valueName":"search_term_string"}}],"inLanguage":"it-IT"},{"@type":"Organization","@id":"https:\/\/retina.ch\/it\/#organization","name":"Retina Suisse","url":"https:\/\/retina.ch\/it\/","logo":{"@type":"ImageObject","inLanguage":"it-IT","@id":"https:\/\/retina.ch\/it\/#\/schema\/logo\/image\/","url":"https:\/\/retina.ch\/wp-content\/uploads\/2020\/09\/retina-auge-typo.svg","contentUrl":"https:\/\/retina.ch\/wp-content\/uploads\/2020\/09\/retina-auge-typo.svg","width":"1024","height":"1024","caption":"Retina Suisse"},"image":{"@id":"https:\/\/retina.ch\/it\/#\/schema\/logo\/image\/"},"sameAs":["https:\/\/www.facebook.com\/retinasuisse\/"]}]}},"_links":{"self":[{"href":"https:\/\/retina.ch\/it\/wp-json\/wp\/v2\/agenda\/4940","targetHints":{"allow":["GET"]}}],"collection":[{"href":"https:\/\/retina.ch\/it\/wp-json\/wp\/v2\/agenda"}],"about":[{"href":"https:\/\/retina.ch\/it\/wp-json\/wp\/v2\/types\/agenda"}],"version-history":[{"count":1,"href":"https:\/\/retina.ch\/it\/wp-json\/wp\/v2\/agenda\/4940\/revisions"}],"predecessor-version":[{"id":5826,"href":"https:\/\/retina.ch\/it\/wp-json\/wp\/v2\/agenda\/4940\/revisions\/5826"}],"wp:attachment":[{"href":"https:\/\/retina.ch\/it\/wp-json\/wp\/v2\/media?parent=4940"}],"wp:term":[{"taxonomy":"category","embeddable":true,"href":"https:\/\/retina.ch\/it\/wp-json\/wp\/v2\/categories?post=4940"}],"curies":[{"name":"wp","href":"https:\/\/api.w.org\/{rel}","templated":true}]}}

<p>L&#8217;importante congresso mondiale di Retina International, il 21esimo, si terrà a Reykjavik, la capitale più settentrionale del mondo. Chi desiderasse informarsi sui più recenti riconoscimenti della ricerca sulle malattie retiniche, ma anche godere il fascino di un Paese molto speciale e avvicinarsi alla cultura del popolo islandese, può cliccare <a href="https://riwc2022.is/">sul sito web del congresso</a> (in inglese).</p>



<p></p>

<p>L&#8217;importante congresso mondiale di Retina International, il 21esimo, si terrà a Reykjavik, la capitale più settentrionale del mondo.</p>

<!-- This site is optimized with the Yoast SEO plugin v27.1.1 - https://yoast.com/product/yoast-seo-wordpress/ -->
<title>21st Retina International World Congress in Reykjavik, Island &#8226; Retina Suisse</title>
<meta name="robots" content="index, follow, max-snippet:-1, max-image-preview:large, max-video-preview:-1" />
<link rel="canonical" href="https://retina.ch/it/agenda/21st-retina-international-world-congress-in-reykjavik-island/" />
<meta property="og:locale" content="it_IT" />
<meta property="og:type" content="article" />
<meta property="og:title" content="21st Retina International World Congress in Reykjavik, Island &#8226; Retina Suisse" />
<meta property="og:description" content="L&#039;importante congresso mondiale di Retina International, il 21esimo, si terrà a Reykjavik, la capitale più settentrionale del mondo." />
<meta property="og:url" content="https://retina.ch/it/agenda/21st-retina-international-world-congress-in-reykjavik-island/" />
<meta property="og:site_name" content="Retina Suisse" />
<meta property="article:publisher" content="https://www.facebook.com/retinasuisse/" />
<meta property="article:modified_time" content="2021-02-15T09:22:21+00:00" />
<meta name="twitter:card" content="summary_large_image" />
<script type="application/ld+json" class="yoast-schema-graph">{"@context":"https://schema.org","@graph":[{"@type":"WebPage","@id":"https://retina.ch/it/agenda/21st-retina-international-world-congress-in-reykjavik-island/","url":"https://retina.ch/it/agenda/21st-retina-international-world-congress-in-reykjavik-island/","name":"21st Retina International World Congress in Reykjavik, Island &#8226; Retina Suisse","isPartOf":{"@id":"https://retina.ch/it/#website"},"datePublished":"2020-11-06T11:03:58+00:00","dateModified":"2021-02-15T09:22:21+00:00","breadcrumb":{"@id":"https://retina.ch/it/agenda/21st-retina-international-world-congress-in-reykjavik-island/#breadcrumb"},"inLanguage":"it-IT","potentialAction":[{"@type":"ReadAction","target":["https://retina.ch/it/agenda/21st-retina-international-world-congress-in-reykjavik-island/"]}]},{"@type":"BreadcrumbList","@id":"https://retina.ch/it/agenda/21st-retina-international-world-congress-in-reykjavik-island/#breadcrumb","itemListElement":[{"@type":"ListItem","position":1,"name":"Retina Suisse","item":"https://retina.ch/it/"},{"@type":"ListItem","position":2,"name":"21st Retina International World Congress in Reykjavik, Island"}]},{"@type":"WebSite","@id":"https://retina.ch/it/#website","url":"https://retina.ch/it/","name":"Retina Suisse","description":"Retina Suisse ist die Vereinigung von Patientinnen und Patienten mit Retinitis pigmentosa (RP), Makuladegeneration, Usher-Syndrom und anderen Erkrankungen des Augenhintergrundes.","publisher":{"@id":"https://retina.ch/it/#organization"},"potentialAction":[{"@type":"SearchAction","target":{"@type":"EntryPoint","urlTemplate":"https://retina.ch/it/?s={search_term_string}"},"query-input":{"@type":"PropertyValueSpecification","valueRequired":true,"valueName":"search_term_string"}}],"inLanguage":"it-IT"},{"@type":"Organization","@id":"https://retina.ch/it/#organization","name":"Retina Suisse","url":"https://retina.ch/it/","logo":{"@type":"ImageObject","inLanguage":"it-IT","@id":"https://retina.ch/it/#/schema/logo/image/","url":"https://retina.ch/wp-content/uploads/2020/09/retina-auge-typo.svg","contentUrl":"https://retina.ch/wp-content/uploads/2020/09/retina-auge-typo.svg","width":"1024","height":"1024","caption":"Retina Suisse"},"image":{"@id":"https://retina.ch/it/#/schema/logo/image/"},"sameAs":["https://www.facebook.com/retinasuisse/"]}]}</script>
<!-- / Yoast SEO plugin. -->

L'importante congresso mondiale di Retina International, il 21esimo, si terrà a Reykjavik, la capitale più settentrionale del mondo.
