{"id":2857,"date":"2020-09-19T19:21:28","date_gmt":"2020-09-19T17:21:28","guid":{"rendered":"https:\/\/dev.retina.ch\/?page_id=2857"},"modified":"2026-02-12T15:46:10","modified_gmt":"2026-02-12T14:46:10","slug":"valigetta-lenti-colorate","status":"publish","type":"page","link":"https:\/\/retina.ch\/it\/prestazioni-e-servizi\/valigetta-lenti-colorate\/","title":{"rendered":"Valigetta con filtri antiabbagliamento"},"content":{"rendered":"\n<p>Gli occhiali con filtri antiabbagliamento riducono l\u2019incidenza dei raggi UV e della luce blu. Oltre a proteggere dal sole, possono migliorare significativamente l\u2019impressione visiva poich\u00e9 rendono i contrasti pi\u00f9 nitidi, riducono l\u2019abbagliamento e facilitano l\u2019adattamento dalla luce al buio.<\/p>\n\n\n\n<p>Retina dispone di alcune valigette con diversi filtri che presta volentieri per qualche tempo (ma non pi\u00f9 di tre settimane). Provando i vari filtri in situazioni di luce diverse, si potr\u00e0 capire qual \u00e8 quello pi\u00f9 adatto al proprio caso e ordinarlo all\u2019ottico. Insieme all\u2019astuccio trasmettiamo un elenco dei filtri i cui costi sono coperti dall\u2019AVS\/AI e un elenco di ottici specializzati nel supporto alle persone ipovedenti.<\/p>\n\n\n\n<hr class=\"wp-block-separator has-alpha-channel-opacity\"\/>\n","protected":false},"excerpt":{"rendered":"<p>Gli occhiali con filtri antiabbagliamento riducono l\u2019incidenza dei raggi UV e della luce blu. Oltre a proteggere dal sole, possono migliorare significativamente l\u2019impressione visiva poich\u00e9 rendono i contrasti pi\u00f9 nitidi, riducono l\u2019abbagliamento e facilitano l\u2019adattamento dalla luce al buio. Retina dispone di alcune valigette con diversi filtri che presta volentieri per qualche tempo (ma non &#8230;<\/p>\n","protected":false},"author":1,"featured_media":0,"parent":2852,"menu_order":25,"comment_status":"closed","ping_status":"closed","template":"","meta":{"_acf_changed":false,"inline_featured_image":false,"_FSMCFIC_featured_image_caption":"","_FSMCFIC_featured_image_nocaption":"","_FSMCFIC_featured_image_hide":"","footnotes":"","_links_to":"","_links_to_target":""},"class_list":["post-2857","page","type-page","status-publish","hentry"],"acf":[],"yoast_head":"<!-- This site is optimized with the Yoast SEO plugin v27.1.1 - https:\/\/yoast.com\/product\/yoast-seo-wordpress\/ -->\n<title>Valigetta con filtri antiabbagliamento &#8226; Retina Suisse<\/title>\n<meta name=\"robots\" content=\"index, follow, max-snippet:-1, max-image-preview:large, max-video-preview:-1\" \/>\n<link rel=\"canonical\" href=\"https:\/\/retina.ch\/it\/prestazioni-e-servizi\/valigetta-lenti-colorate\/\" \/>\n<meta property=\"og:locale\" content=\"it_IT\" \/>\n<meta property=\"og:type\" content=\"article\" \/>\n<meta property=\"og:title\" content=\"Valigetta con filtri antiabbagliamento &#8226; Retina Suisse\" \/>\n<meta property=\"og:description\" content=\"Gli occhiali con filtri antiabbagliamento riducono l\u2019incidenza dei raggi UV e della luce blu. Oltre a proteggere dal sole, possono migliorare significativamente l\u2019impressione visiva poich\u00e9 rendono i contrasti pi\u00f9 nitidi, riducono l\u2019abbagliamento e facilitano l\u2019adattamento dalla luce al buio. Retina dispone di alcune valigette con diversi filtri che presta volentieri per qualche tempo (ma non ...\" \/>\n<meta property=\"og:url\" content=\"https:\/\/retina.ch\/it\/prestazioni-e-servizi\/valigetta-lenti-colorate\/\" \/>\n<meta property=\"og:site_name\" content=\"Retina Suisse\" \/>\n<meta property=\"article:publisher\" content=\"https:\/\/www.facebook.com\/retinasuisse\/\" \/>\n<meta property=\"article:modified_time\" content=\"2026-02-12T14:46:10+00:00\" \/>\n<meta name=\"twitter:card\" content=\"summary_large_image\" \/>\n<meta name=\"twitter:label1\" content=\"Tempo di lettura stimato\" \/>\n\t<meta name=\"twitter:data1\" content=\"1 minuto\" \/>\n<script type=\"application\/ld+json\" class=\"yoast-schema-graph\">{\"@context\":\"https:\/\/schema.org\",\"@graph\":[{\"@type\":\"WebPage\",\"@id\":\"https:\/\/retina.ch\/it\/prestazioni-e-servizi\/valigetta-lenti-colorate\/\",\"url\":\"https:\/\/retina.ch\/it\/prestazioni-e-servizi\/valigetta-lenti-colorate\/\",\"name\":\"Valigetta con filtri antiabbagliamento &#8226; Retina Suisse\",\"isPartOf\":{\"@id\":\"https:\/\/retina.ch\/it\/#website\"},\"datePublished\":\"2020-09-19T17:21:28+00:00\",\"dateModified\":\"2026-02-12T14:46:10+00:00\",\"breadcrumb\":{\"@id\":\"https:\/\/retina.ch\/it\/prestazioni-e-servizi\/valigetta-lenti-colorate\/#breadcrumb\"},\"inLanguage\":\"it-IT\",\"potentialAction\":[{\"@type\":\"ReadAction\",\"target\":[\"https:\/\/retina.ch\/it\/prestazioni-e-servizi\/valigetta-lenti-colorate\/\"]}]},{\"@type\":\"BreadcrumbList\",\"@id\":\"https:\/\/retina.ch\/it\/prestazioni-e-servizi\/valigetta-lenti-colorate\/#breadcrumb\",\"itemListElement\":[{\"@type\":\"ListItem\",\"position\":1,\"name\":\"Retina Suisse\",\"item\":\"https:\/\/retina.ch\/it\/\"},{\"@type\":\"ListItem\",\"position\":2,\"name\":\"Prestazioni e servizi\",\"item\":\"https:\/\/retina.ch\/it\/prestazioni-e-servizi\/\"},{\"@type\":\"ListItem\",\"position\":3,\"name\":\"Valigetta con filtri antiabbagliamento\"}]},{\"@type\":\"WebSite\",\"@id\":\"https:\/\/retina.ch\/it\/#website\",\"url\":\"https:\/\/retina.ch\/it\/\",\"name\":\"Retina Suisse\",\"description\":\"Retina Suisse ist die Vereinigung von Patientinnen und Patienten mit Retinitis pigmentosa (RP), Makuladegeneration, Usher-Syndrom und anderen Erkrankungen des Augenhintergrundes.\",\"publisher\":{\"@id\":\"https:\/\/retina.ch\/it\/#organization\"},\"potentialAction\":[{\"@type\":\"SearchAction\",\"target\":{\"@type\":\"EntryPoint\",\"urlTemplate\":\"https:\/\/retina.ch\/it\/?s={search_term_string}\"},\"query-input\":{\"@type\":\"PropertyValueSpecification\",\"valueRequired\":true,\"valueName\":\"search_term_string\"}}],\"inLanguage\":\"it-IT\"},{\"@type\":\"Organization\",\"@id\":\"https:\/\/retina.ch\/it\/#organization\",\"name\":\"Retina Suisse\",\"url\":\"https:\/\/retina.ch\/it\/\",\"logo\":{\"@type\":\"ImageObject\",\"inLanguage\":\"it-IT\",\"@id\":\"https:\/\/retina.ch\/it\/#\/schema\/logo\/image\/\",\"url\":\"https:\/\/retina.ch\/wp-content\/uploads\/2020\/09\/retina-auge-typo.svg\",\"contentUrl\":\"https:\/\/retina.ch\/wp-content\/uploads\/2020\/09\/retina-auge-typo.svg\",\"width\":\"1024\",\"height\":\"1024\",\"caption\":\"Retina Suisse\"},\"image\":{\"@id\":\"https:\/\/retina.ch\/it\/#\/schema\/logo\/image\/\"},\"sameAs\":[\"https:\/\/www.facebook.com\/retinasuisse\/\"]}]}<\/script>\n<!-- \/ Yoast SEO plugin. -->","yoast_head_json":{"title":"Valigetta con filtri antiabbagliamento &#8226; Retina Suisse","robots":{"index":"index","follow":"follow","max-snippet":"max-snippet:-1","max-image-preview":"max-image-preview:large","max-video-preview":"max-video-preview:-1"},"canonical":"https:\/\/retina.ch\/it\/prestazioni-e-servizi\/valigetta-lenti-colorate\/","og_locale":"it_IT","og_type":"article","og_title":"Valigetta con filtri antiabbagliamento &#8226; Retina Suisse","og_description":"Gli occhiali con filtri antiabbagliamento riducono l\u2019incidenza dei raggi UV e della luce blu. Oltre a proteggere dal sole, possono migliorare significativamente l\u2019impressione visiva poich\u00e9 rendono i contrasti pi\u00f9 nitidi, riducono l\u2019abbagliamento e facilitano l\u2019adattamento dalla luce al buio. Retina dispone di alcune valigette con diversi filtri che presta volentieri per qualche tempo (ma non ...","og_url":"https:\/\/retina.ch\/it\/prestazioni-e-servizi\/valigetta-lenti-colorate\/","og_site_name":"Retina Suisse","article_publisher":"https:\/\/www.facebook.com\/retinasuisse\/","article_modified_time":"2026-02-12T14:46:10+00:00","twitter_card":"summary_large_image","twitter_misc":{"Tempo di lettura stimato":"1 minuto"},"schema":{"@context":"https:\/\/schema.org","@graph":[{"@type":"WebPage","@id":"https:\/\/retina.ch\/it\/prestazioni-e-servizi\/valigetta-lenti-colorate\/","url":"https:\/\/retina.ch\/it\/prestazioni-e-servizi\/valigetta-lenti-colorate\/","name":"Valigetta con filtri antiabbagliamento &#8226; Retina Suisse","isPartOf":{"@id":"https:\/\/retina.ch\/it\/#website"},"datePublished":"2020-09-19T17:21:28+00:00","dateModified":"2026-02-12T14:46:10+00:00","breadcrumb":{"@id":"https:\/\/retina.ch\/it\/prestazioni-e-servizi\/valigetta-lenti-colorate\/#breadcrumb"},"inLanguage":"it-IT","potentialAction":[{"@type":"ReadAction","target":["https:\/\/retina.ch\/it\/prestazioni-e-servizi\/valigetta-lenti-colorate\/"]}]},{"@type":"BreadcrumbList","@id":"https:\/\/retina.ch\/it\/prestazioni-e-servizi\/valigetta-lenti-colorate\/#breadcrumb","itemListElement":[{"@type":"ListItem","position":1,"name":"Retina Suisse","item":"https:\/\/retina.ch\/it\/"},{"@type":"ListItem","position":2,"name":"Prestazioni e servizi","item":"https:\/\/retina.ch\/it\/prestazioni-e-servizi\/"},{"@type":"ListItem","position":3,"name":"Valigetta con filtri antiabbagliamento"}]},{"@type":"WebSite","@id":"https:\/\/retina.ch\/it\/#website","url":"https:\/\/retina.ch\/it\/","name":"Retina Suisse","description":"Retina Suisse ist die Vereinigung von Patientinnen und Patienten mit Retinitis pigmentosa (RP), Makuladegeneration, Usher-Syndrom und anderen Erkrankungen des Augenhintergrundes.","publisher":{"@id":"https:\/\/retina.ch\/it\/#organization"},"potentialAction":[{"@type":"SearchAction","target":{"@type":"EntryPoint","urlTemplate":"https:\/\/retina.ch\/it\/?s={search_term_string}"},"query-input":{"@type":"PropertyValueSpecification","valueRequired":true,"valueName":"search_term_string"}}],"inLanguage":"it-IT"},{"@type":"Organization","@id":"https:\/\/retina.ch\/it\/#organization","name":"Retina Suisse","url":"https:\/\/retina.ch\/it\/","logo":{"@type":"ImageObject","inLanguage":"it-IT","@id":"https:\/\/retina.ch\/it\/#\/schema\/logo\/image\/","url":"https:\/\/retina.ch\/wp-content\/uploads\/2020\/09\/retina-auge-typo.svg","contentUrl":"https:\/\/retina.ch\/wp-content\/uploads\/2020\/09\/retina-auge-typo.svg","width":"1024","height":"1024","caption":"Retina Suisse"},"image":{"@id":"https:\/\/retina.ch\/it\/#\/schema\/logo\/image\/"},"sameAs":["https:\/\/www.facebook.com\/retinasuisse\/"]}]}},"_links":{"self":[{"href":"https:\/\/retina.ch\/it\/wp-json\/wp\/v2\/pages\/2857","targetHints":{"allow":["GET"]}}],"collection":[{"href":"https:\/\/retina.ch\/it\/wp-json\/wp\/v2\/pages"}],"about":[{"href":"https:\/\/retina.ch\/it\/wp-json\/wp\/v2\/types\/page"}],"author":[{"embeddable":true,"href":"https:\/\/retina.ch\/it\/wp-json\/wp\/v2\/users\/1"}],"replies":[{"embeddable":true,"href":"https:\/\/retina.ch\/it\/wp-json\/wp\/v2\/comments?post=2857"}],"version-history":[{"count":6,"href":"https:\/\/retina.ch\/it\/wp-json\/wp\/v2\/pages\/2857\/revisions"}],"predecessor-version":[{"id":25519,"href":"https:\/\/retina.ch\/it\/wp-json\/wp\/v2\/pages\/2857\/revisions\/25519"}],"up":[{"embeddable":true,"href":"https:\/\/retina.ch\/it\/wp-json\/wp\/v2\/pages\/2852"}],"wp:attachment":[{"href":"https:\/\/retina.ch\/it\/wp-json\/wp\/v2\/media?parent=2857"}],"curies":[{"name":"wp","href":"https:\/\/api.w.org\/{rel}","templated":true}]}}

<p>Gli occhiali con filtri antiabbagliamento riducono l’incidenza dei raggi UV e della luce blu. Oltre a proteggere dal sole, possono migliorare significativamente l’impressione visiva poiché rendono i contrasti più nitidi, riducono l’abbagliamento e facilitano l’adattamento dalla luce al buio.</p>



<p>Retina dispone di alcune valigette con diversi filtri che presta volentieri per qualche tempo (ma non più di tre settimane). Provando i vari filtri in situazioni di luce diverse, si potrà capire qual è quello più adatto al proprio caso e ordinarlo all’ottico. Insieme all’astuccio trasmettiamo un elenco dei filtri i cui costi sono coperti dall’AVS/AI e un elenco di ottici specializzati nel supporto alle persone ipovedenti.</p>



<hr class="wp-block-separator has-alpha-channel-opacity"/>

<p>Gli occhiali con filtri antiabbagliamento riducono l’incidenza dei raggi UV e della luce blu. Oltre a proteggere dal sole, possono migliorare significativamente l’impressione visiva poiché rendono i contrasti più nitidi, riducono l’abbagliamento e facilitano l’adattamento dalla luce al buio. Retina dispone di alcune valigette con diversi filtri che presta volentieri per qualche tempo (ma non &#8230;</p>

<!-- This site is optimized with the Yoast SEO plugin v27.1.1 - https://yoast.com/product/yoast-seo-wordpress/ -->
<title>Valigetta con filtri antiabbagliamento &#8226; Retina Suisse</title>
<meta name="robots" content="index, follow, max-snippet:-1, max-image-preview:large, max-video-preview:-1" />
<link rel="canonical" href="https://retina.ch/it/prestazioni-e-servizi/valigetta-lenti-colorate/" />
<meta property="og:locale" content="it_IT" />
<meta property="og:type" content="article" />
<meta property="og:title" content="Valigetta con filtri antiabbagliamento &#8226; Retina Suisse" />
<meta property="og:description" content="Gli occhiali con filtri antiabbagliamento riducono l’incidenza dei raggi UV e della luce blu. Oltre a proteggere dal sole, possono migliorare significativamente l’impressione visiva poiché rendono i contrasti più nitidi, riducono l’abbagliamento e facilitano l’adattamento dalla luce al buio. Retina dispone di alcune valigette con diversi filtri che presta volentieri per qualche tempo (ma non ..." />
<meta property="og:url" content="https://retina.ch/it/prestazioni-e-servizi/valigetta-lenti-colorate/" />
<meta property="og:site_name" content="Retina Suisse" />
<meta property="article:publisher" content="https://www.facebook.com/retinasuisse/" />
<meta property="article:modified_time" content="2026-02-12T14:46:10+00:00" />
<meta name="twitter:card" content="summary_large_image" />
<meta name="twitter:label1" content="Tempo di lettura stimato" />
	<meta name="twitter:data1" content="1 minuto" />
<script type="application/ld+json" class="yoast-schema-graph">{"@context":"https://schema.org","@graph":[{"@type":"WebPage","@id":"https://retina.ch/it/prestazioni-e-servizi/valigetta-lenti-colorate/","url":"https://retina.ch/it/prestazioni-e-servizi/valigetta-lenti-colorate/","name":"Valigetta con filtri antiabbagliamento &#8226; Retina Suisse","isPartOf":{"@id":"https://retina.ch/it/#website"},"datePublished":"2020-09-19T17:21:28+00:00","dateModified":"2026-02-12T14:46:10+00:00","breadcrumb":{"@id":"https://retina.ch/it/prestazioni-e-servizi/valigetta-lenti-colorate/#breadcrumb"},"inLanguage":"it-IT","potentialAction":[{"@type":"ReadAction","target":["https://retina.ch/it/prestazioni-e-servizi/valigetta-lenti-colorate/"]}]},{"@type":"BreadcrumbList","@id":"https://retina.ch/it/prestazioni-e-servizi/valigetta-lenti-colorate/#breadcrumb","itemListElement":[{"@type":"ListItem","position":1,"name":"Retina Suisse","item":"https://retina.ch/it/"},{"@type":"ListItem","position":2,"name":"Prestazioni e servizi","item":"https://retina.ch/it/prestazioni-e-servizi/"},{"@type":"ListItem","position":3,"name":"Valigetta con filtri antiabbagliamento"}]},{"@type":"WebSite","@id":"https://retina.ch/it/#website","url":"https://retina.ch/it/","name":"Retina Suisse","description":"Retina Suisse ist die Vereinigung von Patientinnen und Patienten mit Retinitis pigmentosa (RP), Makuladegeneration, Usher-Syndrom und anderen Erkrankungen des Augenhintergrundes.","publisher":{"@id":"https://retina.ch/it/#organization"},"potentialAction":[{"@type":"SearchAction","target":{"@type":"EntryPoint","urlTemplate":"https://retina.ch/it/?s={search_term_string}"},"query-input":{"@type":"PropertyValueSpecification","valueRequired":true,"valueName":"search_term_string"}}],"inLanguage":"it-IT"},{"@type":"Organization","@id":"https://retina.ch/it/#organization","name":"Retina Suisse","url":"https://retina.ch/it/","logo":{"@type":"ImageObject","inLanguage":"it-IT","@id":"https://retina.ch/it/#/schema/logo/image/","url":"https://retina.ch/wp-content/uploads/2020/09/retina-auge-typo.svg","contentUrl":"https://retina.ch/wp-content/uploads/2020/09/retina-auge-typo.svg","width":"1024","height":"1024","caption":"Retina Suisse"},"image":{"@id":"https://retina.ch/it/#/schema/logo/image/"},"sameAs":["https://www.facebook.com/retinasuisse/"]}]}</script>
<!-- / Yoast SEO plugin. -->

Gli occhiali con filtri antiabbagliamento riducono l’incidenza dei raggi UV e della luce blu. Oltre a proteggere dal sole, possono migliorare significativamente l’impressione visiva poiché rendono i contrasti più nitidi, riducono l’abbagliamento e facilitano l’adattamento dalla luce al buio. Retina dispone di alcune valigette con diversi filtri che presta volentieri per qualche tempo (ma non ...
