{"id":2900,"date":"2020-09-19T19:25:38","date_gmt":"2020-09-19T17:25:38","guid":{"rendered":"https:\/\/dev.retina.ch\/?page_id=2900"},"modified":"2026-01-22T14:55:55","modified_gmt":"2026-01-22T13:55:55","slug":"comitato-consultivo-medico-scientifico","status":"publish","type":"page","link":"https:\/\/retina.ch\/it\/chi-siamo\/comitato-consultivo-medico-scientifico\/","title":{"rendered":"Comitato medico-scientifico"},"content":{"rendered":"\n<h2 class=\"wp-block-heading\">Co-presidenza<\/h2>\n\n\n\n<ul class=\"wp-block-list\">\n<li><strong>Prof. Dr. med. Christina Gerth-Kahlert<\/strong>, Augenklinik Universit\u00e4tsspital Z\u00fcrich<\/li>\n\n\n\n<li><strong>Dr. med. Veronika<\/strong>&nbsp;<strong>Vacalvik<\/strong>, H\u00f4pital ophtalmique Jules-Gonin, Lausanne<\/li>\n<\/ul>\n\n\n\n<h2 class=\"wp-block-heading\">Membri<\/h2>\n\n\n\n<ul class=\"wp-block-list\">\n<li><strong>Prof. Dr. rer. nat. Wolfgang Berger<\/strong>, Institut f\u00fcr Medizinische Molekulargenetik, Universit\u00e4t Z\u00fcrich<\/li>\n\n\n\n<li><strong>PD Dr. med. Johannes Fleischhauer<\/strong>, Talacker Augen Zentrum Z\u00fcrich, Z\u00fcrich<\/li>\n\n\n\n<li><strong>Prof. Dr. phil. nat. Christian Grimm<\/strong>, Labor f\u00fcr Zellbiologie der Netzhaut, Universit\u00e4tsspital, Z\u00fcrich<\/li>\n\n\n\n<li><strong>Prof. Dr. med. Francis Munier<\/strong>, H\u00f4pital ophtalmique Jules-Gonin, Lausanne<\/li>\n\n\n\n<li><strong>Prof. Dr. phil. Carlo Rivolta,<\/strong> Institute of Molecular and Clinical Ophthalmology Basel e Universit\u00e4t Basel, Basel<\/li>\n\n\n\n<li><strong>Prof. Dr. med. Hendrik P.N. Scholl,<\/strong> Pallas Kliniken, Z\u00fcrich<\/li>\n\n\n\n<li><strong>Prof. Dr. med. Daniel F. Schorderet<\/strong>, Unilabs, Lausanne<\/li>\n\n\n\n<li><strong><strong>Dr. sc. nat. Andreas Wenzel<\/strong><\/strong>, Roche, Basel<\/li>\n\n\n\n<li><strong>Prof. Dr.-Ing. Dr. med. Sebastian Wolf<\/strong>, Universit\u00e4tsklinik f\u00fcr Augenheilkunde, Inselspital, Bern<\/li>\n<\/ul>\n","protected":false},"excerpt":{"rendered":"<p>Co-presidenza Membri<\/p>\n","protected":false},"author":1,"featured_media":0,"parent":2883,"menu_order":30,"comment_status":"closed","ping_status":"closed","template":"","meta":{"_acf_changed":false,"inline_featured_image":false,"_FSMCFIC_featured_image_caption":"","_FSMCFIC_featured_image_nocaption":"","_FSMCFIC_featured_image_hide":"","footnotes":"","_links_to":"","_links_to_target":""},"class_list":["post-2900","page","type-page","status-publish","hentry"],"acf":[],"yoast_head":"<!-- This site is optimized with the Yoast SEO plugin v27.1.1 - https:\/\/yoast.com\/product\/yoast-seo-wordpress\/ -->\n<title>Comitato medico-scientifico &#8226; Retina Suisse<\/title>\n<meta name=\"robots\" content=\"index, follow, max-snippet:-1, max-image-preview:large, max-video-preview:-1\" \/>\n<link rel=\"canonical\" href=\"https:\/\/retina.ch\/it\/chi-siamo\/comitato-consultivo-medico-scientifico\/\" \/>\n<meta property=\"og:locale\" content=\"it_IT\" \/>\n<meta property=\"og:type\" content=\"article\" \/>\n<meta property=\"og:title\" content=\"Comitato medico-scientifico &#8226; Retina Suisse\" \/>\n<meta property=\"og:description\" content=\"Co-presidenza Membri\" \/>\n<meta property=\"og:url\" content=\"https:\/\/retina.ch\/it\/chi-siamo\/comitato-consultivo-medico-scientifico\/\" \/>\n<meta property=\"og:site_name\" content=\"Retina Suisse\" \/>\n<meta property=\"article:publisher\" content=\"https:\/\/www.facebook.com\/retinasuisse\/\" \/>\n<meta property=\"article:modified_time\" content=\"2026-01-22T13:55:55+00:00\" \/>\n<meta name=\"twitter:card\" content=\"summary_large_image\" \/>\n<meta name=\"twitter:label1\" content=\"Tempo di lettura stimato\" \/>\n\t<meta name=\"twitter:data1\" content=\"1 minuto\" \/>\n<script type=\"application\/ld+json\" class=\"yoast-schema-graph\">{\"@context\":\"https:\/\/schema.org\",\"@graph\":[{\"@type\":\"WebPage\",\"@id\":\"https:\/\/retina.ch\/it\/chi-siamo\/comitato-consultivo-medico-scientifico\/\",\"url\":\"https:\/\/retina.ch\/it\/chi-siamo\/comitato-consultivo-medico-scientifico\/\",\"name\":\"Comitato medico-scientifico &#8226; Retina Suisse\",\"isPartOf\":{\"@id\":\"https:\/\/retina.ch\/it\/#website\"},\"datePublished\":\"2020-09-19T17:25:38+00:00\",\"dateModified\":\"2026-01-22T13:55:55+00:00\",\"breadcrumb\":{\"@id\":\"https:\/\/retina.ch\/it\/chi-siamo\/comitato-consultivo-medico-scientifico\/#breadcrumb\"},\"inLanguage\":\"it-IT\",\"potentialAction\":[{\"@type\":\"ReadAction\",\"target\":[\"https:\/\/retina.ch\/it\/chi-siamo\/comitato-consultivo-medico-scientifico\/\"]}]},{\"@type\":\"BreadcrumbList\",\"@id\":\"https:\/\/retina.ch\/it\/chi-siamo\/comitato-consultivo-medico-scientifico\/#breadcrumb\",\"itemListElement\":[{\"@type\":\"ListItem\",\"position\":1,\"name\":\"Retina Suisse\",\"item\":\"https:\/\/retina.ch\/it\/\"},{\"@type\":\"ListItem\",\"position\":2,\"name\":\"Chi siamo\",\"item\":\"https:\/\/retina.ch\/it\/chi-siamo\/\"},{\"@type\":\"ListItem\",\"position\":3,\"name\":\"Comitato medico-scientifico\"}]},{\"@type\":\"WebSite\",\"@id\":\"https:\/\/retina.ch\/it\/#website\",\"url\":\"https:\/\/retina.ch\/it\/\",\"name\":\"Retina Suisse\",\"description\":\"Retina Suisse ist die Vereinigung von Patientinnen und Patienten mit Retinitis pigmentosa (RP), Makuladegeneration, Usher-Syndrom und anderen Erkrankungen des Augenhintergrundes.\",\"publisher\":{\"@id\":\"https:\/\/retina.ch\/it\/#organization\"},\"potentialAction\":[{\"@type\":\"SearchAction\",\"target\":{\"@type\":\"EntryPoint\",\"urlTemplate\":\"https:\/\/retina.ch\/it\/?s={search_term_string}\"},\"query-input\":{\"@type\":\"PropertyValueSpecification\",\"valueRequired\":true,\"valueName\":\"search_term_string\"}}],\"inLanguage\":\"it-IT\"},{\"@type\":\"Organization\",\"@id\":\"https:\/\/retina.ch\/it\/#organization\",\"name\":\"Retina Suisse\",\"url\":\"https:\/\/retina.ch\/it\/\",\"logo\":{\"@type\":\"ImageObject\",\"inLanguage\":\"it-IT\",\"@id\":\"https:\/\/retina.ch\/it\/#\/schema\/logo\/image\/\",\"url\":\"https:\/\/retina.ch\/wp-content\/uploads\/2020\/09\/retina-auge-typo.svg\",\"contentUrl\":\"https:\/\/retina.ch\/wp-content\/uploads\/2020\/09\/retina-auge-typo.svg\",\"width\":\"1024\",\"height\":\"1024\",\"caption\":\"Retina Suisse\"},\"image\":{\"@id\":\"https:\/\/retina.ch\/it\/#\/schema\/logo\/image\/\"},\"sameAs\":[\"https:\/\/www.facebook.com\/retinasuisse\/\"]}]}<\/script>\n<!-- \/ Yoast SEO plugin. -->","yoast_head_json":{"title":"Comitato medico-scientifico &#8226; Retina Suisse","robots":{"index":"index","follow":"follow","max-snippet":"max-snippet:-1","max-image-preview":"max-image-preview:large","max-video-preview":"max-video-preview:-1"},"canonical":"https:\/\/retina.ch\/it\/chi-siamo\/comitato-consultivo-medico-scientifico\/","og_locale":"it_IT","og_type":"article","og_title":"Comitato medico-scientifico &#8226; Retina Suisse","og_description":"Co-presidenza Membri","og_url":"https:\/\/retina.ch\/it\/chi-siamo\/comitato-consultivo-medico-scientifico\/","og_site_name":"Retina Suisse","article_publisher":"https:\/\/www.facebook.com\/retinasuisse\/","article_modified_time":"2026-01-22T13:55:55+00:00","twitter_card":"summary_large_image","twitter_misc":{"Tempo di lettura stimato":"1 minuto"},"schema":{"@context":"https:\/\/schema.org","@graph":[{"@type":"WebPage","@id":"https:\/\/retina.ch\/it\/chi-siamo\/comitato-consultivo-medico-scientifico\/","url":"https:\/\/retina.ch\/it\/chi-siamo\/comitato-consultivo-medico-scientifico\/","name":"Comitato medico-scientifico &#8226; Retina Suisse","isPartOf":{"@id":"https:\/\/retina.ch\/it\/#website"},"datePublished":"2020-09-19T17:25:38+00:00","dateModified":"2026-01-22T13:55:55+00:00","breadcrumb":{"@id":"https:\/\/retina.ch\/it\/chi-siamo\/comitato-consultivo-medico-scientifico\/#breadcrumb"},"inLanguage":"it-IT","potentialAction":[{"@type":"ReadAction","target":["https:\/\/retina.ch\/it\/chi-siamo\/comitato-consultivo-medico-scientifico\/"]}]},{"@type":"BreadcrumbList","@id":"https:\/\/retina.ch\/it\/chi-siamo\/comitato-consultivo-medico-scientifico\/#breadcrumb","itemListElement":[{"@type":"ListItem","position":1,"name":"Retina Suisse","item":"https:\/\/retina.ch\/it\/"},{"@type":"ListItem","position":2,"name":"Chi siamo","item":"https:\/\/retina.ch\/it\/chi-siamo\/"},{"@type":"ListItem","position":3,"name":"Comitato medico-scientifico"}]},{"@type":"WebSite","@id":"https:\/\/retina.ch\/it\/#website","url":"https:\/\/retina.ch\/it\/","name":"Retina Suisse","description":"Retina Suisse ist die Vereinigung von Patientinnen und Patienten mit Retinitis pigmentosa (RP), Makuladegeneration, Usher-Syndrom und anderen Erkrankungen des Augenhintergrundes.","publisher":{"@id":"https:\/\/retina.ch\/it\/#organization"},"potentialAction":[{"@type":"SearchAction","target":{"@type":"EntryPoint","urlTemplate":"https:\/\/retina.ch\/it\/?s={search_term_string}"},"query-input":{"@type":"PropertyValueSpecification","valueRequired":true,"valueName":"search_term_string"}}],"inLanguage":"it-IT"},{"@type":"Organization","@id":"https:\/\/retina.ch\/it\/#organization","name":"Retina Suisse","url":"https:\/\/retina.ch\/it\/","logo":{"@type":"ImageObject","inLanguage":"it-IT","@id":"https:\/\/retina.ch\/it\/#\/schema\/logo\/image\/","url":"https:\/\/retina.ch\/wp-content\/uploads\/2020\/09\/retina-auge-typo.svg","contentUrl":"https:\/\/retina.ch\/wp-content\/uploads\/2020\/09\/retina-auge-typo.svg","width":"1024","height":"1024","caption":"Retina Suisse"},"image":{"@id":"https:\/\/retina.ch\/it\/#\/schema\/logo\/image\/"},"sameAs":["https:\/\/www.facebook.com\/retinasuisse\/"]}]}},"_links":{"self":[{"href":"https:\/\/retina.ch\/it\/wp-json\/wp\/v2\/pages\/2900","targetHints":{"allow":["GET"]}}],"collection":[{"href":"https:\/\/retina.ch\/it\/wp-json\/wp\/v2\/pages"}],"about":[{"href":"https:\/\/retina.ch\/it\/wp-json\/wp\/v2\/types\/page"}],"author":[{"embeddable":true,"href":"https:\/\/retina.ch\/it\/wp-json\/wp\/v2\/users\/1"}],"replies":[{"embeddable":true,"href":"https:\/\/retina.ch\/it\/wp-json\/wp\/v2\/comments?post=2900"}],"version-history":[{"count":7,"href":"https:\/\/retina.ch\/it\/wp-json\/wp\/v2\/pages\/2900\/revisions"}],"predecessor-version":[{"id":25068,"href":"https:\/\/retina.ch\/it\/wp-json\/wp\/v2\/pages\/2900\/revisions\/25068"}],"up":[{"embeddable":true,"href":"https:\/\/retina.ch\/it\/wp-json\/wp\/v2\/pages\/2883"}],"wp:attachment":[{"href":"https:\/\/retina.ch\/it\/wp-json\/wp\/v2\/media?parent=2900"}],"curies":[{"name":"wp","href":"https:\/\/api.w.org\/{rel}","templated":true}]}}

<h2 class="wp-block-heading">Co-presidenza</h2>



<ul class="wp-block-list">
<li><strong>Prof. Dr. med. Christina Gerth-Kahlert</strong>, Augenklinik Universitätsspital Zürich</li>



<li><strong>Dr. med. Veronika</strong>&nbsp;<strong>Vacalvik</strong>, Hôpital ophtalmique Jules-Gonin, Lausanne</li>
</ul>



<h2 class="wp-block-heading">Membri</h2>



<ul class="wp-block-list">
<li><strong>Prof. Dr. rer. nat. Wolfgang Berger</strong>, Institut für Medizinische Molekulargenetik, Universität Zürich</li>



<li><strong>PD Dr. med. Johannes Fleischhauer</strong>, Talacker Augen Zentrum Zürich, Zürich</li>



<li><strong>Prof. Dr. phil. nat. Christian Grimm</strong>, Labor für Zellbiologie der Netzhaut, Universitätsspital, Zürich</li>



<li><strong>Prof. Dr. med. Francis Munier</strong>, Hôpital ophtalmique Jules-Gonin, Lausanne</li>



<li><strong>Prof. Dr. phil. Carlo Rivolta,</strong> Institute of Molecular and Clinical Ophthalmology Basel e Universität Basel, Basel</li>



<li><strong>Prof. Dr. med. Hendrik P.N. Scholl,</strong> Pallas Kliniken, Zürich</li>



<li><strong>Prof. Dr. med. Daniel F. Schorderet</strong>, Unilabs, Lausanne</li>



<li><strong><strong>Dr. sc. nat. Andreas Wenzel</strong></strong>, Roche, Basel</li>



<li><strong>Prof. Dr.-Ing. Dr. med. Sebastian Wolf</strong>, Universitätsklinik für Augenheilkunde, Inselspital, Bern</li>
</ul>
